000
CXUS51 KALY 010857
CLMGFL


CLIMATE REPORT
NATIONAL WEATHER SERVICE ALBANY NY
357 AM EST WED MAR 1 2017

...................................

...THE GLENS FALLS NY CLIMATE SUMMARY FOR THE MONTH OF FEBRUARY 2017...

CLIMATE NORMAL PERIOD 1981 TO 2010
CLIMATE RECORD PERIOD 1949 TO 2017

WEATHER         OBSERVED          NORMAL  DEPART  LAST YEAR`S
                 VALUE   DATE(S)  VALUE   FROM    VALUE  DATE(S)
                                          NORMAL
................................................................
TEMPERATURE (F)
HIGHEST            70R  02/25                         56  02/20
LOWEST             -5   02/10                        -14  02/14
AVG. MAXIMUM     41.7              32.8     8.9     36.5
AVG. MINIMUM     19.7               9.8     9.9     16.1
MEAN             30.7              21.3     9.4     26.3
DAYS MAX >= 90      0               0.0     0.0        0
DAYS MAX <= 32      7              12.7    -5.7        8
DAYS MIN <= 32     24              26.9    -2.9       24
DAYS MIN <= 0       1               6.8    -5.8        4

PRECIPITATION (INCHES)
RECORD
 MAXIMUM         6.32   2008
 MINIMUM         0.25   1978
TOTALS           2.51              2.08    0.43     3.73
DAILY AVG.       0.09              0.07    0.02     0.13
DAYS >= .01         8               9.4    -1.4        8
DAYS >= .10         5               5.0     0.0        4
DAYS >= .50         3               1.4     1.6        3
DAYS >= 1.00        0               0.3    -0.3        2
GREATEST
 24 HR. TOTAL    0.96   02/07 TO 02/08

DEGREE_DAYS
HEATING TOTAL     953              1224    -271     1001
 SINCE 7/1       4522              5620   -1098     4180
COOLING TOTAL       0                 0       0        0
 SINCE 1/1          0                 0       0        0

FREEZE DATES
RECORD
 EARLIEST     08/29/1982
 LATEST       06/01/2009
EARLIEST                        09/29
LATEST                          05/13
.................................................................

WIND (MPH)
AVERAGE WIND SPEED              5.8
HIGHEST WIND SPEED/DIRECTION    30/290    DATE  02/25
HIGHEST GUST SPEED/DIRECTION    39/290    DATE  02/25

SKY COVER
AVERAGE SKY COVER           0.60

AVERAGE RH (PERCENT)     63

WEATHER CONDITIONS. NUMBER OF DAYS WITH
THUNDERSTORM              0     MIXED PRECIP               0
HEAVY RAIN                1     RAIN                       1
LIGHT RAIN                4     FREEZING RAIN              1
LT FREEZING RAIN          1     HAIL                       0
HEAVY SNOW                2     SNOW                       2
LIGHT SNOW               12     SLEET                      0
FOG                      10     FOG W/VIS <= 1/4 MILE      3
HAZE                     11

-  INDICATES NEGATIVE NUMBERS.
R  INDICATES RECORD WAS SET OR TIED.
MM INDICATES DATA IS MISSING.
T  INDICATES TRACE AMOUNT.

$$
