000
CXUS51 KALY 010757
CLMGFL


CLIMATE REPORT
NATIONAL WEATHER SERVICE ALBANY NY
354 AM EDT THU OCT 1 2015

...................................

...THE GLENS FALLS NY CLIMATE SUMMARY FOR THE MONTH OF SEPTEMBER 2015...

CLIMATE NORMAL PERIOD 1981 TO 2010
CLIMATE RECORD PERIOD 1949 TO 2015

WEATHER         OBSERVED          NORMAL  DEPART  LAST YEAR`S
                 VALUE   DATE(S)  VALUE   FROM    VALUE  DATE(S)
                                          NORMAL
................................................................
TEMPERATURE (F)
HIGHEST            92   09/07                         86  09/05
LOWEST             37   09/27                         32  09/19
AVG. MAXIMUM     78.1              70.6     7.5     72.7
AVG. MINIMUM     52.6              46.4     6.2     48.0
MEAN             65.3              58.5     6.8     60.3
DAYS MAX >= 90      2               0.1     1.9        0
DAYS MAX <= 32      0               0.0     0.0        0
DAYS MIN <= 32      0               1.3    -1.3        1
DAYS MIN <= 0       0               0.0     0.0        0

PRECIPITATION (INCHES)
RECORD
 MAXIMUM         7.75   1987
 MINIMUM         0.10   1964
TOTALS           4.46              3.38    1.08     1.13
DAILY AVG.       0.15              0.11    0.04     0.04
DAYS >= .01        10               9.3     0.7        6
DAYS >= .10         8               6.2     1.8        3
DAYS >= .50         4               2.2     1.8        1
DAYS >= 1.00        2               0.8     1.2        0
GREATEST
 24 HR. TOTAL    2.58   09/29 TO 09/30

DEGREE_DAYS
HEATING TOTAL      79               219    -140      177
 SINCE 7/1         92               285    -193      192
COOLING TOTAL      97                24      73       47
 SINCE 1/1        596               351     245      385

FREEZE DATES
RECORD
 EARLIEST     08/29/1982
 LATEST       06/01/2009
EARLIEST                        09/29
LATEST                          05/13
.................................................................

WIND (MPH)
AVERAGE WIND SPEED              3.9
HIGHEST WIND SPEED/DIRECTION    26/010    DATE  09/30
HIGHEST GUST SPEED/DIRECTION    35/010    DATE  09/30

SKY COVER
AVERAGE SKY COVER           0.30

AVERAGE RH (PERCENT)     71

WEATHER CONDITIONS. NUMBER OF DAYS WITH
THUNDERSTORM              3     MIXED PRECIP               0
HEAVY RAIN                2     RAIN                       6
LIGHT RAIN               12     FREEZING RAIN              0
LT FREEZING RAIN          0     HAIL                       0
HEAVY SNOW                0     SNOW                       0
LIGHT SNOW                0     SLEET                      0
FOG                      26     FOG W/VIS <= 1/4 MILE     11
HAZE                      7

-  INDICATES NEGATIVE NUMBERS.
R  INDICATES RECORD WAS SET OR TIED.
MM INDICATES DATA IS MISSING.
T  INDICATES TRACE AMOUNT.

$$
