000
CXUS51 KALY 011007
CLMGFL


CLIMATE REPORT
NATIONAL WEATHER SERVICE ALBANY NY
605 AM EDT SAT AUG 1 2015

...................................

...THE GLENS FALLS NY CLIMATE SUMMARY FOR THE MONTH OF JULY 2015...

CLIMATE NORMAL PERIOD 1981 TO 2010
CLIMATE RECORD PERIOD 1949 TO 2015

WEATHER         OBSERVED          NORMAL  DEPART  LAST YEAR`S
                 VALUE   DATE(S)  VALUE   FROM    VALUE  DATE(S)
                                          NORMAL
................................................................
TEMPERATURE (F)
HIGHEST            91   07/29                         91  07/02
LOWEST             49   07/17                         50  07/18
                        07/16
AVG. MAXIMUM     81.5              80.9     0.6     80.8
AVG. MINIMUM     59.1              56.7     2.4     58.8
MEAN             70.3              68.8     1.5     69.8
DAYS MAX >= 90      1               2.1    -1.1        2
DAYS MAX <= 32      0               0.0     0.0        0
DAYS MIN <= 32      0               0.0     0.0        0
DAYS MIN <= 0       0               0.0     0.0        0

PRECIPITATION (INCHES)
RECORD
 MAXIMUM         8.31   1994
 MINIMUM         0.84   1993
TOTALS           2.22              4.09   -1.87     5.70
DAILY AVG.       0.07              0.13   -0.06     0.18
DAYS >= .01        12              11.0     1.0       15
DAYS >= .10         7               6.8     0.2        9
DAYS >= .50         1               2.9    -1.9        4
DAYS >= 1.00        0               1.2    -1.2        2
GREATEST
 24 HR. TOTAL    0.87   07/29 TO 07/30

DEGREE_DAYS
HEATING TOTAL      11                21     -10        1
 SINCE 7/1         11                21     -10        1
COOLING TOTAL     177               139      38      159
 SINCE 1/1        319               220      99      253

FREEZE DATES
RECORD
 EARLIEST     08/29/1982
 LATEST       06/01/2009
EARLIEST                        09/29
LATEST                          05/13
.................................................................

WIND (MPH)
AVERAGE WIND SPEED              4.6
HIGHEST WIND SPEED/DIRECTION    24/200    DATE  07/19
HIGHEST GUST SPEED/DIRECTION    34/210    DATE  07/19

SKY COVER
AVERAGE SKY COVER           0.30

AVERAGE RH (PERCENT)     71

WEATHER CONDITIONS. NUMBER OF DAYS WITH
THUNDERSTORM              8     MIXED PRECIP               0
HEAVY RAIN                4     RAIN                       5
LIGHT RAIN               13     FREEZING RAIN              0
LT FREEZING RAIN          0     HAIL                       0
HEAVY SNOW                0     SNOW                       0
LIGHT SNOW                0     SLEET                      0
FOG                      22     FOG W/VIS <= 1/4 MILE      4
HAZE                      9

-  INDICATES NEGATIVE NUMBERS.
R  INDICATES RECORD WAS SET OR TIED.
MM INDICATES DATA IS MISSING.
T  INDICATES TRACE AMOUNT.

$$
