000
CXUS51 KALY 010917
CLMGFL


CLIMATE REPORT
NATIONAL WEATHER SERVICE ALBANY NY
514 AM EDT WED JUL 1 2015

...................................

...THE GLENS FALLS NY CLIMATE SUMMARY FOR THE MONTH OF JUNE 2015...

CLIMATE NORMAL PERIOD 1981 TO 2010
CLIMATE RECORD PERIOD 1949 TO 2015

WEATHER         OBSERVED          NORMAL  DEPART  LAST YEAR`S
                 VALUE   DATE(S)  VALUE   FROM    VALUE  DATE(S)
                                          NORMAL
................................................................
TEMPERATURE (F)
HIGHEST            87   06/23                         87  06/17
                                                          06/03
LOWEST             37   06/07                         43  06/01
AVG. MAXIMUM     74.4              76.6    -2.2     77.8
AVG. MINIMUM     54.4              52.0     2.4     54.6
MEAN             64.4              64.3     0.1     66.2
DAYS MAX >= 90      0               1.2    -1.2        0
DAYS MAX <= 32      0               0.0     0.0        0
DAYS MIN <= 32      0               0.0     0.0        0
DAYS MIN <= 0       0               0.0     0.0        0

PRECIPITATION (INCHES)
RECORD
 MAXIMUM         8.20   1998
 MINIMUM         0.37   1949
TOTALS           6.22              3.55    2.67     4.40
DAILY AVG.       0.21              0.12    0.09     0.15
DAYS >= .01        17              12.0     5.0       12
DAYS >= .10        11               7.4     3.6        8
DAYS >= .50         5               2.6     2.4        4
DAYS >= 1.00        2               0.6     1.4        1
GREATEST
 24 HR. TOTAL    1.23   05/31 TO 06/01

DEGREE_DAYS
HEATING TOTAL      79                90     -11       32
 SINCE 7/1       7676              7676       0     7929
COOLING TOTAL      66                69      -3       74
 SINCE 1/1        142                81      61       94

FREEZE DATES
RECORD
 EARLIEST     08/29/1982
 LATEST       06/01/2009
EARLIEST      02/01             09/29
LATEST        05/23             05/13
.................................................................

WIND (MPH)
AVERAGE WIND SPEED              5.5
HIGHEST WIND SPEED/DIRECTION    23/260    DATE  06/09
HIGHEST GUST SPEED/DIRECTION    31/290    DATE  06/09

SKY COVER
AVERAGE SKY COVER           0.50

AVERAGE RH (PERCENT)     71

WEATHER CONDITIONS. NUMBER OF DAYS WITH
THUNDERSTORM              4     MIXED PRECIP               0
HEAVY RAIN                7     RAIN                      10
LIGHT RAIN               21     FREEZING RAIN              0
LT FREEZING RAIN          0     HAIL                       0
HEAVY SNOW                0     SNOW                       0
LIGHT SNOW                0     SLEET                      0
FOG                      19     FOG W/VIS <= 1/4 MILE      1
HAZE                      3

-  INDICATES NEGATIVE NUMBERS.
R  INDICATES RECORD WAS SET OR TIED.
MM INDICATES DATA IS MISSING.
T  INDICATES TRACE AMOUNT.

$$
