000
CXUS51 KALY 010828
CLMGFL


CLIMATE REPORT
NATIONAL WEATHER SERVICE ALBANY NY
422 AM EDT THU JUN 1 2017

...................................

...THE GLENS FALLS NY CLIMATE SUMMARY FOR THE MONTH OF MAY 2017...

CLIMATE NORMAL PERIOD 1981 TO 2010
CLIMATE RECORD PERIOD 1949 TO 2017

WEATHER         OBSERVED          NORMAL  DEPART  LAST YEAR`S
                 VALUE   DATE(S)  VALUE   FROM    VALUE  DATE(S)
                                          NORMAL
................................................................
TEMPERATURE (F)
HIGHEST            92   05/18                         90  05/29
                                                          05/28
LOWEST             31   05/04                         30  05/10
AVG. MAXIMUM     66.2              68.1    -1.9     70.0
AVG. MINIMUM     46.0              42.6     3.4     46.5
MEAN             56.1              55.3     0.8     58.3
DAYS MAX >= 90      2               0.1     1.9        2
DAYS MAX <= 32      0               0.0     0.0        0
DAYS MIN <= 32      1               3.1    -2.1        1
DAYS MIN <= 0       0               0.0     0.0        0

PRECIPITATION (INCHES)
RECORD
 MAXIMUM         7.80   1984
 MINIMUM         0.76   1965
TOTALS           5.81              3.61    2.20     3.09
DAILY AVG.       0.19              0.12    0.07     0.10
DAYS >= .01        18              12.6     5.4       10
DAYS >= .10        11               8.0     3.0        7
DAYS >= .50         4               2.5     1.5        3
DAYS >= 1.00        1               0.8     0.2        1
GREATEST
 24 HR. TOTAL    1.05   05/01 TO 05/01

DEGREE_DAYS
HEATING TOTAL     283               310     -27      256
 SINCE 7/1       6317              7586   -1269     5883
COOLING TOTAL      15                11       4       56
 SINCE 1/1         21                12       9       56

FREEZE DATES
RECORD
 EARLIEST     08/29/1982
 LATEST       06/01/2009
EARLIEST      05/04             09/29
LATEST                          05/13
.................................................................

WIND (MPH)
AVERAGE WIND SPEED              5.8
HIGHEST WIND SPEED/DIRECTION    28/300    DATE  05/15
HIGHEST GUST SPEED/DIRECTION    67/300    DATE  05/18

SKY COVER
AVERAGE SKY COVER           0.70

AVERAGE RH (PERCENT)     68

WEATHER CONDITIONS. NUMBER OF DAYS WITH
THUNDERSTORM              2     MIXED PRECIP               0
HEAVY RAIN                3     RAIN                       7
LIGHT RAIN               15     FREEZING RAIN              0
LT FREEZING RAIN          0     HAIL                       0
HEAVY SNOW                0     SNOW                       0
LIGHT SNOW                0     SLEET                      0
FOG                      16     FOG W/VIS <= 1/4 MILE      2
HAZE                      0

-  INDICATES NEGATIVE NUMBERS.
R  INDICATES RECORD WAS SET OR TIED.
MM INDICATES DATA IS MISSING.
T  INDICATES TRACE AMOUNT.

$$
