000
CXUS51 KALY 010631
CLMGFL


CLIMATE REPORT
NATIONAL WEATHER SERVICE ALBANY NY
230 AM EDT TUE JUL 1 2014

...................................

...THE GLENS FALLS NY CLIMATE SUMMARY FOR THE MONTH OF JUNE 2014...

CLIMATE NORMAL PERIOD 1981 TO 2010
CLIMATE RECORD PERIOD 1949 TO 2014

WEATHER         OBSERVED          NORMAL  DEPART  LAST YEAR`S
                 VALUE   DATE(S)  VALUE   FROM    VALUE  DATE(S)
                                          NORMAL
................................................................
TEMPERATURE (F)
HIGHEST            87   06/17                         91  06/24
                        06/03
LOWEST             43   06/01                         41  06/04
AVG. MAXIMUM     77.8              76.6     1.2     76.2
AVG. MINIMUM     54.6              52.0     2.6     53.9
MEAN             66.2              64.3     1.9     65.1
DAYS MAX >= 90      0               1.2    -1.2        2
DAYS MAX <= 32      0               0.0     0.0        0
DAYS MIN <= 32      0               0.0     0.0        0
DAYS MIN <= 0       0               0.0     0.0        0

PRECIPITATION (INCHES)
RECORD
 MAXIMUM         8.20   1998
 MINIMUM         0.37   1949
TOTALS           4.40              3.55    0.85     5.69
DAILY AVG.       0.15              0.12    0.03     0.19
DAYS >= .01        12              12.0     0.0       19
DAYS >= .10         8               7.4     0.6        9
DAYS >= .50         4               2.6     1.4        5
DAYS >= 1.00        1               0.6     0.4        1
GREATEST
 24 HR. TOTAL    1.44   06/13 TO 06/14

DEGREE_DAYS
HEATING TOTAL      32                90     -58       89
 SINCE 7/1       7929              7676     253     7025
COOLING TOTAL      74                69       5      100
 SINCE 1/1         94                81      13      133

FREEZE DATES
RECORD
 EARLIEST     08/29/1982
 LATEST       06/01/2009
EARLIEST                        09/29
LATEST                          05/13
.................................................................

WIND (MPH)
AVERAGE WIND SPEED              4.5
HIGHEST WIND SPEED/DIRECTION    36/300    DATE  06/17
HIGHEST GUST SPEED/DIRECTION    44/300    DATE  06/17

SKY COVER
AVERAGE SKY COVER           0.40

AVERAGE RH (PERCENT)     73

WEATHER CONDITIONS. NUMBER OF DAYS WITH
THUNDERSTORM              0     MIXED PRECIP               0
HEAVY RAIN                6     RAIN                       7
LIGHT RAIN               11     FREEZING RAIN              0
LT FREEZING RAIN          0     HAIL                       0
HEAVY SNOW                0     SNOW                       0
LIGHT SNOW                0     SLEET                      0
FOG                      22     FOG W/VIS <= 1/4 MILE      1
HAZE                      1

-  INDICATES NEGATIVE NUMBERS.
R  INDICATES RECORD WAS SET OR TIED.
MM INDICATES DATA IS MISSING.
T  INDICATES TRACE AMOUNT.

$$
