000
CXUS51 KALY 010820
CLMGFL


CLIMATE REPORT
NATIONAL WEATHER SERVICE ALBANY NY
416 AM EDT MON MAY 1 2017

...................................

...THE GLENS FALLS NY CLIMATE SUMMARY FOR THE MONTH OF APRIL 2017...

CLIMATE NORMAL PERIOD 1981 TO 2010
CLIMATE RECORD PERIOD 1949 TO 2017

WEATHER         OBSERVED          NORMAL  DEPART  LAST YEAR`S
                 VALUE   DATE(S)  VALUE   FROM    VALUE  DATE(S)
                                          NORMAL
................................................................
TEMPERATURE (F)
HIGHEST            85   04/16                         76  04/21
                        04/11
LOWEST             25   04/09                          7  04/05
AVG. MAXIMUM     61.5              56.7     4.8     55.6
AVG. MINIMUM     38.6              32.5     6.1     31.7
MEAN             50.1              44.6     5.5     43.6
DAYS MAX >= 90      0               0.1    -0.1        0
DAYS MAX <= 32      0               0.2    -0.2        1
DAYS MIN <= 32      9              14.8    -5.8       17
DAYS MIN <= 0       0               0.0     0.0        0

PRECIPITATION (INCHES)
RECORD
 MAXIMUM         6.46   1983
 MINIMUM         0.58   1999
TOTALS           3.30              3.00    0.30     1.46
DAILY AVG.       0.11              0.10    0.01     0.05
DAYS >= .01        15              11.3     3.7       11
DAYS >= .10         4               6.9    -2.9        5
DAYS >= .50         3               2.0     1.0        0
DAYS >= 1.00        1               0.6     0.4        0
GREATEST
 24 HR. TOTAL    1.36   04/04 TO 04/04

DEGREE_DAYS
HEATING TOTAL     444               613    -169      633
 SINCE 7/1       6034              7276   -1242     5627
COOLING TOTAL       6                 1       5        0
 SINCE 1/1          6                 1       5        0

FREEZE DATES
RECORD
 EARLIEST     08/29/1982
 LATEST       06/01/2009
EARLIEST                        09/29
LATEST                          05/13
.................................................................

WIND (MPH)
AVERAGE WIND SPEED              6.5
HIGHEST WIND SPEED/DIRECTION    29/300    DATE  04/11
HIGHEST GUST SPEED/DIRECTION    43/280    DATE  04/11

SKY COVER
AVERAGE SKY COVER           0.60

AVERAGE RH (PERCENT)     64

WEATHER CONDITIONS. NUMBER OF DAYS WITH
THUNDERSTORM              0     MIXED PRECIP               0
HEAVY RAIN                0     RAIN                       3
LIGHT RAIN               17     FREEZING RAIN              0
LT FREEZING RAIN          0     HAIL                       0
HEAVY SNOW                0     SNOW                       0
LIGHT SNOW                1     SLEET                      0
FOG                      14     FOG W/VIS <= 1/4 MILE      1
HAZE                      1

-  INDICATES NEGATIVE NUMBERS.
R  INDICATES RECORD WAS SET OR TIED.
MM INDICATES DATA IS MISSING.
T  INDICATES TRACE AMOUNT.

$$
