914
CXUS51 KALY 010813
CLMGFL


CLIMATE REPORT
NATIONAL WEATHER SERVICE ALBANY NY
408 AM EDT TUE NOV 1 2016

...................................

...THE GLENS FALLS NY CLIMATE SUMMARY FOR THE MONTH OF OCTOBER 2016...

CLIMATE NORMAL PERIOD 1981 TO 2010
CLIMATE RECORD PERIOD 1949 TO 2016

WEATHER         OBSERVED          NORMAL  DEPART  LAST YEAR`S
                 VALUE   DATE(S)  VALUE   FROM    VALUE  DATE(S)
                                          NORMAL
................................................................
TEMPERATURE (F)
HIGHEST            84   10/18                         73  10/12
LOWEST             25   10/27                         20  10/19
                        10/15
AVG. MAXIMUM     60.7              58.2     2.5     58.2
AVG. MINIMUM     39.2              35.1     4.1     36.3
MEAN             50.0              46.7     3.3     47.3
DAYS MAX >= 90      0               0.0     0.0        0
DAYS MAX <= 32      0               0.0     0.0        0
DAYS MIN <= 32      8              12.2    -4.2       11
DAYS MIN <= 0       0               0.0     0.0        0

PRECIPITATION (INCHES)
RECORD
 MAXIMUM         8.49   2005
 MINIMUM            T   1963
TOTALS           2.94              3.51   -0.57     3.94
DAILY AVG.       0.09              0.11   -0.02     0.13
DAYS >= .01        12              10.8     1.2        9
DAYS >= .10         6               6.7    -0.7        5
DAYS >= .50         2               2.4    -0.4        2
DAYS >= 1.00        0               0.6    -0.6        1
GREATEST
 24 HR. TOTAL    0.94   10/27 TO 10/28

DEGREE_DAYS
HEATING TOTAL     459               570    -111      541
 SINCE 7/1        568               855    -287      633
COOLING TOTAL       3                 1       2        0
 SINCE 1/1        643               352     291      596

FREEZE DATES
RECORD
 EARLIEST     08/29/1982
 LATEST       06/01/2009
EARLIEST                        09/29
LATEST                          05/13
.................................................................

WIND (MPH)
AVERAGE WIND SPEED              4.7
HIGHEST WIND SPEED/DIRECTION    28/290    DATE  10/23
HIGHEST GUST SPEED/DIRECTION    39/290    DATE  10/23

SKY COVER
AVERAGE SKY COVER           0.60

AVERAGE RH (PERCENT)     71

WEATHER CONDITIONS. NUMBER OF DAYS WITH
THUNDERSTORM              0     MIXED PRECIP               0
HEAVY RAIN                1     RAIN                       5
LIGHT RAIN               16     FREEZING RAIN              0
LT FREEZING RAIN          0     HAIL                       0
HEAVY SNOW                0     SNOW                       1
LIGHT SNOW                1     SLEET                      0
FOG                      24     FOG W/VIS <= 1/4 MILE     11
HAZE                      5

-  INDICATES NEGATIVE NUMBERS.
R  INDICATES RECORD WAS SET OR TIED.
MM INDICATES DATA IS MISSING.
T  INDICATES TRACE AMOUNT.

$$
