000
CXUS51 KALY 010908
CLSGFL

ALBCLMGFL 000
TTAA00 KALY 010851


CLIMATE REPORT
NATIONAL WEATHER SERVICE ALBANY NY
508 AM EDT SAT SEP 1 2012

...................................

...THE GLENS FALLS NY CLIMATE SUMMARY FOR THE SEASON, FROM
6/1/2012 TO 8/31/2012...

CLIMATE NORMAL PERIOD 1981 TO 2010
CLIMATE RECORD PERIOD 1944 TO 2012

WEATHER         OBSERVED          NORMAL  DEPART
                 VALUE   DATE(S)  VALUE   FROM
                                          NORMAL
................................................
TEMPERATURE (F)
HIGHEST            96   07/17
                        06/21
LOWEST             43   08/30
AVG. MAXIMUM     81.2              78.8     2.4
AVG. MINIMUM     56.4              54.6     1.8
MEAN             68.8              66.7     2.1
DAYS MAX >= 90      8               4.3     3.7
DAYS MAX <= 32      0               0.0     0.0
DAYS MIN <= 32      0               0.1    -0.1
DAYS MIN <= 0       0               0.0     0.0

PRECIPITATION (INCHES)
TOTALS           8.45             11.32   -2.87
DAILY AVG.       0.09              0.12   -0.03
DAYS >= .01        35              33.9     1.1
DAYS >= .10        23              21.1     1.9
DAYS >= .50         5               7.9    -2.9
DAYS >= 1.00        1               2.7    -1.7

DEGREE_DAYS
HEATING TOTAL      83               157     -74
 SINCE 7/1         15                66     -51
COOLING TOTAL     464               315     149
 SINCE 1/1        508               327     181
.................................................

WIND (MPH)
AVERAGE WIND SPEED              4.0
HIGHEST WIND SPEED/DIRECTION    29/350    DATE  07/01
HIGHEST GUST SPEED/DIRECTION    39/030    DATE  07/15


WEATHER CONDITIONS. NUMBER OF DAYS WITH
THUNDERSTORM              0     MIXED PRECIP               0
HEAVY RAIN               15     RAIN                      14
LIGHT RAIN               42     FREEZING RAIN              0
LT FREEZING RAIN          0     HAIL                       0
HEAVY SNOW                0     SNOW                       0
LIGHT SNOW                0     SLEET                      0
FOG                      80     FOG W/VIS <= 1/4 MILE     27
HAZE                     14

-  INDICATES NEGATIVE NUMBERS.
R  INDICATES RECORD WAS SET OR TIED.
MM INDICATES DATA IS MISSING.
T  INDICATES TRACE AMOUNT.

$$
