000
CXUS51 KALY 031402
CLSGFL

CLIMATE REPORT
NATIONAL WEATHER SERVICE ALBANY NY
852 AM EST MON DEC 3 2012

...................................

...THE GLENS FALLS NY CLIMATE SUMMARY FOR THE SEASON, FROM
9/1/2012 TO 11/30/2012...

CLIMATE NORMAL PERIOD 1981 TO 2010
CLIMATE RECORD PERIOD 1944 TO 2012

WEATHER         OBSERVED          NORMAL  DEPART
                 VALUE   DATE(S)  VALUE   FROM
                                          NORMAL
................................................
TEMPERATURE (F)
HIGHEST            83   09/07
LOWEST             17   11/30
                        11/18
                        11/19
AVG. MAXIMUM     58.9              58.4     0.5
AVG. MINIMUM     37.8              36.3     1.5
MEAN             48.4              47.3     1.1
DAYS MAX >= 90      0               0.1    -0.1
DAYS MAX <= 32      1               1.6    -0.6
DAYS MIN <= 32     30              34.9    -4.9
DAYS MIN <= 0       0               0.0     0.0

PRECIPITATION (INCHES)
TOTALS          10.49             10.20    0.29
DAILY AVG.       0.12              0.11    0.01
DAYS >= .01        35              31.5     3.5
DAYS >= .10        17              19.5    -2.5
DAYS >= .50         4               7.1    -3.1
DAYS >= 1.00        2               1.9     0.1

DEGREE_DAYS
HEATING TOTAL    1508              1632    -124
 SINCE 7/1       1523              1698    -175
COOLING TOTAL      25                25       0
 SINCE 1/1        533               352     181
.................................................

WIND (MPH)
AVERAGE WIND SPEED              4.3
HIGHEST WIND SPEED/DIRECTION    33/020    DATE  10/29
HIGHEST GUST SPEED/DIRECTION    43/020    DATE  10/29


WEATHER CONDITIONS. NUMBER OF DAYS WITH
THUNDERSTORM              0     MIXED PRECIP               0
HEAVY RAIN                7     RAIN                      14
LIGHT RAIN               37     FREEZING RAIN              0
LT FREEZING RAIN          0     HAIL                       0
HEAVY SNOW                0     SNOW                       0
LIGHT SNOW                3     SLEET                      0
FOG                      72     FOG W/VIS <= 1/4 MILE     22
HAZE                      8

-  INDICATES NEGATIVE NUMBERS.
R  INDICATES RECORD WAS SET OR TIED.
MM INDICATES DATA IS MISSING.
T  INDICATES TRACE AMOUNT.

$$
