000
CXUS51 KALY 011625
CLSGFL

CLIMATE REPORT
NATIONAL WEATHER SERVICE ALBANY NY
1124 AM EST THU MAR 1 2012

...................................

...THE GLENS FALLS NY CLIMATE SUMMARY FOR THE SEASON, FROM
12/1/2011 TO 2/29/2012...

CLIMATE NORMAL PERIOD 1981 TO 2010
CLIMATE RECORD PERIOD 1944 TO 2012

WEATHER         OBSERVED          NORMAL  DEPART
                 VALUE   DATE(S)  VALUE   FROM
                                          NORMAL
................................................
TEMPERATURE (F)
HIGHEST            53   02/01
                        12/05
LOWEST             -6   01/22
AVG. MAXIMUM     37.7              31.8     5.9
AVG. MINIMUM     19.8              11.1     8.7
MEAN             28.8              21.4     7.4
DAYS MAX >= 90      0               0.0     0.0
DAYS MAX <= 32     21              44.0   -23.0
DAYS MIN <= 32     85              86.0    -1.0
DAYS MIN <= 0       4              19.6   -15.6

PRECIPITATION (INCHES)
TOTALS           5.57              7.99   -2.42
DAILY AVG.       0.06              0.09   -0.03
DAYS >= .01        27              32.3    -5.3
DAYS >= .10        13              17.1    -4.1
DAYS >= .50         3               5.2    -2.2
DAYS >= 1.00        0               1.5    -1.5

DEGREE_DAYS
HEATING TOTAL    3281              3922    -641
 SINCE 7/1       4520              5660   -1140
COOLING TOTAL       0                 0       0
 SINCE 1/1          0                 0       0
.................................................

WIND (MPH)
AVERAGE WIND SPEED              4.9
HIGHEST WIND SPEED/DIRECTION    29/250    DATE  01/18
HIGHEST GUST SPEED/DIRECTION    49/240    DATE  01/18


WEATHER CONDITIONS. NUMBER OF DAYS WITH
THUNDERSTORM              0     MIXED PRECIP               0
HEAVY RAIN                1     RAIN                       6
LIGHT RAIN               22     FREEZING RAIN              1
LT FREEZING RAIN          2     HAIL                       0
HEAVY SNOW                0     SNOW                       4
LIGHT SNOW               26     SLEET                      1
FOG                      50     FOG W/VIS <= 1/4 MILE      9
HAZE                     18

-  INDICATES NEGATIVE NUMBERS.
R  INDICATES RECORD WAS SET OR TIED.
MM INDICATES DATA IS MISSING.
T  INDICATES TRACE AMOUNT.

$$
