000
CXUS51 KALY 021805
CLSGFL

CLIMATE REPORT
NATIONAL WEATHER SERVICE ALBANY NY
204 PM EDT TUE JUN 2 2015

...................................

...THE GLENS FALLS NY CLIMATE SUMMARY FOR THE SEASON, FROM
3/1/2015 TO 5/31/2015...

CLIMATE NORMAL PERIOD 1981 TO 2010
CLIMATE RECORD PERIOD 1949 TO 2015

WEATHER         OBSERVED          NORMAL  DEPART  LAST YEAR`S
                 VALUE   DATE(S)  VALUE   FROM    VALUE  DATE(S)
                                          NORMAL
................................................................
TEMPERATURE (F)
HIGHEST            88   05/08                         87  05/12
LOWEST            -15   03/06                        -15  03/04
AVG. MAXIMUM     56.9              55.7     1.2     54.4
AVG. MINIMUM     32.7              31.8     0.9     29.4
MEAN             44.8              43.7     1.1     41.9
DAYS MAX >= 90      0               0.2    -0.2        0
DAYS MAX <= 32      9               4.6     4.4       11
DAYS MIN <= 32     46              44.9     1.1       45
DAYS MIN <= 0       5               1.8     3.2        8

PRECIPITATION (INCHES)
RECORD
 MAXIMUM        17.77   1983
 MINIMUM         4.12   1964
TOTALS           5.26              9.55   -4.29     8.58
DAILY AVG.       0.06              0.10   -0.04     0.09
DAYS >= .01        25              34.6    -9.6       36
DAYS >= .10        12              21.3    -9.3       20
DAYS >= .50         4               6.4    -2.4        4
DAYS >= 1.00        0               1.9    -1.9        1
GREATEST
 24 HR. TOTAL    0.84   05/30 TO 05/31

DEGREE_DAYS
HEATING TOTAL    1916              1967     -51
 SINCE 7/1       7597              7586      11
COOLING TOTAL      76                13      63
 SINCE 1/1         76                12      64

FREEZE DATES
RECORD
 EARLIEST     08/29/1982
 LATEST       06/01/2009
EARLIEST                        09/29
LATEST                          05/13
.................................................................

WIND (MPH)
AVERAGE WIND SPEED              6.8
HIGHEST WIND SPEED/DIRECTION    33/330    DATE  03/17
HIGHEST GUST SPEED/DIRECTION    46/330    DATE  03/17


WEATHER CONDITIONS. NUMBER OF DAYS WITH
THUNDERSTORM              5     MIXED PRECIP               0
HEAVY RAIN                5     RAIN                      11
LIGHT RAIN               27     FREEZING RAIN              0
LT FREEZING RAIN          0     HAIL                       0
HEAVY SNOW                0     SNOW                       1
LIGHT SNOW               12     SLEET                      0
FOG                      38     FOG W/VIS <= 1/4 MILE      6
HAZE                     11

-  INDICATES NEGATIVE NUMBERS.
R  INDICATES RECORD WAS SET OR TIED.
MM INDICATES DATA IS MISSING.
T  INDICATES TRACE AMOUNT.

$$
