000
CXUS51 KALY 010649 RRA
CLSGFL

CLIMATE REPORT - SEASONAL
NATIONAL WEATHER SERVICE ALBANY NY
245 AM EDT FRI SEP 1 2017

...................................

...THE GLENS FALLS NY CLIMATE SUMMARY FOR THE SEASON, FROM
6/1/2017 TO 8/31/2017...

CLIMATE NORMAL PERIOD 1981 TO 2010
CLIMATE RECORD PERIOD 1949 TO 2017

WEATHER         OBSERVED          NORMAL  DEPART  LAST YEAR`S
                 VALUE   DATE(S)  VALUE   FROM    VALUE  DATE(S)
                                          NORMAL
................................................................
TEMPERATURE (F)
HIGHEST            92   06/12                         93  07/22
LOWEST             38   06/03                         43  06/14
AVG. MAXIMUM     77.9              78.8    -0.9     81.9
AVG. MINIMUM     54.5              54.6    -0.1     57.9
MEAN             66.2              66.7    -0.5     69.9
DAYS MAX >= 90      2               4.3    -2.3        8
DAYS MAX <= 32      0               0.0     0.0        0
DAYS MIN <= 32      0               0.1    -0.1        0
DAYS MIN <= 0       0               0.0     0.0        0

PRECIPITATION (INCHES)
RECORD
 MAXIMUM        17.17   1994
 MINIMUM         5.36   1964
TOTALS          10.79             11.32   -0.53     9.54
DAILY AVG.       0.12              0.12    0.00     0.10
DAYS >= .01        35              33.9     1.1       31
DAYS >= .10        15              21.1    -6.1       19
DAYS >= .50         8               7.9     0.1        7
DAYS >= 1.00        1               2.7    -1.7        2
GREATEST
 24 HR. TOTAL    3.30   07/01 TO 07/01

DEGREE_DAYS
HEATING TOTAL     160               157       3
 SINCE 7/1         67                66       1
COOLING TOTAL     293               315     -22
 SINCE 1/1        314               327     -13

FREEZE DATES
RECORD
 EARLIEST     08/29/1982
 LATEST       06/01/2009
EARLIEST                        09/29
LATEST                          05/13
.................................................................

WIND (MPH)
AVERAGE WIND SPEED              4.6
HIGHEST WIND SPEED/DIRECTION    25/320    DATE  08/31
HIGHEST GUST SPEED/DIRECTION    36/230    DATE  06/27


WEATHER CONDITIONS. NUMBER OF DAYS WITH
THUNDERSTORM              M     MIXED PRECIP               0
HEAVY RAIN                9     RAIN                      13
LIGHT RAIN               41     FREEZING RAIN              0
LT FREEZING RAIN          0     HAIL                       0
HEAVY SNOW                0     SNOW                       0
LIGHT SNOW                0     SLEET                      0
FOG                      81     FOG W/VIS <= 1/4 MILE     31
HAZE                     20

-  INDICATES NEGATIVE NUMBERS.
R  INDICATES RECORD WAS SET OR TIED.
MM INDICATES DATA IS MISSING.
T  INDICATES TRACE AMOUNT.

$$
