000
CXUS51 KALY 031326
CLSGFL

CLIMATE REPORT
NATIONAL WEATHER SERVICE ALBANY NY
816 AM EST TUE DEC 3 2013

...................................

...THE GLENS FALLS NY CLIMATE SUMMARY FOR THE SEASON, FROM
9/1/2013 TO 11/30/2013...

CLIMATE NORMAL PERIOD 1981 TO 2010
CLIMATE RECORD PERIOD 1949 TO 2013

WEATHER         OBSERVED          NORMAL  DEPART  LAST YEAR`S
                 VALUE   DATE(S)  VALUE   FROM    VALUE  DATE(S)
                                          NORMAL
................................................................
TEMPERATURE (F)
HIGHEST            91   09/11                         83  09/07
LOWEST              6R  11/25                         17  11/30
                                                          11/18
                                                          11/19
AVG. MAXIMUM     58.9              58.4     0.5     58.9
AVG. MINIMUM     35.4              36.3    -0.9     37.8
MEAN             47.2              47.3    -0.1     48.4
DAYS MAX >= 90      1               0.1     0.9        0
DAYS MAX <= 32      4               1.6     2.4        1
DAYS MIN <= 32     35              34.9     0.1       30
DAYS MIN <= 0       0               0.0     0.0        0

PRECIPITATION (INCHES)
RECORD
 MAXIMUM        16.60   2005
 MINIMUM         1.86   1964
TOTALS           7.57             10.20   -2.63    10.49
DAILY AVG.       0.08              0.11   -0.03     0.12
DAYS >= .01        25              31.5    -6.5       35
DAYS >= .10        17              19.5    -2.5       17
DAYS >= .50         5               7.1    -2.1        4
DAYS >= 1.00        2               1.9     0.1        2
GREATEST
 24 HR. TOTAL    1.35   11/26 TO 11/27

DEGREE_DAYS
HEATING TOTAL    1641              1632       9
 SINCE 7/1       1679              1698     -19
COOLING TOTAL      43                25      18
 SINCE 1/1        537               352     185

FREEZE DATES
RECORD
 EARLIEST     08/29/1982
 LATEST       06/01/2009
EARLIEST                        09/29
LATEST                          05/13
.................................................................

WIND (MPH)
AVERAGE WIND SPEED              4.5
HIGHEST WIND SPEED/DIRECTION    36/190    DATE  10/07
HIGHEST GUST SPEED/DIRECTION    48/190    DATE  10/07


WEATHER CONDITIONS. NUMBER OF DAYS WITH
THUNDERSTORM              5     MIXED PRECIP               0
HEAVY RAIN                9     RAIN                      13
LIGHT RAIN               31     FREEZING RAIN              0
LT FREEZING RAIN          1     HAIL                       0
HEAVY SNOW                0     SNOW                       0
LIGHT SNOW                4     SLEET                      0
FOG                      60     FOG W/VIS <= 1/4 MILE     19
HAZE                     11

-  INDICATES NEGATIVE NUMBERS.
R  INDICATES RECORD WAS SET OR TIED.
MM INDICATES DATA IS MISSING.
T  INDICATES TRACE AMOUNT.

$$
