000
CXUS51 KALY 021310
CLSGFL

ALBCLMGFL 000
TTAA00 KALY 011306


CLIMATE REPORT
NATIONAL WEATHER SERVICE ALBANY NY
805 AM EST SUN MAR 1 2015

...................................

...THE GLENS FALLS NY CLIMATE SUMMARY FOR THE SEASON, FROM
12/1/2014 TO 2/28/2015...

CLIMATE NORMAL PERIOD 1981 TO 2010
CLIMATE RECORD PERIOD 1949 TO 2015

WEATHER         OBSERVED          NORMAL  DEPART  LAST YEAR`S
                 VALUE   DATE(S)  VALUE   FROM    VALUE  DATE(S)
                                          NORMAL
................................................................
TEMPERATURE (F)
HIGHEST            50   12/25                         53  12/05
LOWEST            -27   02/03                        -25  01/04
                                                          01/03
AVG. MAXIMUM     27.9              31.8    -3.9     29.3
AVG. MINIMUM      7.2              11.1    -3.9      9.1
MEAN             17.6              21.4    -3.8     19.2
DAYS MAX >= 90      0               0.0     0.0        0
DAYS MAX <= 32     60              44.0    16.0       53
DAYS MIN <= 32     87              86.0     1.0       89
DAYS MIN <= 0      32              19.6    12.4       28

PRECIPITATION (INCHES)
RECORD
 MAXIMUM        13.30   1949
 MINIMUM         3.23   1980
TOTALS           6.13              7.99   -1.86     6.92
DAILY AVG.       0.07              0.09   -0.02     0.08
DAYS >= .01        28              32.3    -4.3       31
DAYS >= .10        13              17.1    -4.1       14
DAYS >= .50         5               5.2    -0.2        4
DAYS >= 1.00        0               1.5    -1.5        0
GREATEST
 24 HR. TOTAL    0.93   MM

DEGREE_DAYS
HEATING TOTAL    4220              3922     298
 SINCE 7/1       5681              5620      61
COOLING TOTAL       0                 0       0
 SINCE 1/1          0                 0       0

FREEZE DATES
RECORD
 EARLIEST     08/29/1982
 LATEST       06/01/2009
EARLIEST                        09/29
LATEST                          05/13
.................................................................

WIND (MPH)
AVERAGE WIND SPEED              5.7
HIGHEST WIND SPEED/DIRECTION    29/310    DATE  02/15
HIGHEST GUST SPEED/DIRECTION    38/270    DATE  01/07


WEATHER CONDITIONS. NUMBER OF DAYS WITH
THUNDERSTORM              0     MIXED PRECIP               0
HEAVY RAIN                0     RAIN                       4
LIGHT RAIN               13     FREEZING RAIN              4
LT FREEZING RAIN          6     HAIL                       0
HEAVY SNOW                3     SNOW                      12
LIGHT SNOW               38     SLEET                      0
FOG                      50     FOG W/VIS <= 1/4 MILE      8
HAZE                     39

-  INDICATES NEGATIVE NUMBERS.
R  INDICATES RECORD WAS SET OR TIED.
MM INDICATES DATA IS MISSING.
T  INDICATES TRACE AMOUNT.

$$
