486
CXUS51 KALY 011355 RRA
CLSGFL

ALBCLMGFL 000
TTAA00 KALY 011354


CLIMATE REPORT
NATIONAL WEATHER SERVICE ALBANY NY
950 AM EDT THU JUN 1 2017

...................................

...THE GLENS FALLS NY CLIMATE SUMMARY FOR THE SEASON, FROM
3/1/2017 TO 5/31/2017...

CLIMATE NORMAL PERIOD 1981 TO 2010
CLIMATE RECORD PERIOD 1949 TO 2017

WEATHER         OBSERVED          NORMAL  DEPART  LAST YEAR`S
                 VALUE   DATE(S)  VALUE   FROM    VALUE  DATE(S)
                                          NORMAL
................................................................
TEMPERATURE (F)
HIGHEST            92   05/18                         90  05/29
                                                          05/28
LOWEST              2   03/12                          7  04/05
AVG. MAXIMUM     55.7              55.7     0.0     58.2
AVG. MINIMUM     34.6              31.8     2.8     35.4
MEAN             45.1              43.7     1.4     46.8
DAYS MAX >= 90      2               0.2     1.8        2
DAYS MAX <= 32      6               4.6     1.4        3
DAYS MIN <= 32     36              44.9    -8.9       41
DAYS MIN <= 0       0               1.8    -1.8        0

PRECIPITATION (INCHES)
RECORD
 MAXIMUM        17.77   1983
 MINIMUM         4.12   1964
TOTALS          11.65              9.55    2.10     6.83
DAILY AVG.       0.13              0.10    0.03     0.07
DAYS >= .01        44              34.6     9.4       31
DAYS >= .10        20              21.3    -1.3       18
DAYS >= .50         9               6.4     2.6        3
DAYS >= 1.00        2               1.9     0.1        1
GREATEST
 24 HR. TOTAL    1.36   04/04 TO 04/04

DEGREE_DAYS
HEATING TOTAL    1795              1967    -172
 SINCE 7/1       6317              7586   -1269
COOLING TOTAL      21                13       8
 SINCE 1/1         21                12       9

FREEZE DATES
RECORD
 EARLIEST     08/29/1982
 LATEST       06/01/2009
EARLIEST                        09/29
LATEST                          05/13
.................................................................

WIND (MPH)
AVERAGE WIND SPEED              6.3
HIGHEST WIND SPEED/DIRECTION    30/250    DATE  03/02
HIGHEST GUST SPEED/DIRECTION    67/300    DATE  05/18


WEATHER CONDITIONS. NUMBER OF DAYS WITH
THUNDERSTORM              2     MIXED PRECIP               0
HEAVY RAIN                3     RAIN                      12
LIGHT RAIN               44     FREEZING RAIN              1
LT FREEZING RAIN          1     HAIL                       0
HEAVY SNOW                3     SNOW                       2
LIGHT SNOW               10     SLEET                      0
FOG                      41     FOG W/VIS <= 1/4 MILE      7
HAZE                     13

-  INDICATES NEGATIVE NUMBERS.
R  INDICATES RECORD WAS SET OR TIED.
MM INDICATES DATA IS MISSING.
T  INDICATES TRACE AMOUNT.

$$
