000
CXUS51 KALY 010723
CLSGFL

CLIMATE REPORT
NATIONAL WEATHER SERVICE ALBANY NY
322 AM EDT SUN SEP 1 2013

...................................

...THE GLENS FALLS NY CLIMATE SUMMARY FOR THE SEASON, FROM
6/1/2013 TO 8/31/2013...

CLIMATE NORMAL PERIOD 1981 TO 2010
CLIMATE RECORD PERIOD 1944 TO 2013

WEATHER         OBSERVED          NORMAL  DEPART
                 VALUE   DATE(S)  VALUE   FROM
                                          NORMAL
................................................
TEMPERATURE (F)
HIGHEST            94   07/19
                        07/18
LOWEST             41   06/04
AVG. MAXIMUM     79.5              78.8     0.7
AVG. MINIMUM     57.1              54.6     2.5
MEAN             68.3              66.7     1.6
DAYS MAX >= 90      8               4.3     3.7
DAYS MAX <= 32      0               0.0     0.0
DAYS MIN <= 32      0               0.1    -0.1
DAYS MIN <= 0       0               0.0     0.0

PRECIPITATION (INCHES)
TOTALS          13.34             11.32    2.02
DAILY AVG.       0.14              0.12    0.02
DAYS >= .01        44              33.9    10.1
DAYS >= .10        24              21.1     2.9
DAYS >= .50        10               7.9     2.1
DAYS >= 1.00        3               2.7     0.3

DEGREE_DAYS
HEATING TOTAL     127               157     -30
 SINCE 7/1         38                66     -28
COOLING TOTAL     461               315     146
 SINCE 1/1        494               327     167
.................................................

WIND (MPH)
AVERAGE WIND SPEED              4.2
HIGHEST WIND SPEED/DIRECTION    25/210    DATE  08/08
HIGHEST GUST SPEED/DIRECTION    39/320    DATE  06/12


WEATHER CONDITIONS. NUMBER OF DAYS WITH
THUNDERSTORM             16     MIXED PRECIP               0
HEAVY RAIN               14     RAIN                      24
LIGHT RAIN               45     FREEZING RAIN              0
LT FREEZING RAIN          0     HAIL                       0
HEAVY SNOW                0     SNOW                       0
LIGHT SNOW                0     SLEET                      0
FOG                      86     FOG W/VIS <= 1/4 MILE     34
HAZE                     22

-  INDICATES NEGATIVE NUMBERS.
R  INDICATES RECORD WAS SET OR TIED.
MM INDICATES DATA IS MISSING.
T  INDICATES TRACE AMOUNT.

$$
