000
CXUS51 KALY 011344
CLSGFL

ALBCLMGFL 000
TTAA00 KALY 011343


CLIMATE REPORT
NATIONAL WEATHER SERVICE ALBANY NY
942 AM EDT FRI JUN 1 2012

...................................

...THE GLENS FALLS NY CLIMATE SUMMARY FOR THE SEASON, FROM
3/1/2012 TO 5/31/2012...

CLIMATE NORMAL PERIOD 1981 TO 2010
CLIMATE RECORD PERIOD 1944 TO 2012

WEATHER         OBSERVED          NORMAL  DEPART
                 VALUE   DATE(S)  VALUE   FROM
                                          NORMAL
................................................
TEMPERATURE (F)
HIGHEST            88   05/29
LOWEST              6   03/06
AVG. MAXIMUM     61.4              55.7     5.7
AVG. MINIMUM     37.0              31.8     5.2
MEAN             49.2              43.7     5.5
DAYS MAX >= 90      0               0.2    -0.2
DAYS MAX <= 32      2               4.6    -2.6
DAYS MIN <= 32     38              44.9    -6.9
DAYS MIN <= 0       0               1.8    -1.8

PRECIPITATION (INCHES)
TOTALS           9.49              9.55   -0.06
DAILY AVG.       0.10              0.10    0.00
DAYS >= .01        36              34.6     1.4
DAYS >= .10        22              21.3     0.7
DAYS >= .50         6               6.4    -0.4
DAYS >= 1.00        3               1.9     1.1

DEGREE_DAYS
HEATING TOTAL    1469              1967    -498
 SINCE 7/1       5989              7586   -1597
COOLING TOTAL      44                13      31
 SINCE 1/1         44                12      32
.................................................

WIND (MPH)
AVERAGE WIND SPEED              5.7
HIGHEST WIND SPEED/DIRECTION    37/300    DATE  05/16
HIGHEST GUST SPEED/DIRECTION    48/320    DATE  05/16


WEATHER CONDITIONS. NUMBER OF DAYS WITH
THUNDERSTORM              0     MIXED PRECIP               0
HEAVY RAIN                8     RAIN                      15
LIGHT RAIN               38     FREEZING RAIN              0
LT FREEZING RAIN          0     HAIL                       0
HEAVY SNOW                1     SNOW                       1
LIGHT SNOW                5     SLEET                      0
FOG                      51     FOG W/VIS <= 1/4 MILE     11
HAZE                     10

-  INDICATES NEGATIVE NUMBERS.
R  INDICATES RECORD WAS SET OR TIED.
MM INDICATES DATA IS MISSING.
T  INDICATES TRACE AMOUNT.

$$
