140
CXUS51 KALY 220416 CCA
CLSGFL

CLIMATE REPORT...CORRECTED PRECIPITATION TOTAL FOR SEASON
NATIONAL WEATHER SERVICE ALBANY NY
1216 AM EDT THU SEP 22 2016

...................................

...THE GLENS FALLS NY CLIMATE SUMMARY FOR THE SEASON, FROM
6/1/2016 TO 8/31/2016...

CLIMATE NORMAL PERIOD 1981 TO 2010
CLIMATE RECORD PERIOD 1949 TO 2016

WEATHER         OBSERVED          NORMAL  DEPART  LAST YEAR`S
                 VALUE   DATE(S)  VALUE   FROM    VALUE  DATE(S)
                                          NORMAL
................................................................
TEMPERATURE (F)
HIGHEST            93   07/22                         91  07/29
LOWEST             43   06/14                         37  06/07
AVG. MAXIMUM     81.9              78.8     3.1     79.3
AVG. MINIMUM     57.9              54.6     3.3     57.5
MEAN             69.9              66.7     3.2     68.4
DAYS MAX >= 90      8               4.3     3.7        1
DAYS MAX <= 32      0               0.0     0.0        0
DAYS MIN <= 32      0               0.1    -0.1        0
DAYS MIN <= 0       0               0.0     0.0        0

PRECIPITATION (INCHES)
RECORD
 MAXIMUM        17.17   1994
 MINIMUM         5.36   1964
TOTALS           9.54             11.32   -1.78    10.21
DAILY AVG.       0.10              0.12   -0.02     0.11
DAYS >= .01        31              33.9    -2.9       36
DAYS >= .10        19              21.1    -2.1       22
DAYS >= .50         7               7.9    -0.9        7
DAYS >= 1.00        2               2.7    -0.7        2
GREATEST
 24 HR. TOTAL    1.80   06/05 TO 06/05

DEGREE_DAYS
HEATING TOTAL      50               157    -107
 SINCE 7/1          6                66     -60
COOLING TOTAL     529               315     214
 SINCE 1/1        585               327     258

FREEZE DATES
RECORD
 EARLIEST     08/29/1982
 LATEST       06/01/2009
EARLIEST                        09/29
LATEST                          05/13
.................................................................

WIND (MPH)
AVERAGE WIND SPEED              4.9
HIGHEST WIND SPEED/DIRECTION    28/050    DATE  07/23
HIGHEST GUST SPEED/DIRECTION    36/050    DATE  07/23


WEATHER CONDITIONS. NUMBER OF DAYS WITH
THUNDERSTORM             18     MIXED PRECIP               0
HEAVY RAIN               13     RAIN                      21
LIGHT RAIN               33     FREEZING RAIN              0
LT FREEZING RAIN          0     HAIL                       0
HEAVY SNOW                0     SNOW                       0
LIGHT SNOW                0     SLEET                      0
FOG                      71     FOG W/VIS <= 1/4 MILE     21
HAZE                     11

-  INDICATES NEGATIVE NUMBERS.
R  INDICATES RECORD WAS SET OR TIED.
MM INDICATES DATA IS MISSING.
T  INDICATES TRACE AMOUNT.

$$
