000
CXUS51 KALY 030939 RRA
CLSGFL

CLIMATE REPORT
NATIONAL WEATHER SERVICE ALBANY NY
539 AM EDT MON JUN 3 2013

...................................

...THE GLENS FALLS NY CLIMATE SUMMARY FOR THE SEASON, FROM
3/1/2013 TO 5/31/2013...

CLIMATE NORMAL PERIOD 1981 TO 2010
CLIMATE RECORD PERIOD 1944 TO 2013

WEATHER         OBSERVED          NORMAL  DEPART
                 VALUE   DATE(S)  VALUE   FROM
                                          NORMAL
................................................
TEMPERATURE (F)
HIGHEST            91   05/31
LOWEST              9   03/21
AVG. MAXIMUM     56.0              55.7     0.3
AVG. MINIMUM     33.7              31.8     1.9
MEAN             44.8              43.7     1.1
DAYS MAX >= 90      1               0.2     0.8
DAYS MAX <= 32      2               4.6    -2.6
DAYS MIN <= 32     47              44.9     2.1
DAYS MIN <= 0       0               1.8    -1.8

PRECIPITATION (INCHES)
TOTALS           9.63              9.55    0.08
DAILY AVG.       0.10              0.10    0.00
DAYS >= .01        33              34.6    -1.6
DAYS >= .10        17              21.3    -4.3
DAYS >= .50         7               6.4     0.6
DAYS >= 1.00        1               1.9    -0.9

DEGREE_DAYS
HEATING TOTAL    1835              1967    -132
 SINCE 7/1       6936              7586    -650
COOLING TOTAL      33                13      20
 SINCE 1/1         33                12      21
.................................................

WIND (MPH)
AVERAGE WIND SPEED              5.8
HIGHEST WIND SPEED/DIRECTION    30/290    DATE  04/19
HIGHEST GUST SPEED/DIRECTION    46/300    DATE  04/01


WEATHER CONDITIONS. NUMBER OF DAYS WITH
THUNDERSTORM              4     MIXED PRECIP               0
HEAVY RAIN                4     RAIN                      11
LIGHT RAIN               29     FREEZING RAIN              0
LT FREEZING RAIN          1     HAIL                       0
HEAVY SNOW                1     SNOW                       3
LIGHT SNOW               15     SLEET                      0
FOG                      43     FOG W/VIS <= 1/4 MILE     15
HAZE                     19

-  INDICATES NEGATIVE NUMBERS.
R  INDICATES RECORD WAS SET OR TIED.
MM INDICATES DATA IS MISSING.
T  INDICATES TRACE AMOUNT.

$$
