000
CXUS51 KALY 011700
CLSGFL

CLIMATE REPORT
NATIONAL WEATHER SERVICE ALBANY NY
1137 AM EST FRI MAR 1 2013

...................................

...THE GLENS FALLS NY CLIMATE SUMMARY FOR THE SEASON, FROM
12/1/2012 TO 2/28/2013...

CLIMATE NORMAL PERIOD 1981 TO 2010
CLIMATE RECORD PERIOD 1944 TO 2013

WEATHER         OBSERVED          NORMAL  DEPART
                 VALUE   DATE(S)  VALUE   FROM
                                          NORMAL
................................................
TEMPERATURE (F)
HIGHEST            55   12/04
LOWEST            -18   01/03
AVG. MAXIMUM     34.1              31.8     2.3
AVG. MINIMUM     15.7              11.1     4.6
MEAN             24.9              21.4     3.5
DAYS MAX >= 90      0               0.0     0.0
DAYS MAX <= 32     34              44.0   -10.0
DAYS MIN <= 32     88              86.0     2.0
DAYS MIN <= 0      12              19.6    -7.6

PRECIPITATION (INCHES)
TOTALS           5.69              7.99   -2.30
DAILY AVG.       0.06              0.09   -0.03
DAYS >= .01        32              32.3    -0.3
DAYS >= .10        18              17.1     0.9
DAYS >= .50         3               5.2    -2.2
DAYS >= 1.00        0               1.5    -1.5

DEGREE_DAYS
HEATING TOTAL    3578              3922    -344
 SINCE 7/1       5101              5620    -519
COOLING TOTAL       0                 0       0
 SINCE 1/1          0                 0       0
.................................................

WIND (MPH)
AVERAGE WIND SPEED              4.6
HIGHEST WIND SPEED/DIRECTION    30/240    DATE  01/31
HIGHEST GUST SPEED/DIRECTION    45/270    DATE  01/31


WEATHER CONDITIONS. NUMBER OF DAYS WITH
THUNDERSTORM              0     MIXED PRECIP               0
HEAVY RAIN                1     RAIN                       5
LIGHT RAIN               21     FREEZING RAIN              2
LT FREEZING RAIN          5     HAIL                       0
HEAVY SNOW                2     SNOW                       8
LIGHT SNOW               41     SLEET                      0
FOG                      60     FOG W/VIS <= 1/4 MILE     20
HAZE                     22

-  INDICATES NEGATIVE NUMBERS.
R  INDICATES RECORD WAS SET OR TIED.
MM INDICATES DATA IS MISSING.
T  INDICATES TRACE AMOUNT.

$$
