000
CXUS51 KALY 030644 RRA
CLSGFL

CLIMATE REPORT
NATIONAL WEATHER SERVICE ALBANY NY
135 AM EST SAT DEC 3 2016

...................................

...THE GLENS FALLS NY CLIMATE SUMMARY FOR THE SEASON, FROM
9/1/2016 TO 11/30/2016...

CLIMATE NORMAL PERIOD 1981 TO 2010
CLIMATE RECORD PERIOD 1949 TO 2016

WEATHER         OBSERVED          NORMAL  DEPART  LAST YEAR`S
                 VALUE   DATE(S)  VALUE   FROM    VALUE  DATE(S)
                                          NORMAL
................................................................
TEMPERATURE (F)
HIGHEST            87   09/09                         92  09/07
LOWEST             20   11/28                         17  11/24
AVG. MAXIMUM     62.2              58.4     3.8     63.5
AVG. MINIMUM     39.7              36.3     3.4     40.1
MEAN             50.9              47.3     3.6     51.8
DAYS MAX >= 90      0               0.1    -0.1        2
DAYS MAX <= 32      0               1.6    -1.6        0
DAYS MIN <= 32     30              34.9    -4.9       27
DAYS MIN <= 0       0               0.0     0.0        0

PRECIPITATION (INCHES)
RECORD
 MAXIMUM        16.60   2005
 MINIMUM         1.86   1964
TOTALS           7.14             10.20   -3.06     9.45
DAILY AVG.       0.08              0.11   -0.03     0.11
DAYS >= .01        36              31.5     4.5       26
DAYS >= .10        16              19.5    -3.5       16
DAYS >= .50         6               7.1    -1.1        7
DAYS >= 1.00        0               1.9    -1.9        3
GREATEST
 24 HR. TOTAL    0.94   10/27 TO 10/28

DEGREE_DAYS
HEATING TOTAL    1310              1632    -322
 SINCE 7/1       1316              1698    -382
COOLING TOTAL      58                25      33
 SINCE 1/1        643               352     291

FREEZE DATES
RECORD
 EARLIEST     08/29/1982
 LATEST       06/01/2009
EARLIEST                        09/29
LATEST                          05/13
.................................................................

WIND (MPH)
AVERAGE WIND SPEED              4.4
HIGHEST WIND SPEED/DIRECTION    28/320    DATE  11/11
HIGHEST GUST SPEED/DIRECTION    39/310    DATE  11/11


WEATHER CONDITIONS. NUMBER OF DAYS WITH
THUNDERSTORM              1     MIXED PRECIP               0
HEAVY RAIN                3     RAIN                      14
LIGHT RAIN               40     FREEZING RAIN              0
LT FREEZING RAIN          0     HAIL                       0
HEAVY SNOW                0     SNOW                       1
LIGHT SNOW                4     SLEET                      0
FOG                      70     FOG W/VIS <= 1/4 MILE     24
HAZE                     14

-  INDICATES NEGATIVE NUMBERS.
R  INDICATES RECORD WAS SET OR TIED.
MM INDICATES DATA IS MISSING.
T  INDICATES TRACE AMOUNT.

$$
