000
CXUS51 KALY 061956 CCA
CLSGFL

CLIMATE REPORT...SEASONAL (CORRECTED TOTAL PRECIPITATION)
NATIONAL WEATHER SERVICE ALBANY NY
356 PM EDT WED APR 6 2016

...................................

...THE GLENS FALLS NY CLIMATE SUMMARY FOR THE SEASON, FROM
12/1/2015 TO 2/29/2016...

CLIMATE NORMAL PERIOD 1981 TO 2010
CLIMATE RECORD PERIOD 1949 TO 2016

WEATHER         OBSERVED          NORMAL  DEPART  LAST YEAR`S
                 VALUE   DATE(S)  VALUE   FROM    VALUE  DATE(S)
                                          NORMAL
................................................................
TEMPERATURE (F)
HIGHEST            56   02/20                         50  12/25
LOWEST            -14   02/14                        -27  02/03
AVG. MAXIMUM     34.4              31.8     2.6     27.9
AVG. MINIMUM     15.6              11.1     4.5      7.2
MEAN             25.0              21.4     3.6     17.6
DAYS MAX >= 90      0               0.0     0.0        0
DAYS MAX <= 32     21              44.0   -23.0       60
DAYS MIN <= 32     49              86.0   -37.0       87
DAYS MIN <= 0       5              19.6   -14.6       32

PRECIPITATION (INCHES)
RECORD
 MAXIMUM        13.30   1949
 MINIMUM         3.23   1980
TOTALS           8.84              7.99    0.85     6.13
DAILY AVG.       0.08              0.09   -0.01     0.07
DAYS >= .01        14              32.3   -18.3       28
DAYS >= .10         6              17.1   -11.1       13
DAYS >= .50         4               5.2    -1.2        5
DAYS >= 1.00        2               1.5     0.5        0
GREATEST
 24 HR. TOTAL      MM

DEGREE_DAYS
HEATING TOTAL      MM              3922      MM
 SINCE 7/1         MM              5620      MM
COOLING TOTAL       0                 0       0
 SINCE 1/1          0                 0       0

FREEZE DATES
RECORD
 EARLIEST     08/29/1982
 LATEST       06/01/2009
EARLIEST                        09/29
LATEST                          05/13
.................................................................

WIND (MPH)
AVERAGE WIND SPEED              6.1
HIGHEST WIND SPEED/DIRECTION    29/290    DATE  01/18
HIGHEST GUST SPEED/DIRECTION    43/250    DATE  02/29


WEATHER CONDITIONS. NUMBER OF DAYS WITH
THUNDERSTORM              3     MIXED PRECIP               0
HEAVY RAIN                3     RAIN                       5
LIGHT RAIN               12     FREEZING RAIN              1
LT FREEZING RAIN          4     HAIL                       0
HEAVY SNOW                0     SNOW                       3
LIGHT SNOW               17     SLEET                      0
FOG                      19     FOG W/VIS <= 1/4 MILE      4
HAZE                     16

-  INDICATES NEGATIVE NUMBERS.
R  INDICATES RECORD WAS SET OR TIED.
MM INDICATES DATA IS MISSING.
T  INDICATES TRACE AMOUNT.

$$

NOTE: TEMPERATURE DATA MISSING FROM JANUARY 27TH THROUGH FEBRUARY 3RD AND
PRECIPITATION DATA IS MISSING FOR FEBRUARY 25TH DUE TO EQUIPMENT ISSUES.
