000
CXUS51 KALY 011441
CLSGFL

CLIMATE REPORT
NATIONAL WEATHER SERVICE ALBANY NY
845 AM EST WED MAR 1 2017

...................................

...THE GLENS FALLS NY CLIMATE SUMMARY FOR THE SEASON, FROM
12/1/2016 TO 2/28/2017...

CLIMATE NORMAL PERIOD 1981 TO 2010
CLIMATE RECORD PERIOD 1949 TO 2017

WEATHER         OBSERVED          NORMAL  DEPART  LAST YEAR`S
                 VALUE   DATE(S)  VALUE   FROM    VALUE  DATE(S)
                                          NORMAL
................................................................
TEMPERATURE (F)
HIGHEST            70R  02/25                         56  02/20
LOWEST             -6   12/16                        -14  02/14
AVG. MAXIMUM     38.4              31.8     6.6     34.4
AVG. MINIMUM     20.1              11.1     9.0     15.6
MEAN             29.2              21.4     7.8     25.0
DAYS MAX >= 90      0               0.0     0.0        0
DAYS MAX <= 32     22              44.0   -22.0       21
DAYS MIN <= 32     77              86.0    -9.0       49
DAYS MIN <= 0       4              19.6   -15.6        5

PRECIPITATION (INCHES)
RECORD
 MAXIMUM        13.30   1949
 MINIMUM         3.23   1980
TOTALS           7.56              7.99   -0.43     8.84
DAILY AVG.       0.09              0.09    0.00     0.08
DAYS >= .01        33              32.3     0.7       14
DAYS >= .10        18              17.1     0.9        6
DAYS >= .50         5               5.2    -0.2        4
DAYS >= 1.00        0               1.5    -1.5        2
GREATEST
 24 HR. TOTAL    0.96   02/07 TO 02/08

DEGREE_DAYS
HEATING TOTAL    3206              3922    -716
 SINCE 7/1       4522              5620   -1098
COOLING TOTAL       0                 0       0
 SINCE 1/1          0                 0       0

FREEZE DATES
RECORD
 EARLIEST     08/29/1982
 LATEST       06/01/2009
EARLIEST                        09/29
LATEST                          05/13
.................................................................

WIND (MPH)
AVERAGE WIND SPEED              5.6
HIGHEST WIND SPEED/DIRECTION    32/300    DATE  12/15
HIGHEST GUST SPEED/DIRECTION    45/310    DATE  12/15


WEATHER CONDITIONS. NUMBER OF DAYS WITH
THUNDERSTORM              0     MIXED PRECIP               0
HEAVY RAIN                2     RAIN                       4
LIGHT RAIN               20     FREEZING RAIN              3
LT FREEZING RAIN          7     HAIL                       0
HEAVY SNOW                5     SNOW                       9
LIGHT SNOW               38     SLEET                      0
FOG                      42     FOG W/VIS <= 1/4 MILE     11
HAZE                     42

-  INDICATES NEGATIVE NUMBERS.
R  INDICATES RECORD WAS SET OR TIED.
MM INDICATES DATA IS MISSING.
T  INDICATES TRACE AMOUNT.

$$
