000
CXUS51 KALY 010722
CLSGFL

CLIMATE REPORT - SEASONAL
NATIONAL WEATHER SERVICE ALBANY NY
222 AM EST TUE DEC 1 2015

...................................

...THE GLENS FALLS NY CLIMATE SUMMARY FOR THE SEASON, FROM
9/1/2015 TO 11/30/2015...

CLIMATE NORMAL PERIOD 1981 TO 2010
CLIMATE RECORD PERIOD 1949 TO 2015

WEATHER         OBSERVED          NORMAL  DEPART  LAST YEAR`S
                 VALUE   DATE(S)  VALUE   FROM    VALUE  DATE(S)
                                          NORMAL
................................................................
TEMPERATURE (F)
HIGHEST            92   09/07                         86  09/05
LOWEST             17   11/24                          9  11/29
AVG. MAXIMUM     63.5              58.4     5.1     59.6
AVG. MINIMUM     40.1              36.3     3.8     38.9
MEAN             51.8              47.3     4.5     49.3
DAYS MAX >= 90      2               0.1     1.9        0
DAYS MAX <= 32      0               1.6    -1.6        5
DAYS MIN <= 32     27              34.9    -7.9       28
DAYS MIN <= 0       0               0.0     0.0        0

PRECIPITATION (INCHES)
RECORD
 MAXIMUM        16.60   2005
 MINIMUM         1.86   1964
TOTALS           9.45             10.20   -0.75     6.31
DAILY AVG.       0.11              0.11    0.00     0.07
DAYS >= .01        26              31.5    -5.5       27
DAYS >= .10        16              19.5    -3.5       14
DAYS >= .50         7               7.1    -0.1        6
DAYS >= 1.00        3               1.9     1.1        0
GREATEST
 24 HR. TOTAL    2.58   09/29 TO 09/30

DEGREE_DAYS
HEATING TOTAL    1278              1632    -354
 SINCE 7/1       1291              1698    -407
COOLING TOTAL      97                25      72
 SINCE 1/1        596               352     244

FREEZE DATES
RECORD
 EARLIEST     08/29/1982
 LATEST       06/01/2009
EARLIEST                        09/29
LATEST                          05/13
.................................................................

WIND (MPH)
AVERAGE WIND SPEED              4.9
HIGHEST WIND SPEED/DIRECTION    28/310    DATE  10/09
HIGHEST GUST SPEED/DIRECTION    36/280    DATE  11/13


WEATHER CONDITIONS. NUMBER OF DAYS WITH
THUNDERSTORM              3     MIXED PRECIP               0
HEAVY RAIN                7     RAIN                      11
LIGHT RAIN               33     FREEZING RAIN              0
LT FREEZING RAIN          0     HAIL                       0
HEAVY SNOW                0     SNOW                       0
LIGHT SNOW                0     SLEET                      0
FOG                      53     FOG W/VIS <= 1/4 MILE     19
HAZE                     13

-  INDICATES NEGATIVE NUMBERS.
R  INDICATES RECORD WAS SET OR TIED.
MM INDICATES DATA IS MISSING.
T  INDICATES TRACE AMOUNT.

$$
