000
CXUS55 KGJT 011644
CF6GJT
PRELIMINARY LOCAL CLIMATOLOGICAL DATA (WS FORM: F-6)
STATION: GRAND JUNCTION CO
MONTH: JUNE
YEAR: 2020
LATITUDE: 39 7 N
LONGITUDE: 108 32 W
TEMPERATURE IN F: :PCPN: SNOW: WIND :SUNSHINE: SKY :PK WND
================================================================================
1 2 3 4 5 6A 6B 7 8 9 10 11 12 13 14 15 16 17 18
12Z AVG MX 2MIN
DY MAX MIN AVG DEP HDD CDD WTR SNW DPTH SPD SPD DIR MIN PSBL S-S WX SPD DR
================================================================================
1 93 64 79 12 0 14 0.00 0.0 0 11.7 23 300 M M 0 31 300
2 94 53 74 7 0 9 0.00 0.0 0 6.5 17 300 M M 0 22 270
3 95 55 75 7 0 10 0.00 0.0 0 8.0 26 310 M M 0 37 310
4 97 57 77 9 0 12 0.00 0.0 0 8.1 25 260 M M 0 32 260
5 100 64 82 14 0 17 0.13 0.0 0 12.3 36 190 M M 1 38 49 220
6 79 58 69 0 0 4 0.23 0.0 0 8.6 37 200 M M 3 13 47 200
7 84 50 67 -2 0 2 0.00 0.0 0 12.7 37 200 M M 1 52 210
8 68 42 55 -14 10 0 T 0.0 0 10.0 33 300 M M 4 47 250
9 70 37 54 -16 11 0 0.00 0.0 0 7.4 17 300 M M 1 26 310
10 80 46 63 -7 2 0 0.00 0.0 0 8.4 20 120 M M 0 23 290
11 89 50 70 0 0 5 0.00 0.0 0 8.1 16 300 M M 0 23 300
12 98 57 78 7 0 13 0.00 0.0 0 11.5 22 140 M M 0 27 160
13 95 70 83 12 0 18 0.00 0.0 0 17.2 39 180 M M 0 55 200
14 89 58 74 2 0 9 0.00 0.0 0 9.8 25 160 M M 0 33 300
15 93 59 76 4 0 11 0.00 0.0 0 9.1 21 230 M M 0 33 190
16 94 67 81 9 0 16 0.00 0.0 0 18.5 35 190 M M 0 46 180
17 88 57 73 0 0 8 0.00 0.0 0 14.3 29 310 M M 0 39 310
18 82 48 65 -8 0 0 0.00 0.0 0 7.2 21 320 M M 0 34 310
19 84 58 71 -2 0 6 0.00 0.0 0 7.7 23 310 M M 1 31 310
20 89 52 71 -3 0 6 0.00 0.0 0 6.9 20 330 M M 0 29 300
21 94 59 77 3 0 12 0.00 0.0 0 6.9 24 330 M M 0 32 340
22 95 63 79 5 0 14 0.00 0.0 0 7.1 20 350 M M 0 27 350
23 95 59 77 2 0 12 0.00 0.0 0 6.9 16 260 M M 0 21 300
24 98 62 80 5 0 15 0.00 0.0 0 7.3 21 300 M M 0 30 270
25 96 66 81 6 0 16 0.08 0.0 0 11.6 35 50 M M 0 3 48 50
26 93 61 77 1 0 12 T 0.0 0 8.2 35 310 M M 1 3 46 310
27 94 52 73 -3 0 8 T 0.0 0 8.4 39 350 M M 0 3 60 300
28 94 70 82 6 0 17 0.00 0.0 0 15.0 31 190 M M 0 43 200
29 88 55 72 -4 0 7 T 0.0 0 16.9 30 200 M M 3 44 210
30 80 47 64 -12 1 0 0.07 0.0 0 8.9 23 310 M M 1 29 300
================================================================================
SM 2688 1696 24 273 0.51 0.0 301.2 M 16
================================================================================
AV 89.6 56.5 10.0 FASTST M M 1 MAX(MPH)
MISC ----> # 39 180 # 60 300
================================================================================
NOTES:
# LAST OF SEVERAL OCCURRENCES
COLUMN 17 PEAK WIND IN M.P.H.
PRELIMINARY LOCAL CLIMATOLOGICAL DATA (WS FORM: F-6) , PAGE 2
STATION: GRAND JUNCTION CO
MONTH: JUNE
YEAR: 2020
LATITUDE: 39 7 N
LONGITUDE: 108 32 W
[TEMPERATURE DATA] [PRECIPITATION DATA] SYMBOLS USED IN COLUMN 16
AVERAGE MONTHLY: 73.1 TOTAL FOR MONTH: 0.51 1 = FOG OR MIST
DPTR FM NORMAL: 1.1 DPTR FM NORMAL: 0.05 2 = FOG REDUCING VISIBILITY
HIGHEST: 100 ON 5 GRTST 24HR 0.23 ON 6- 6 TO 1/4 MILE OR LESS
LOWEST: 37 ON 9 3 = THUNDER
SNOW, ICE PELLETS, HAIL 4 = ICE PELLETS
TOTAL MONTH: 0.0 INCH 5 = HAIL
GRTST 24HR 0.0 6 = FREEZING RAIN OR DRIZZLE
GRTST DEPTH: 0 7 = DUSTSTORM OR SANDSTORM:
VSBY 1/2 MILE OR LESS
8 = SMOKE OR HAZE
[NO. OF DAYS WITH] [WEATHER - DAYS WITH] 9 = BLOWING SNOW
X = TORNADO
MAX 32 OR BELOW: 0 0.01 INCH OR MORE: 4
MAX 90 OR ABOVE: 17 0.10 INCH OR MORE: 2
MIN 32 OR BELOW: 0 0.50 INCH OR MORE: 0
MIN 0 OR BELOW: 0 1.00 INCH OR MORE: 0
[HDD (BASE 65) ]
TOTAL THIS MO. 24 CLEAR (SCALE 0-3) 29
DPTR FM NORMAL 2 PTCLDY (SCALE 4-7) 1
TOTAL FM JUL 1 5531 CLOUDY (SCALE 8-10) 0
DPTR FM NORMAL -80
[CDD (BASE 65) ]
TOTAL THIS MO. 273
DPTR FM NORMAL 42 [PRESSURE DATA]
TOTAL FM JAN 1 376 HIGHEST SLP 30.21 ON 9
DPTR FM NORMAL 94 LOWEST SLP 29.25 ON 28
[REMARKS]
#FINAL-06-20#