000
CXUS55 KGJT 011039
CLMGJT


CLIMATE REPORT
NATIONAL WEATHER SERVICE GRAND JUNCTION CO
427 AM MDT WED JUL 1 2015

...................................

...THE GRAND JUNCTION CO CLIMATE SUMMARY FOR THE MONTH OF JUNE 2015...

CLIMATE NORMAL PERIOD 1981 TO 2010
CLIMATE RECORD PERIOD 1893 TO 2015

WEATHER         OBSERVED          NORMAL  DEPART  LAST YEAR`S
                 VALUE   DATE(S)  VALUE   FROM    VALUE  DATE(S)
                                          NORMAL
................................................................
TEMPERATURE (F)
RECORD
 HIGH             105   06/27/1990
 LOW               34   06/14/1976
HIGHEST           101   06/30        91      10       96  06/30
                        06/21                             06/29
LOWEST             48   06/08        51      -3       41  06/09
                        06/07
                        06/04
AVG. MAXIMUM     89.4              87.6     1.8     87.1
AVG. MINIMUM     58.7              56.3     2.4     54.3
MEAN             74.0              72.0     2.0     70.7
DAYS MAX >= 90     17              13.4     3.6       10
DAYS MAX <= 32      0               0.0     0.0        0
DAYS MIN <= 32      0               0.0     0.0        0
DAYS MIN <= 0       0               0.0     0.0        0

PRECIPITATION (INCHES)
RECORD
 MAXIMUM         2.07   1969
 MINIMUM            T   2001
                        1980
                        1961
TOTALS           1.19              0.46    0.73     0.13
DAILY AVG.       0.04              0.02    0.02     0.00
DAYS >= .01         5               4.1     0.9        2
DAYS >= .10         3               1.6     1.4        1
DAYS >= .50         1               0.2     0.8        0
DAYS >= 1.00        0               0.0     0.0        0
GREATEST
 24 HR. TOTAL    0.72   06/10 TO 06/10              0.12

SNOWFALL (INCHES)
RECORDS
 TOTAL              T   2009

TOTALS            0.0               0.0     0.0      0.0
SINCE 7/1        12.6              19.1    -6.5     25.7
SNOWDEPTH AVG.     MM                MM      MM        0
DAYS >= 1.0         0               0.0     0.0        0
GREATEST
 SNOW DEPTH         0   MM                             0  MM
 24 HR TOTAL      0.0   06/30 TO 06/30               0.0

DEGREE_DAYS
HEATING TOTAL      12                22     -10       19
 SINCE 7/1       5179              5611    -432     6269
COOLING TOTAL     290               231      59      198
 SINCE 1/1        298               282      16      257
.................................................................

WIND (MPH)
AVERAGE WIND SPEED              8.8
HIGHEST WIND SPEED/DIRECTION    41/340    DATE  06/30
HIGHEST GUST SPEED/DIRECTION    50/350    DATE  06/30

SKY COVER
POSSIBLE SUNSHINE (PERCENT)   MM
AVERAGE SKY COVER           0.10
NUMBER OF DAYS FAIR           26
NUMBER OF DAYS PC              2
NUMBER OF DAYS CLOUDY          2

AVERAGE RH (PERCENT)     37

WEATHER CONDITIONS. NUMBER OF DAYS WITH
THUNDERSTORM              7     MIXED PRECIP               0
HEAVY RAIN                2     RAIN                       3
LIGHT RAIN                7     FREEZING RAIN              0
LT FREEZING RAIN          0     HAIL                       0
HEAVY SNOW                0     SNOW                       0
LIGHT SNOW                0     SLEET                      0
FOG                       3     FOG W/VIS <= 1/4 MILE      0
HAZE                      4

-  INDICATES NEGATIVE NUMBERS.
R  INDICATES RECORD WAS SET OR TIED.
MM INDICATES DATA IS MISSING.
T  INDICATES TRACE AMOUNT.

$$
