000
CXUS55 KGJT 011035
CLMGJT


CLIMATE REPORT
NATIONAL WEATHER SERVICE GRAND JUNCTION CO
424 AM MDT WED OCT 1 2014

...................................

...THE GRAND JUNCTION CO CLIMATE SUMMARY FOR THE MONTH OF SEPTEMBER 2014...

CLIMATE NORMAL PERIOD 1981 TO 2010
CLIMATE RECORD PERIOD 1893 TO 2014

WEATHER         OBSERVED          NORMAL  DEPART  LAST YEAR`S
                 VALUE   DATE(S)  VALUE   FROM    VALUE  DATE(S)
                                          NORMAL
................................................................
TEMPERATURE (F)
RECORD
 HIGH             100   09/04/1995
 LOW               28   09/27/1908
HIGHEST            91   09/03        86       5       95  09/04
LOWEST             43   09/30        45      -2       34  09/28
AVG. MAXIMUM     81.5              80.1     1.4     78.2
AVG. MINIMUM     53.2              52.0     1.2     55.5
MEAN             67.3              66.1     1.2     66.8
DAYS MAX >= 90      2               2.7    -0.7        7
DAYS MAX <= 32      0               0.0     0.0        0
DAYS MIN <= 32      0               0.2    -0.2        0
DAYS MIN <= 0       0               0.0     0.0        0

PRECIPITATION (INCHES)
RECORD
 MAXIMUM         3.78   1896
 MINIMUM            T   1953
                        1944
                        1901
TOTALS           1.84              1.19    0.65     3.09
DAILY AVG.       0.06              0.04    0.02     0.10
DAYS >= .01         8               7.0     1.0       11
DAYS >= .10         4               3.9     0.1        6
DAYS >= .50         1               0.5     0.5        3
DAYS >= 1.00        0               0.1    -0.1        0
GREATEST
 24 HR. TOTAL    0.81   09/28 TO 09/28              1.00

SNOWFALL (INCHES)
RECORDS
 TOTAL            3.1   1965
TOTALS            0.0               0.0     0.0      0.0
SINCE 7/1         0.0               0.0     0.0      0.0
SNOWDEPTH AVG.      0                MM      MM        0
DAYS >= 1.0         0               0.0     0.0        0
GREATEST
 SNOW DEPTH         0   MM                             0  MM
 24 HR TOTAL      0.0   09/30 TO 09/30               0.0

DEGREE_DAYS
HEATING TOTAL      41                71     -30       82
 SINCE 7/1         46                74     -28       82
COOLING TOTAL     120               103      17      143
 SINCE 1/1       1046              1122     -76     1269
.................................................................

WIND (MPH)
AVERAGE WIND SPEED              7.5
HIGHEST WIND SPEED/DIRECTION    37/150    DATE  09/04
HIGHEST GUST SPEED/DIRECTION    46/150    DATE  09/04

SKY COVER
POSSIBLE SUNSHINE (PERCENT)   MM
AVERAGE SKY COVER           0.20
NUMBER OF DAYS FAIR           25
NUMBER OF DAYS PC              4
NUMBER OF DAYS CLOUDY          1

AVERAGE RH (PERCENT)     50

WEATHER CONDITIONS. NUMBER OF DAYS WITH
THUNDERSTORM              7     MIXED PRECIP               0
HEAVY RAIN                2     RAIN                       6
LIGHT RAIN                8     FREEZING RAIN              0
LT FREEZING RAIN          0     HAIL                       0
HEAVY SNOW                0     SNOW                       0
LIGHT SNOW                0     SLEET                      0
FOG                       8     FOG W/VIS <= 1/4 MILE      1
HAZE                      0

-  INDICATES NEGATIVE NUMBERS.
R  INDICATES RECORD WAS SET OR TIED.
MM INDICATES DATA IS MISSING.
T  INDICATES TRACE AMOUNT.

$$
