000
CXUS55 KGJT 012020 CCA
CLMGJT

CLIMATE REPORT...COR TO SNOWFALL RECORD YEAR AND THUNDERSTORM DAYS
NATIONAL WEATHER SERVICE GRAND JUNCTION CO
120 PM MST THU DEC 1 2016

...................................

...THE GRAND JUNCTION CO CLIMATE SUMMARY FOR THE MONTH OF NOVEMBER
2016...

CLIMATE NORMAL PERIOD 1981 TO 2010
CLIMATE RECORD PERIOD 1893 TO 2016

WEATHER         OBSERVED          NORMAL  DEPART  LAST YEAR`S
                 VALUE   DATE(S)  VALUE   FROM    VALUE  DATE(S)
                                          NORMAL
................................................................
TEMPERATURE (F)
RECORD
 HIGH              76   11/02/2008
 LOW               -4   11/30/2004
HIGHEST            69R  11/16        58      11       71  11/02
LOWEST             18   11/30        21      -3       13  11/30
AVG. MAXIMUM     57.1              50.4     6.7     49.1
AVG. MINIMUM     32.5              27.6     4.9     27.6
MEAN             44.8              39.0     5.8     38.4
DAYS MAX >= 90      0               0.0     0.0        0
DAYS MAX <= 32      0               0.5    -0.5        2
DAYS MIN <= 32     14              22.8    -8.8       24
DAYS MIN <= 0       0               0.0     0.0        0

PRECIPITATION (INCHES)
RECORD
 MAXIMUM         2.39   1895
 MINIMUM         0.00   1904
TOTALS           0.81              0.73    0.08     1.44
DAILY AVG.       0.03              0.02    0.01     0.05
DAYS >= .01         8               5.9     2.1       10
DAYS >= .10         3               2.5     0.5        4
DAYS >= .50         0               0.1    -0.1        1
DAYS >= 1.00        0               0.0     0.0        0
GREATEST
 24 HR. TOTAL    0.48   11/21 TO 11/22              0.54

SNOWFALL (INCHES)
RECORDS
 TOTAL           23.6   1919
TOTALS            0.5               2.1    -1.6      3.4
SINCE 7/1         0.5               2.5    -2.0      3.4
SNOWDEPTH AVG.      0                MM      MM        0
DAYS >= 1.0         0               0.7    -0.7        1
GREATEST
 SNOW DEPTH         0   11/30                          2  11/29
 24 HR TOTAL      0.4   11/28 TO 11/28               1.8

DEGREE_DAYS
HEATING TOTAL     595               780    -185      791
 SINCE 7/1        870              1228    -358     1049
COOLING TOTAL       0                 0       0        0
 SINCE 1/1       1245              1125     120     1041
.................................................................

WIND (MPH)
AVERAGE WIND SPEED              5.8
HIGHEST WIND SPEED/DIRECTION    35/250    DATE  11/17
HIGHEST GUST SPEED/DIRECTION    45/250    DATE  11/17

SKY COVER
POSSIBLE SUNSHINE (PERCENT)   MM
AVERAGE SKY COVER           0.20
NUMBER OF DAYS FAIR           21
NUMBER OF DAYS PC              5
NUMBER OF DAYS CLOUDY          4

AVERAGE RH (PERCENT)     61

WEATHER CONDITIONS. NUMBER OF DAYS WITH
THUNDERSTORM              1     MIXED PRECIP               0
HEAVY RAIN                1     RAIN                       2
LIGHT RAIN                8     FREEZING RAIN              0
LT FREEZING RAIN          0     HAIL                       0
HEAVY SNOW                0     SNOW                       0
LIGHT SNOW                3     SLEET                      0
FOG                       3     FOG W/VIS <= 1/4 MILE      0
HAZE                      2

-  INDICATES NEGATIVE NUMBERS.
R  INDICATES RECORD WAS SET OR TIED.
MM INDICATES DATA IS MISSING.
T  INDICATES TRACE AMOUNT.

$$
