000
CXUS54 KFWD 010830
CF6GKY
PRELIMINARY LOCAL CLIMATOLOGICAL DATA (WS FORM: F-6)
STATION: ARLINGTON
MONTH: DECEMBER
YEAR: 2021
LATITUDE: 32 39 N
LONGITUDE: 97 6 W
TEMPERATURE IN F: :PCPN: SNOW: WIND :SUNSHINE: SKY :PK WND
================================================================================
1 2 3 4 5 6A 6B 7 8 9 10 11 12 13 14 15 16 17 18
12Z AVG MX 2MIN
DY MAX MIN AVG DEP HDD CDD WTR SNW DPTH SPD SPD DIR MIN PSBL S-S WX SPD DR
================================================================================
1 80 47 64 12 1 0 0.00 M M 4.1 12 310 M M 0 17 280
2 83 42 63 11 2 0 0.00 M M 4.5 12 150 M M 0 16 160
3 78 63 71 19 0 6 0.00 M M 8.0 14 160 M M 3 18 20 150
4 80 63 72 21 0 7 0.03 M M 7.2 23 140 M M 6 38 30 130
5 81 61 71 20 0 6 0.00 M M 8.6 22 190 M M 5 33 190
6 72 46 59 8 6 0 0.00 M M 15.4 32 350 M M 2 42 360
7 64 32 48 -2 17 0 0.00 M M 4.7 15 150 M M 0 20 130
8 60 44 52 2 13 0 0.00 M M 6.0 15 150 M M 4 128 23 180
9 82 59 71 21 0 6 0.00 M M 9.7 18 160 M M 2 1 29 170
10 85 69 77 27 0 12 0.00 M M 9.3 18 160 M M 5 1 27 170
11 73 28 51 1 14 0 0.00 M M 12.7 35 320 M M 2 47 320
12 61 24 43 -6 22 0 0.00 M M 6.8 17 140 M M 0 23 140
13 71 42 57 8 8 0 0.01 M M 9.3 20 130 M M 3 1 26 140
14 76 57 67 18 0 2 0.00 M M 9.5 20 140 M M 7 12 26 150
15 81 68 75 26 0 10 T M M 17.0 31 160 M M 7 51 160
16 79 61 70 22 0 5 0.00 M M 7.8 18 310 M M 5 8 24 190
17 79 61 70 22 0 5 T M M 9.2 23 170 M M 8 34 150
18 71 39 55 7 10 0 0.16 M M 15.9 26 340 M M 4 13 36 340
19 50 36 43 -5 22 0 0.00 M M 7.7 21 360 M M 3 27 350
20 54 36 45 -3 20 0 0.04 M M 4.2 9 80 M M 6 13 100
21 64 30 47 -1 18 0 0.00 M M 5.2 14 170 M M 0 12 19 170
22 67 37 52 4 13 0 0.00 M M 5.8 15 120 M M 0 8 19 120
23 77 53 65 18 0 0 0.00 M M 14.2 23 160 M M 2 38 160
24 83 61 72 25 0 7 0.00 M M 14.0 25 170 M M 1 42 180
25 83 62 73 26 0 8 0.00 M M 6.2 16 180 M M 0 28 170
26 79 60 70 23 0 5 0.00 M M 10.9 21 160 M M 3 12 31 160
27 79 61 70 23 0 5 0.00 M M 8.5 15 150 M M 3 1 21 190
28 82 53 68 21 0 3 T M M 8.8 21 170 M M 3 33 170
29 76 52 64 17 1 0 0.06 M M 4.6 13 140 M M 3 1 M M
30 77 52 65 18 0 0 0.00 M M 2.3 9 290 M M 1 12 290
31 73 54 64 17 1 0 T M M 6.4 17 150 M M 5 18 22 160
================================================================================
SM 2300 1553 168 87 0.30 M 264.5 M 93
================================================================================
AV 74.2 50.1 8.5 FASTST M M 3 MAX(MPH)
MISC ----> 35 320 51 160
================================================================================
NOTES:
# LAST OF SEVERAL OCCURRENCES
COLUMN 17 PEAK WIND IN M.P.H.
PRELIMINARY LOCAL CLIMATOLOGICAL DATA (WS FORM: F-6) , PAGE 2
STATION: ARLINGTON
MONTH: DECEMBER
YEAR: 2021
LATITUDE: 32 39 N
LONGITUDE: 97 6 W
[TEMPERATURE DATA] [PRECIPITATION DATA] SYMBOLS USED IN COLUMN 16
AVERAGE MONTHLY: 62.1 TOTAL FOR MONTH: 0.30 1 = FOG OR MIST
DPTR FM NORMAL: 13.3 DPTR FM NORMAL: -2.51 2 = FOG REDUCING VISIBILITY
HIGHEST: 85 ON 10 GRTST 24HR 0.16 ON 18-18 TO 1/4 MILE OR LESS
LOWEST: 24 ON 12 3 = THUNDER
SNOW, ICE PELLETS, HAIL 4 = ICE PELLETS
TOTAL MONTH: M 5 = HAIL
GRTST 24HR M ON M 6 = FREEZING RAIN OR DRIZZLE
GRTST DEPTH: M ON M 7 = DUSTSTORM OR SANDSTORM:
VSBY 1/2 MILE OR LESS
8 = SMOKE OR HAZE
[NO. OF DAYS WITH] [WEATHER - DAYS WITH] 9 = BLOWING SNOW
X = TORNADO
MAX 32 OR BELOW: 0 0.01 INCH OR MORE: 5
MAX 90 OR ABOVE: 0 0.10 INCH OR MORE: 1
MIN 32 OR BELOW: 4 0.50 INCH OR MORE: 0
MIN 0 OR BELOW: 0 1.00 INCH OR MORE: 0
[HDD (BASE 65) ]
TOTAL THIS MO. 168 CLEAR (SCALE 0-3) 17
DPTR FM NORMAL -338 PTCLDY (SCALE 4-7) 14
TOTAL FM JUL 1 385 CLOUDY (SCALE 8-10) 0
DPTR FM NORMAL -466
[CDD (BASE 65) ]
TOTAL THIS MO. 87
DPTR FM NORMAL 81 [PRESSURE DATA]
TOTAL FM JAN 1 3252 HIGHEST SLP 29.81 ON 31
DPTR FM NORMAL 428 LOWEST SLP 29.61 ON 31
[REMARKS]
#FINAL-12-21#