605
CXUS54 KFWD 010830
CF6GKY
PRELIMINARY LOCAL CLIMATOLOGICAL DATA (WS FORM: F-6)
STATION: ARLINGTON
MONTH: JANUARY
YEAR: 2021
LATITUDE: 32 39 N
LONGITUDE: 97 6 W
TEMPERATURE IN F: :PCPN: SNOW: WIND :SUNSHINE: SKY :PK WND
================================================================================
1 2 3 4 5 6A 6B 7 8 9 10 11 12 13 14 15 16 17 18
12Z AVG MX 2MIN
DY MAX MIN AVG DEP HDD CDD WTR SNW DPTH SPD SPD DIR MIN PSBL S-S WX SPD DR
================================================================================
1 42 38 40 -6 25 0 0.01 M M 10.6 20 310 M M 10 1 32 300
2 59 36 48 2 17 0 0.00 M M 5.8 17 330 M M 4 21 330
3 69 37 53 7 12 0 0.00 M M 6.1 17 230 M M 0 29 230
4 69 33 51 5 14 0 0.00 M M 3.1 14 350 M M 0 18 340
5 69 32 51 5 14 0 0.00 M M 6.7 17 140 M M 1 26 150
6 63 48 56 10 9 0 T M M 14.5 29 310 M M 8 18 38 310
7 53 46 50 4 15 0 0.00 M M 14.5 24 310 M M 10 36 320
8 54 35 45 -1 20 0 0.00 M M 9.2 16 320 M M 6 21 350
9 51 27 39 -7 26 0 0.00 M M 3.5 10 40 M M 0 1 14 30
10 44 35 40 -6 25 0 0.21 M M 7.5 16 330 M M 10 1 20 320
11 51 31 41 -5 24 0 0.00 M M 6.0 14 330 M M 4 19 350
12 54 26 40 -6 25 0 0.00 M M 3.5 13 220 M M 0 21 220
13 66 26 46 0 19 0 0.00 M M 6.1 15 160 M M 0 18 22 170
14 68 37 53 7 12 0 0.00 M M 11.9 33 330 M M 0 45 320
15 57 44 51 5 14 0 0.00 M M 14.9 32 300 M M 0 49 300
16 61 36 49 3 16 0 0.00 M M 5.6 13 260 M M 0 20 260
17 64 34 49 3 16 0 0.00 M M 5.8 16 320 M M 0 23 330
18 71 32 52 6 13 0 0.00 M M 6.7 23 160 M M 2 33 150
19 62 53 58 11 7 0 0.01 M M 12.5 23 360 M M 10 29 360
20 53 46 50 3 15 0 0.10 M M 4.8 16 10 M M 9 1 21 350
21 58 47 53 6 12 0 0.10 M M 3.9 15 150 M M 5 12 21 140
22 54 45 50 3 15 0 0.02 M M 6.7 13 360 M M 10 128 17 40
23 55 51 53 6 12 0 0.05 M M 6.0 12 110 M M 10 128 14 110
24 70 55 63 16 2 0 0.07 M M 6.4 16 150 M M 10 123 23 140
25 71 43 57 10 8 0 0.26 M M 8.5 22 280 M M 3 13 33 280
26 61 37 49 2 16 0 T M M 8.7 17 340 M M 1 31 340
27 54 35 45 -2 20 0 T M M 10.3 25 330 M M 3 34 340
28 52 29 41 -6 24 0 0.00 M M 4.4 10 130 M M 0 14 170
29 65 35 50 2 15 0 0.00 M M 7.6 18 150 M M 0 28 170
30 79 55 67 19 0 2 T M M 14.8 32 130 M M 5 138 44 270
31 62 44 53 5 12 0 0.00 M M 15.6 30 310 M M 0 38 320
================================================================================
SM 1861 1208 474 2 0.83 M 252.2 M 121
================================================================================
AV 60.0 39.0 8.1 FASTST M M 4 MAX(MPH)
MISC ----> 33 330 49 300
================================================================================
NOTES:
# LAST OF SEVERAL OCCURRENCES
COLUMN 17 PEAK WIND IN M.P.H.
PRELIMINARY LOCAL CLIMATOLOGICAL DATA (WS FORM: F-6) , PAGE 2
STATION: ARLINGTON
MONTH: JANUARY
YEAR: 2021
LATITUDE: 32 39 N
LONGITUDE: 97 6 W
[TEMPERATURE DATA] [PRECIPITATION DATA] SYMBOLS USED IN COLUMN 16
AVERAGE MONTHLY: 49.5 TOTAL FOR MONTH: 0.83 1 = FOG OR MIST
DPTR FM NORMAL: 3.0 DPTR FM NORMAL: -1.22 2 = FOG REDUCING VISIBILITY
HIGHEST: 79 ON 30 GRTST 24HR 0.98 ON 31- 1 TO 1/4 MILE OR LESS
LOWEST: 26 ON 13,12 3 = THUNDER
SNOW, ICE PELLETS, HAIL 4 = ICE PELLETS
TOTAL MONTH: M 5 = HAIL
GRTST 24HR M ON M 6 = FREEZING RAIN OR DRIZZLE
GRTST DEPTH: M ON M 7 = DUSTSTORM OR SANDSTORM:
VSBY 1/2 MILE OR LESS
8 = SMOKE OR HAZE
[NO. OF DAYS WITH] [WEATHER - DAYS WITH] 9 = BLOWING SNOW
X = TORNADO
MAX 32 OR BELOW: 0 0.01 INCH OR MORE: 9
MAX 90 OR ABOVE: 0 0.10 INCH OR MORE: 4
MIN 32 OR BELOW: 7 0.50 INCH OR MORE: 0
MIN 0 OR BELOW: 0 1.00 INCH OR MORE: 0
[HDD (BASE 65) ]
TOTAL THIS MO. 474 CLEAR (SCALE 0-3) 17
DPTR FM NORMAL -101 PTCLDY (SCALE 4-7) 5
TOTAL FM JUL 1 1189 CLOUDY (SCALE 8-10) 9
DPTR FM NORMAL -288
[CDD (BASE 65) ]
TOTAL THIS MO. 2
DPTR FM NORMAL 0 [PRESSURE DATA]
TOTAL FM JAN 1 2 HIGHEST SLP 30.63 ON 28
DPTR FM NORMAL 0 LOWEST SLP 29.57 ON 25
[REMARKS]
#FINAL-01-21#