868
CXUS54 KJAN 031732
CF6GLH
PRELIMINARY LOCAL CLIMATOLOGICAL DATA (WS FORM: F-6)
STATION: GREENVILLE
MONTH: AUGUST
YEAR: 2020
LATITUDE: 33 29 N
LONGITUDE: 90 59 W
TEMPERATURE IN F: :PCPN: SNOW: WIND :SUNSHINE: SKY :PK WND
================================================================================
1 2 3 4 5 6A 6B 7 8 9 10 11 12 13 14 15 16 17 18
12Z AVG MX 2MIN
DY MAX MIN AVG DEP HDD CDD WTR SNW DPTH SPD SPD DIR MIN PSBL S-S WX SPD DR
================================================================================
1 87 69 78 -4 0 13 0.00 0.0 0 6.9 16 240 M M 5 26 220
2 91 65 78 -4 0 13 0.00 0.0 0 1.8 8 150 M M 1 12 11 110
3 92 68 80 -2 0 15 0.00 0.0 0 3.8 14 340 M M 1 1 19 260
4 88 68 78 -4 0 13 0.00 0.0 0 6.3 15 10 M M 2 21 20
5 87 63 75 -7 0 10 0.00 0.0 0 5.6 12 20 M M 0 1 16 30
6 89 60 75 -7 0 10 0.00 0.0 0 5.3 13 350 M M 0 17 10
7 92 66 79 -3 0 14 0.00 0.0 0 2.9 9 40 M M 0 14 50
8 95 67 81 -1 0 16 0.00 0.0 0 1.8 8 320 M M 0 1 12 300
9 97 73 85 3 0 20 0.00 0.0 0 4.6 13 230 M M 0 17 230
10 97 75 86 4 0 21 0.00 0.0 0 6.5 14 220 M M 0 17 200
11 98 74 86 4 0 21 0.00 0.0 0 6.9 24 360 M M 1 31 360
12 92 74 83 1 0 18 0.19 0.0 0 5.3 12 10 M M 3 18 16 160
13 88 75 82 0 0 17 0.84 0.0 0 7.2 18 170 M M 3 13 23 190
14 86 73 80 -2 0 15 1.27 0.0 0 5.9 30 320 M M 3 138 40 310
15 94 73 84 2 0 19 0.00 0.0 0 3.6 10 40 M M 1 1 16 340
16 94 68 81 -1 0 16 0.00 0.0 0 6.1 17 350 M M 2 12 22 360
17 90 66 78 -4 0 13 0.00 0.0 0 5.9 13 10 M M 0 19 30
18 91 65 78 -4 0 13 0.00 0.0 0 3.5 15 320 M M 0 12 19 310
19 86 67 77 -5 0 12 0.00 0.0 0 8.1 15 360 M M 2 24 10
20 89 63 76 -5 0 11 0.00 0.0 0 5.7 24 160 M M 2 123 32 170
21 88 67 78 -3 0 13 0.00 0.0 0 2.7 14 60 M M 2 21 60
22 89 64 77 -4 0 12 0.00 0.0 0 2.6 9 20 M M 2 12 15 290
23 92 66 79 -2 0 14 0.00 0.0 0 3.4 10 30 M M 1 16 50
24 93 68 81 0 0 16 T 0.0 0 4.8 14 60 M M 1 19 60
25 91 72 82 1 0 17 0.18 0.0 0 5.8 16 80 M M 3 1 24 120
26 95 75 85 4 0 20 T 0.0 0 6.4 18 200 M M 2 138 25 120
27 83 75 79 -2 0 14 0.44 0.0 0 16.1 38 190 M M 5 1 53 140
28 92 74 83 3 0 18 T 0.0 0 12.5 23 220 M M 3 33 210
29 95 76 86 6 0 21 0.00 0.0 0 5.8 14 230 M M 4 3 19 220
30 92 76 84 4 0 19 0.00 0.0 0 5.4 13 270 M M 2 17 260
31 92 76 84 4 0 19 T 0.0 0 7.2 17 230 M M 3 13 23 220
================================================================================
SM 2825 2161 0 483 2.92 0.0 176.4 M 54
================================================================================
AV 91.1 69.7 5.7 FASTST M M 2 MAX(MPH)
MISC ----> # 38 190 # 53 140
================================================================================
NOTES:
# LAST OF SEVERAL OCCURRENCES
COLUMN 17 PEAK WIND IN M.P.H.
PRELIMINARY LOCAL CLIMATOLOGICAL DATA (WS FORM: F-6) , PAGE 2
STATION: GREENVILLE
MONTH: AUGUST
YEAR: 2020
LATITUDE: 33 29 N
LONGITUDE: 90 59 W
[TEMPERATURE DATA] [PRECIPITATION DATA] SYMBOLS USED IN COLUMN 16
AVERAGE MONTHLY: 80.4 TOTAL FOR MONTH: 2.92 1 = FOG OR MIST
DPTR FM NORMAL: -1.1 DPTR FM NORMAL: 0.46 2 = FOG REDUCING VISIBILITY
HIGHEST: 98 ON 11 GRTST 24HR 1.27 ON 14-14 TO 1/4 MILE OR LESS
LOWEST: 60 ON 6 3 = THUNDER
SNOW, ICE PELLETS, HAIL 4 = ICE PELLETS
TOTAL MONTH: 0.0 INCH 5 = HAIL
GRTST 24HR 0.0 6 = FREEZING RAIN OR DRIZZLE
GRTST DEPTH: 0 7 = DUSTSTORM OR SANDSTORM:
VSBY 1/2 MILE OR LESS
8 = SMOKE OR HAZE
[NO. OF DAYS WITH] [WEATHER - DAYS WITH] 9 = BLOWING SNOW
X = TORNADO
MAX 32 OR BELOW: 0 0.01 INCH OR MORE: 5
MAX 90 OR ABOVE: 20 0.10 INCH OR MORE: 5
MIN 32 OR BELOW: 0 0.50 INCH OR MORE: 2
MIN 0 OR BELOW: 0 1.00 INCH OR MORE: 1
[HDD (BASE 65) ]
TOTAL THIS MO. 0 CLEAR (SCALE 0-3) 25
DPTR FM NORMAL 0 PTCLDY (SCALE 4-7) 6
TOTAL FM JUL 1 0 CLOUDY (SCALE 8-10) 0
DPTR FM NORMAL 0
[CDD (BASE 65) ]
TOTAL THIS MO. 483
DPTR FM NORMAL -27 [PRESSURE DATA]
TOTAL FM JAN 1 1830 HIGHEST SLP M ON M
DPTR FM NORMAL 51 LOWEST SLP 29.73 ON 27
[REMARKS]
#FINAL-08-20#