000
CXUS53 KAPX 010730
CF6GLR
PRELIMINARY LOCAL CLIMATOLOGICAL DATA (WS FORM: F-6)
STATION: GAYLORD
MONTH: JUNE
YEAR: 2022
LATITUDE: 45 0 N
LONGITUDE: 84 42 W
TEMPERATURE IN F: :PCPN: SNOW: WIND :SUNSHINE: SKY :PK WND
================================================================================
1 2 3 4 5 6A 6B 7 8 9 10 11 12 13 14 15 16 17 18
12Z AVG MX 2MIN
DY MAX MIN AVG DEP HDD CDD WTR SNW DPTH SPD SPD DIR MIN PSBL S-S WX SPD DR
================================================================================
1 76 49 63 4 2 0 T M M 6.3 15 240 M M 3 22 270
2 71 45 58 -1 7 0 0.00 M M 4.3 13 260 M M 1 20 270
3 73 42 58 -1 7 0 0.00 M M 6.8 29 260 M M 2 39 270
4 71 38 55 -5 10 0 0.00 M M 5.4 17 250 M M 2 27 250
5 74 47 61 1 4 0 0.02 M M 6.0 15 180 M M 2 25 180
6 61 53 57 -3 8 0 1.11 M M 5.9 13 170 M M 10 18 19 170
7 62 48 55 -5 10 0 0.00 M M 5.9 13 290 M M 7 18 23 280
8 69 43 56 -5 9 0 0.37 M M 2.5 10 60 M M 5 1 15 60
9 68 50 59 -2 6 0 0.00 M M 8.3 20 260 M M 2 27 260
10 76 44 60 -1 5 0 0.00 M M 4.6 16 290 M M 1 25 250
11 77 46 62 0 3 0 0.16 M M 4.5 16 270 M M 5 1 27 290
12 68 48 58 -4 7 0 0.14 M M 3.1 8 280 M M 4 12 15 270
13 72 43 58 -4 7 0 0.00 M M 4.7 12 130 M M 1 15 120
14 86 54 70 8 0 5 T M M 9.4 21 170 M M 2 30 190
15 94 68 81 19 0 16 0.03 M M 10.2 23 300 M M 2 38 43 280
16 M 68 M M M M 0.13 M M 16.6 29 230 M M 4 13 60 230
17 M M M M M M 0.00 M M 14.0 39 240 M M 3 138 59 230
18 69 44 57 -6 8 0 0.00 M M 6.5 15 30 M M 0 25 40
19 73 41 57 -6 8 0 0.06 M M 4.8 13 200 M M 2 3 18 170
20 87 58 73 9 0 8 0.36 M M 9.3 21 230 M M 4 3 27 230
21 91 69 80 16 0 15 0.00 M M 11.7 21 240 M M 0 30 250
22 80 57 69 5 0 4 0.00 M M 8.2 16 270 M M 0 27 270
23 79 45 62 -2 3 0 0.00 M M 3.5 10 290 M M 0 17 290
24 89 56 73 9 0 8 0.00 M M 7.3 20 240 M M 0 8 28 260
25 91 58 75 10 0 10 0.01 M M 7.2 20 220 M M 2 29 220
26 74 59 67 2 0 2 T M M 11.6 23 250 M M 7 8 35 240
27 63 48 56 -9 9 0 T M M 7.6 17 270 M M 6 30 280
28 84 44 64 -1 1 0 0.06 M M 11.7 29 230 M M 3 38 230
29 76 57 67 2 0 2 0.01 M M 5.4 13 50 M M 4 1 18 50
30 87 59 73 8 0 8 0.05 M M 15.2 25 220 M M 4 3 46 250
================================================================================
SM 2141 1481 114 78 2.51 M 228.5 M 88
================================================================================
AV 76.5 51.1 7.6 FASTST M M 3 MAX(MPH)
MISC ----> 39 240 60 230
================================================================================
NOTES:
# LAST OF SEVERAL OCCURRENCES
COLUMN 17 PEAK WIND IN M.P.H.
PRELIMINARY LOCAL CLIMATOLOGICAL DATA (WS FORM: F-6) , PAGE 2
STATION: GAYLORD
MONTH: JUNE
YEAR: 2022
LATITUDE: 45 0 N
LONGITUDE: 84 42 W
[TEMPERATURE DATA] [PRECIPITATION DATA] SYMBOLS USED IN COLUMN 16
AVERAGE MONTHLY: 63.8 TOTAL FOR MONTH: 2.51 1 = FOG OR MIST
DPTR FM NORMAL: 1.4 DPTR FM NORMAL: -0.25 2 = FOG REDUCING VISIBILITY
HIGHEST: 94 ON 15 GRTST 24HR 1.13 ON 5- 6 TO 1/4 MILE OR LESS
LOWEST: 38 ON 4 3 = THUNDER
SNOW, ICE PELLETS, HAIL 4 = ICE PELLETS
TOTAL MONTH: M 5 = HAIL
GRTST 24HR M ON M 6 = FREEZING RAIN OR DRIZZLE
GRTST DEPTH: M ON M 7 = DUSTSTORM OR SANDSTORM:
VSBY 1/2 MILE OR LESS
8 = SMOKE OR HAZE
[NO. OF DAYS WITH] [WEATHER - DAYS WITH] 9 = BLOWING SNOW
X = TORNADO
MAX 32 OR BELOW: 0 0.01 INCH OR MORE: 13
MAX 90 OR ABOVE: 3 0.10 INCH OR MORE: 6
MIN 32 OR BELOW: 0 0.50 INCH OR MORE: 1
MIN 0 OR BELOW: 0 1.00 INCH OR MORE: 1
[HDD (BASE 65) ]
TOTAL THIS MO. 114 CLEAR (SCALE 0-3) 18
DPTR FM NORMAL -20 PTCLDY (SCALE 4-7) 11
TOTAL FM JUL 1 7656 CLOUDY (SCALE 8-10) 1
DPTR FM NORMAL -707
[CDD (BASE 65) ]
TOTAL THIS MO. 78
DPTR FM NORMAL 22 [PRESSURE DATA]
TOTAL FM JAN 1 164 HIGHEST SLP 30.32 ON 19
DPTR FM NORMAL 91 LOWEST SLP 29.69 ON 16
[REMARKS]
#FINAL-06-22#