000
CXUS54 KHGX 281410
CF6GLS
PRELIMINARY LOCAL CLIMATOLOGICAL DATA (WS FORM: F-6)
STATION: GALVESTON
MONTH: MARCH
YEAR: 2024
LATITUDE: 29 16 N
LONGITUDE: 94 52 W
TEMPERATURE IN F: :PCPN: SNOW: WIND :SUNSHINE: SKY :PK WND
================================================================================
1 2 3 4 5 6A 6B 7 8 9 10 11 12 13 14 15 16 17 18
12Z AVG MX 2MIN
DY MAX MIN AVG DEP HDD CDD WTR SNW DPTH SPD SPD DIR MIN PSBL S-S WX SPD DR
================================================================================
1 61 53 57 -5 8 0 0.00 0.0 0 9.3 18 20 M M 7 23 20
2 68 56 62 0 3 0 0.00 0.0 0 6.3 12 130 M M 9 18 15 120
3 74 64 69 7 0 4 0.00 0.0 0 9.1 14 110 M M 9 128 19 110
4 74 65 70 7 0 5 0.00 0.0 0 8.2 16 160 M M 10 12 21 160
5 77 63 70 7 0 5 0.00 0.0 0 6.7 18 100 M M 6 1238 25 100
6 72 63 68 5 0 3 0.00 0.0 0 5.5 10 180 M M 6 128 15 210
7 76 63 70 7 0 5 0.02 0.0 0 10.1 21 120 M M 5 1 26 110
8 77 67 72 8 0 7 0.00 0.0 0 10.8 18 10 M M 7 18 27 20
9 67 55 61 -3 4 0 0.00 0.0 0 18.8 26 340 M M 3 37 310
10 66 55 61 -3 4 0 0.00 0.0 0 9.2 20 20 M M 0 24 20
11 69 56 63 -1 2 0 0.00 0.0 0 6.8 14 110 M M 3 21 110
12 74 61 68 4 0 3 0.00 0.0 0 10.0 16 120 M M 1 26 100
13 77 66 72 8 0 7 T 0.0 0 12.9 18 140 M M 8 18 27 160
14 77 69 73 8 0 8 0.00 0.0 M 13.9 21 140 M M 10 128 27 120
15 79 67 73 8 0 8 0.32 0.0 M 11.6 29 30 M M 7 138 49 70
16 74 66 70 5 0 5 M 0.0 M 13.7 26 110 M M 7 13 34 120
17 73 65 69 4 0 4 M 0.0 M 8.0 20 10 M M 8 13 32 310
18 71 59 65 -1 0 0 M 0.0 M 19.5 28 20 M M 3 36 10
19 62 52 57 -9 8 0 T 0.0 M 9.0 20 30 M M 3 25 20
20 67 56 62 -4 3 0 T 0.0 M 6.2 13 150 M M 9 18 150
21 69 65 67 1 0 2 1.49 0.0 0 17.9 28 130 M M 9 13 50 110
22 79 60 70 4 0 5 0.91 0.0 0 12.2 31 340 M M 5 13 44 320
23 72 60 66 -1 0 1 0.00 0.0 0 10.6 23 340 M M 0 30 340
24 71 65 68 1 0 3 0.00 0.0 0 15.0 21 130 M M 4 28 140
25 76 62 69 2 0 4 0.28 0.0 0 12.5 20 350 M M 8 1 25 170
26 68 60 64 -3 1 0 0.00 0.0 0 12.1 23 340 M M 0 29 360
27 71 56 64 -4 1 0 0.00 0.0 0 11.6 23 350 M M 2 28 350
================================================================================
SM 1941 1649 34 79 3.02 0.0 297.5 M 149
================================================================================
AV 71.9 61.1 11.0 FASTST M M 6 MAX(MPH)
MISC ----> 31 340 50 110
================================================================================
NOTES:
# LAST OF SEVERAL OCCURRENCES
COLUMN 17 PEAK WIND IN M.P.H.
PRELIMINARY LOCAL CLIMATOLOGICAL DATA (WS FORM: F-6) , PAGE 2
STATION: GALVESTON
MONTH: MARCH
YEAR: 2024
LATITUDE: 29 16 N
LONGITUDE: 94 52 W
[TEMPERATURE DATA] [PRECIPITATION DATA] SYMBOLS USED IN COLUMN 16
AVERAGE MONTHLY: 66.5 TOTAL FOR MONTH: 3.02 1 = FOG OR MIST
DPTR FM NORMAL: 1.7 DPTR FM NORMAL: 0.35 2 = FOG REDUCING VISIBILITY
HIGHEST: 79 ON 22,15 GRTST 24HR 2.40 ON 21-22 TO 1/4 MILE OR LESS
LOWEST: 52 ON 19 3 = THUNDER
SNOW, ICE PELLETS, HAIL 4 = ICE PELLETS
TOTAL MONTH: 0.0 INCH 5 = HAIL
GRTST 24HR 0.0 6 = FREEZING RAIN OR DRIZZLE
GRTST DEPTH: 0 7 = DUSTSTORM OR SANDSTORM:
VSBY 1/2 MILE OR LESS
8 = SMOKE OR HAZE
[NO. OF DAYS WITH] [WEATHER - DAYS WITH] 9 = BLOWING SNOW
X = TORNADO
MAX 32 OR BELOW: 0 0.01 INCH OR MORE: 5
MAX 90 OR ABOVE: 0 0.10 INCH OR MORE: 4
MIN 32 OR BELOW: 0 0.50 INCH OR MORE: 2
MIN 0 OR BELOW: 0 1.00 INCH OR MORE: 1
[HDD (BASE 65) ]
TOTAL THIS MO. 34 CLEAR (SCALE 0-3) 9
DPTR FM NORMAL -38 PTCLDY (SCALE 4-7) 11
TOTAL FM JUL 1 742 CLOUDY (SCALE 8-10) 7
DPTR FM NORMAL -128
[CDD (BASE 65) ]
TOTAL THIS MO. 79
DPTR FM NORMAL 10 [PRESSURE DATA]
TOTAL FM JAN 1 107 HIGHEST SLP M ON M
DPTR FM NORMAL 1 LOWEST SLP 29.50 ON 25
[REMARKS]