075
CXUS54 KHGX 041455
CF6GLS
PRELIMINARY LOCAL CLIMATOLOGICAL DATA (WS FORM: F-6)
STATION: GALVESTON
MONTH: MARCH
YEAR: 2021
LATITUDE: 29 16 N
LONGITUDE: 94 52 W
TEMPERATURE IN F: :PCPN: SNOW: WIND :SUNSHINE: SKY :PK WND
================================================================================
1 2 3 4 5 6A 6B 7 8 9 10 11 12 13 14 15 16 17 18
12Z AVG MX 2MIN
DY MAX MIN AVG DEP HDD CDD WTR SNW DPTH SPD SPD DIR MIN PSBL S-S WX SPD DR
================================================================================
1 72 55 64 4 1 0 0.28 0.0 0 15.5 28 360 M M 10 128 34 360
2 61 51 56 -4 9 0 0.04 0.0 0 16.6 29 350 M M 7 1 37 340
3 61 48 55 -6 10 0 0.00 0.0 0 8.3 14 30 M M 0 18 50
4 64 50 57 -4 8 0 0.00 0.0 0 6.5 13 80 M M 0 16 100
5 68 57 63 2 2 0 0.09 0.0 0 8.6 16 10 M M 8 1 19 20
6 69 54 62 1 3 0 0.00 0.0 0 13.4 25 10 M M 3 32 10
7 64 50 57 -5 8 0 0.00 0.0 0 10.9 18 80 M M 0 23 60
8 69 53 61 -1 4 0 0.00 0.0 0 9.5 17 80 M M 2 26 80
9 73 62 68 6 0 3 0.00 0.0 0 12.6 18 120 M M 1 23 130
10 75 64 70 8 0 5 0.00 0.0 0 13.9 18 130 M M 8 18 23 130
11 73 65 69 7 0 4 0.00 0.0 0 12.0 17 140 M M 9 18 23 140
12 75 66 71 9 0 6 0.00 0.0 0 12.2 18 110 M M 6 128 23 110
13 76 64 70 7 0 5 0.00 0.0 0 14.2 23 130 M M 7 128 29 130
14 73 64 69 6 0 4 0.04 0.0 0 12.5 25 120 M M 10 18 30 130
15 77 65 71 8 0 6 T 0.0 0 5.6 14 190 M M 9 128 17 170
16 78 67 73 10 0 8 0.02 0.0 0 9.6 16 120 M M 9 128 20 120
17 82 62 72 8 0 7 0.04 0.0 0 14.8 30 310 M M 7 18 40 310
18 71 52 62 -2 3 0 0.00 0.0 0 18.8 28 320 M M 0 36 320
19 68 53 61 -3 4 0 0.00 0.0 0 15.9 23 350 M M 0 28 30
20 64 51 58 -6 7 0 0.00 0.0 0 12.2 17 80 M M 1 22 20
21 68 54 61 -3 4 0 0.00 0.0 0 10.5 17 130 M M 5 22 130
22 73 61 67 2 0 2 0.00 0.0 0 13.1 21 150 M M 6 25 150
23 78 63 71 6 0 6 1.11 0.0 0 6.5 20 160 M M 7 13 29 260
24 70 66 68 3 0 3 T 0.0 0 16.0 25 90 M M 9 128 36 110
25 80 65 73 8 0 8 0.00 0.0 0 6.7 23 310 M M 5 18 28 320
26 76 62 69 3 0 4 0.00 0.0 0 12.0 20 80 M M 5 128 25 90
27 77 67 72 6 0 7 0.00 0.0 0 11.4 21 150 M M 9 128 25 150
28 73 60 67 1 0 2 0.17 0.0 0 15.5 36 360 M M 8 138 44 10
29 69 58 64 -2 1 0 T 0.0 0 10.9 16 90 M M 3 20 110
30 78 67 73 7 0 8 T 0.0 0 12.2 18 170 M M 9 18 24 160
31 80 60 70 3 0 5 0.07 0.0 0 15.9 32 20 M M 10 128 40 20
================================================================================
SM 2235 1836 64 93 1.86 0.0 374.3 M 173
================================================================================
AV 72.1 59.2 12.1 FASTST M M 6 MAX(MPH)
MISC ----> 36 360 44 10
================================================================================
NOTES:
# LAST OF SEVERAL OCCURRENCES
COLUMN 17 PEAK WIND IN M.P.H.
PRELIMINARY LOCAL CLIMATOLOGICAL DATA (WS FORM: F-6) , PAGE 2
STATION: GALVESTON
MONTH: MARCH
YEAR: 2021
LATITUDE: 29 16 N
LONGITUDE: 94 52 W
[TEMPERATURE DATA] [PRECIPITATION DATA] SYMBOLS USED IN COLUMN 16
AVERAGE MONTHLY: 65.7 TOTAL FOR MONTH: 1.86 1 = FOG OR MIST
DPTR FM NORMAL: 2.3 DPTR FM NORMAL: -1.30 2 = FOG REDUCING VISIBILITY
HIGHEST: 82 ON 17 GRTST 24HR 1.11 ON 23-23 TO 1/4 MILE OR LESS
LOWEST: 48 ON 3 3 = THUNDER
SNOW, ICE PELLETS, HAIL 4 = ICE PELLETS
TOTAL MONTH: 0.0 INCH 5 = HAIL
GRTST 24HR 0.0 6 = FREEZING RAIN OR DRIZZLE
GRTST DEPTH: 0 7 = DUSTSTORM OR SANDSTORM:
VSBY 1/2 MILE OR LESS
8 = SMOKE OR HAZE
[NO. OF DAYS WITH] [WEATHER - DAYS WITH] 9 = BLOWING SNOW
X = TORNADO
MAX 32 OR BELOW: 0 0.01 INCH OR MORE: 9
MAX 90 OR ABOVE: 0 0.10 INCH OR MORE: 3
MIN 32 OR BELOW: 0 0.50 INCH OR MORE: 1
MIN 0 OR BELOW: 0 1.00 INCH OR MORE: 1
[HDD (BASE 65) ]
TOTAL THIS MO. 64 CLEAR (SCALE 0-3) 9
DPTR FM NORMAL -39 PTCLDY (SCALE 4-7) 13
TOTAL FM JUL 1 865 CLOUDY (SCALE 8-10) 9
DPTR FM NORMAL -127
[CDD (BASE 65) ]
TOTAL THIS MO. 93
DPTR FM NORMAL 40 [PRESSURE DATA]
TOTAL FM JAN 1 119 HIGHEST SLP 30.48 ON 8
DPTR FM NORMAL 49 LOWEST SLP 29.58 ON 25
[REMARKS]
#FINAL-03-21#