000
CXUS54 KMAF 011110
CF6GNC
PRELIMINARY LOCAL CLIMATOLOGICAL DATA (WS FORM: F-6)
STATION: GAINES COUNTY AIRPORT
MONTH: MAY
YEAR: 2022
LATITUDE: 32 40 N
LONGITUDE: 102 39 W
TEMPERATURE IN F: :PCPN: SNOW: WIND :SUNSHINE: SKY :PK WND
================================================================================
1 2 3 4 5 6A 6B 7 8 9 10 11 12 13 14 15 16 17 18
12Z AVG MX 2MIN
DY MAX MIN AVG DEP HDD CDD WTR SNW DPTH SPD SPD DIR MIN PSBL S-S WX SPD DR
================================================================================
1 84 55 70 M 0 5 M M M 14.4 26 140 M M 4 33 140
2 92 64 78 M 0 13 M M M 11.9 16 260 M M 0 24 190
3 77 47 62 M 3 0 M M M 10.9 16 50 M M 1 25 40
4 87 71 79 M 0 14 M M M 11.6 18 180 M M 3 25 180
5 83 52 68 M 0 3 M M M 11.1 20 360 M M 0 26 360
6 95 50 73 M 0 8 M M M 8.5 15 280 M M 0 25 300
7 101 55 78 M 0 13 M M M 11.2 20 250 M M 0 32 230
8 99 63 81 M 0 16 M M M 15.6 26 230 M M 0 35 220
9 97 61 79 M 0 14 M M M 13.3 22 220 M M 0 29 220
10 95 65 80 M 0 15 M M M 10.3 23 150 M M 0 37 150
11 94 64 79 M 0 14 M M M 13.9 23 160 M M 1 29 160
12 99 70 85 M 0 20 M M M 12.8 23 270 M M 0 33 270
13 95 56 76 M 0 11 M M M 6.6 13 20 M M 0 18 360
14 98 58 78 M 0 13 M M M 5.6 12 220 M M 0 21 10
15 101 60 81 M 0 16 M M M 7.0 12 60 M M 0 18 60
16 97 65 81 M 0 16 M M M 10.0 16 110 M M 1 23 270
17 102 74 88 M 0 23 0.08 M M 12.1 23 240 M M 0 31 240
18 99 67 83 M 0 18 M M M 7.5 14 200 M M 0 20 180
19 101 64 83 M 0 18 M M M 10.4 21 220 M M 0 28 240
20 97 64 81 M 0 16 M M M 12.3 21 250 M M 0 31 240
21 78 54 66 M 0 1 M M M 14.5 26 20 M M 1 8 35 20
22 73 49 61 M 4 0 M M M 12.3 20 50 M M 3 26 60
23 87 59 73 M 0 8 0.32 M M 12.5 22 150 M M 4 33 150
24 75 50 63 M 2 0 0.26 M M 12.6 37 360 M M 5 48 360
25 76 44 60 M 5 0 M M M 7.8 14 330 M M 0 21 360
26 89 54 72 M 0 7 M M M 4.6 10 190 M M 0 16 170
27 98 60 79 M 0 14 M M M 10.4 16 180 M M 0 25 200
28 104 70 87 M 0 22 M M M 12.7 21 180 M M 0 8 29 210
29 100 70 85 M 0 20 M M M 15.7 24 220 M M 0 8 33 220
30 97 69 83 M 0 18 M M M 10.7 22 220 M M 0 28 220
31 99 73 86 M 0 21 M M M 12.1 17 190 M M 0 8 28 190
================================================================================
SM 2869 1877 14 377 0.66 M 342.7 M 23
================================================================================
AV 92.5 60.5 11.1 FASTST M M 1 MAX(MPH)
MISC ----> 37 360 48 360
================================================================================
NOTES:
# LAST OF SEVERAL OCCURRENCES
COLUMN 17 PEAK WIND IN M.P.H.
PRELIMINARY LOCAL CLIMATOLOGICAL DATA (WS FORM: F-6) , PAGE 2
STATION: GAINES COUNTY AIRPORT
MONTH: MAY
YEAR: 2022
LATITUDE: 32 40 N
LONGITUDE: 102 39 W
[TEMPERATURE DATA] [PRECIPITATION DATA] SYMBOLS USED IN COLUMN 16
AVERAGE MONTHLY: 76.5 TOTAL FOR MONTH: 0.66 1 = FOG OR MIST
DPTR FM NORMAL: 0.0 DPTR FM NORMAL: M 2 = FOG REDUCING VISIBILITY
HIGHEST: 104 ON 28 GRTST 24HR 0.32 ON 23-23 TO 1/4 MILE OR LESS
LOWEST: 44 ON 25 3 = THUNDER
SNOW, ICE PELLETS, HAIL 4 = ICE PELLETS
TOTAL MONTH: M 5 = HAIL
GRTST 24HR M ON M 6 = FREEZING RAIN OR DRIZZLE
GRTST DEPTH: M ON M 7 = DUSTSTORM OR SANDSTORM:
VSBY 1/2 MILE OR LESS
8 = SMOKE OR HAZE
[NO. OF DAYS WITH] [WEATHER - DAYS WITH] 9 = BLOWING SNOW
X = TORNADO
MAX 32 OR BELOW: 0 0.01 INCH OR MORE: 3
MAX 90 OR ABOVE: 21 0.10 INCH OR MORE: 2
MIN 32 OR BELOW: 0 0.50 INCH OR MORE: 0
MIN 0 OR BELOW: 0 1.00 INCH OR MORE: 0
[HDD (BASE 65) ]
TOTAL THIS MO. 14 CLEAR (SCALE 0-3) 27
DPTR FM NORMAL M PTCLDY (SCALE 4-7) 4
TOTAL FM JUL 1 2615 CLOUDY (SCALE 8-10) 0
DPTR FM NORMAL M
[CDD (BASE 65) ]
TOTAL THIS MO. 377
DPTR FM NORMAL M [PRESSURE DATA]
TOTAL FM JAN 1 508 HIGHEST SLP M ON M
DPTR FM NORMAL M LOWEST SLP M ON M
[REMARKS]
#FINAL-05-22#