000
CXUS52 KJAX 030018
CF6GNV
PRELIMINARY LOCAL CLIMATOLOGICAL DATA (WS FORM: F-6)
STATION: GAINESVILLE
MONTH: JULY
YEAR: 2020
LATITUDE: 29 40 N
LONGITUDE: 82 16 W
TEMPERATURE IN F: :PCPN: SNOW: WIND :SUNSHINE: SKY :PK WND
================================================================================
1 2 3 4 5 6A 6B 7 8 9 10 11 12 13 14 15 16 17 18
12Z AVG MX 2MIN
DY MAX MIN AVG DEP HDD CDD WTR SNW DPTH SPD SPD DIR MIN PSBL S-S WX SPD DR
================================================================================
1 87 70 79 -2 0 14 T 0.0 0 5.8 15 290 M M 1 19 290
2 91 69 80 -1 0 15 0.33 0.0 0 6.2 35 300 M M 1 13 51 280
3 90 71 81 0 0 16 0.00 0.0 0 2.4 20 40 M M 1 3 24 30
4 90 71 81 0 0 16 0.05 0.0 0 2.4 18 220 M M 2 13 23 220
5 87 72 80 -1 0 15 0.03 0.0 0 5.9 16 220 M M 2 13 21 180
6 84 72 78 -3 0 13 0.20 0.0 0 5.3 18 180 M M 3 13 21 180
7 87 72 80 -1 0 15 0.55 0.0 0 8.0 32 250 M M 2 13 40 260
8 88 75 82 1 0 17 0.35 0.0 0 8.4 18 240 M M 3 13 26 260
9 91 75 83 2 0 18 0.00 0.0 0 7.7 16 260 M M 3 1 20 240
10 95 76 86 5 0 21 1.65 0.0 0 6.9 21 260 M M 4 13 24 260
11 95 74 85 4 0 20 0.03 0.0 0 6.7 15 210 M M 2 13 20 210
12 94 71 83 2 0 18 0.00 0.0 0 5.1 15 250 M M 0 1 19 290
13 91 72 82 1 0 17 0.00 0.0 0 6.7 17 260 M M 1 23 250
14 94 76 85 4 0 20 0.00 0.0 0 6.9 18 250 M M 2 23 280
15 93 72 83 2 0 18 1.08 0.0 0 4.2 26 60 M M 2 13 32 60
16 93 70 82 1 0 17 0.00 0.0 0 4.7 13 90 M M 1 19 70
17 93 71 82 1 0 17 0.16 0.0 0 2.8 20 110 M M 1 13 22 110
18 92 71 82 1 0 17 0.01 0.0 0 4.6 22 120 M M 2 3 26 120
19 93 71 82 1 0 17 0.00 0.0 0 4.2 15 130 M M 1 18 120
20 92 71 82 1 0 17 T 0.0 0 4.1 17 110 M M 1 21 110
21 93 73 83 2 0 18 0.81 0.0 0 3.2 22 140 M M 1 13 27 150
22 91 72 82 1 0 17 0.03 0.0 0 4.1 23 120 M M 1 13 28 140
23 89 73 81 0 0 16 T 0.0 0 5.7 24 150 M M 2 3 31 140
24 93 71 82 1 0 17 T 0.0 0 6.3 16 110 M M 1 21 100
25 91 73 82 1 0 17 T 0.0 0 4.5 16 110 M M 1 1 23 140
26 93 71 82 1 0 17 0.02 0.0 0 3.0 16 20 M M 2 13 19 30
27 90 71 81 0 0 16 T 0.0 0 4.7 17 220 M M 1 23 220
28 89 73 81 0 0 16 T 0.0 0 6.4 23 250 M M 1 3 30 250
29 88 72 80 -1 0 15 0.95 0.0 0 4.3 24 280 M M 3 13 35 310
30 89 72 81 0 0 16 0.01 0.0 0 6.1 21 280 M M 4 1 26 270
31 93 72 83 2 0 18 0.00 0.0 0 3.6 12 250 M M 1 16 220
================================================================================
SM 2819 2235 0 521 6.26 0.0 160.9 M 53
================================================================================
AV 90.9 72.1 5.2 FASTST M M 2 MAX(MPH)
MISC ----> 35 300 51 280
================================================================================
NOTES:
# LAST OF SEVERAL OCCURRENCES
COLUMN 17 PEAK WIND IN M.P.H.
PRELIMINARY LOCAL CLIMATOLOGICAL DATA (WS FORM: F-6) , PAGE 2
STATION: GAINESVILLE
MONTH: JULY
YEAR: 2020
LATITUDE: 29 40 N
LONGITUDE: 82 16 W
[TEMPERATURE DATA] [PRECIPITATION DATA] SYMBOLS USED IN COLUMN 16
AVERAGE MONTHLY: 81.5 TOTAL FOR MONTH: 6.26 1 = FOG OR MIST
DPTR FM NORMAL: 0.3 DPTR FM NORMAL: 0.19 2 = FOG REDUCING VISIBILITY
HIGHEST: 95 ON 11,10 GRTST 24HR 1.68 ON 10-11 TO 1/4 MILE OR LESS
LOWEST: 69 ON 2 3 = THUNDER
SNOW, ICE PELLETS, HAIL 4 = ICE PELLETS
TOTAL MONTH: 0.0 INCH 5 = HAIL
GRTST 24HR 0.0 6 = FREEZING RAIN OR DRIZZLE
GRTST DEPTH: 0 7 = DUSTSTORM OR SANDSTORM:
VSBY 1/2 MILE OR LESS
8 = SMOKE OR HAZE
[NO. OF DAYS WITH] [WEATHER - DAYS WITH] 9 = BLOWING SNOW
X = TORNADO
MAX 32 OR BELOW: 0 0.01 INCH OR MORE: 16
MAX 90 OR ABOVE: 22 0.10 INCH OR MORE: 9
MIN 32 OR BELOW: 0 0.50 INCH OR MORE: 5
MIN 0 OR BELOW: 0 1.00 INCH OR MORE: 2
[HDD (BASE 65) ]
TOTAL THIS MO. 0 CLEAR (SCALE 0-3) 28
DPTR FM NORMAL 0 PTCLDY (SCALE 4-7) 3
TOTAL FM JUL 1 0 CLOUDY (SCALE 8-10) 0
DPTR FM NORMAL 0
[CDD (BASE 65) ]
TOTAL THIS MO. 521
DPTR FM NORMAL 19 [PRESSURE DATA]
TOTAL FM JAN 1 1667 HIGHEST SLP 30.18 ON 17
DPTR FM NORMAL 216 LOWEST SLP 29.83 ON 12
[REMARKS]
#FINAL-07-20#