000
CXUS54 KOUN 010910
CF6GOK
PRELIMINARY LOCAL CLIMATOLOGICAL DATA (WS FORM: F-6)
STATION: GUTHRIE MUNICIPAL
MONTH: NOVEMBER
YEAR: 2023
LATITUDE: 35 50 N
LONGITUDE: 97 25 W
TEMPERATURE IN F: :PCPN: SNOW: WIND :SUNSHINE: SKY :PK WND
================================================================================
1 2 3 4 5 6A 6B 7 8 9 10 11 12 13 14 15 16 17 18
12Z AVG MX 2MIN
DY MAX MIN AVG DEP HDD CDD WTR SNW DPTH SPD SPD DIR MIN PSBL S-S WX SPD DR
================================================================================
1 55 24 40 -16 25 0 0.00 M M 8.6 17 190 M M 0 26 180
2 65 38 52 -3 13 0 0.00 M M 13.0 22 190 M M 0 30 200
3 72 46 59 4 6 0 0.00 M M 10.9 21 200 M M 0 30 190
4 73 49 61 7 4 0 0.00 M M 5.9 10 60 M M 2 15 220
5 77 52 65 11 0 0 0.00 M M 9.3 21 200 M M 1 31 210
6 79 56 68 14 0 3 0.00 M M 9.7 22 200 M M 0 35 190
7 85 55 70 17 0 5 0.00 M M 10.9 21 190 M M 0 31 180
8 76 53 65 12 0 0 0.00 M M 9.8 18 200 M M 2 29 320
9 55 44 50 -2 15 0 0.00 M M 7.3 15 40 M M 2 27 20
10 63 31 47 -5 18 0 0.00 0.0 0 5.4 14 80 M M 1 20 80
11 63 42 53 1 12 0 0.00 0.0 0 5.4 15 170 M M 7 20 160
12 68 39 54 3 11 0 0.00 M M 5.3 12 180 M M 0 17 190
13 71 39 55 4 10 0 0.00 M M 4.5 15 170 M M 0 21 130
14 69 40 55 4 10 0 0.00 M M 6.9 14 190 M M 0 20 190
15 72 44 58 8 7 0 0.00 M M 6.9 13 180 M M 0 16 210
16 67 48 58 8 7 0 0.00 M M 13.0 23 180 M M 0 33 190
17 62 43 53 4 12 0 0.00 M M 3.7 13 180 M M 5 1 19 340
18 69 36 53 4 12 0 0.00 M M 4.7 13 150 M M 1 17 140
19 57 53 55 6 10 0 0.33 M M 12.4 23 140 M M 9 13 38 150
20 58 44 51 3 14 0 0.01 M M 9.7 18 360 M M 10 18 31 10
21 53 29 41 -7 24 0 0.00 M M 7.6 17 330 M M 5 33 310
22 57 25 41 -6 24 0 0.00 M M 4.5 13 200 M M 0 16 180
23 67 35 51 4 14 0 0.00 M M 7.6 16 180 M M 0 21 190
24 48 31 40 -7 25 0 0.00 M M 7.0 14 50 M M 0 22 50
25 39 28 34 -12 31 0 0.32 M M 5.8 14 330 M M 8 16 26 350
26 40 22 31 -15 34 0 0.00 M M 7.1 15 300 M M 1 1 23 320
27 52 22 37 -9 28 0 0.00 0.0 M 4.0 10 280 M M 0 14 300
28 60 25 43 -2 22 0 0.00 0.0 M 6.4 17 240 M M 0 24 240
29 64 33 49 4 16 0 0.00 0.0 M 8.8 21 200 M M 0 28 190
30 55 43 49 5 16 0 0.32 M M 9.6 21 190 M M 9 13 30 200
================================================================================
SM 1891 1169 420 8 0.98 0.0 231.7 M 63
================================================================================
AV 63.0 39.0 7.7 FASTST M M 2 MAX(MPH)
MISC ----> # 23 180 38 150
================================================================================
NOTES:
# LAST OF SEVERAL OCCURRENCES
COLUMN 17 PEAK WIND IN M.P.H.
PRELIMINARY LOCAL CLIMATOLOGICAL DATA (WS FORM: F-6) , PAGE 2
STATION: GUTHRIE MUNICIPAL
MONTH: NOVEMBER
YEAR: 2023
LATITUDE: 35 50 N
LONGITUDE: 97 25 W
[TEMPERATURE DATA] [PRECIPITATION DATA] SYMBOLS USED IN COLUMN 16
AVERAGE MONTHLY: 51.0 TOTAL FOR MONTH: 0.98 1 = FOG OR MIST
DPTR FM NORMAL: 1.0 DPTR FM NORMAL: -0.96 2 = FOG REDUCING VISIBILITY
HIGHEST: 85 ON 7 GRTST 24HR 0.34 ON 19-20 TO 1/4 MILE OR LESS
LOWEST: 22 ON 27,26 3 = THUNDER
SNOW, ICE PELLETS, HAIL 4 = ICE PELLETS
TOTAL MONTH: 0.0 INCH 5 = HAIL
GRTST 24HR 0.0 6 = FREEZING RAIN OR DRIZZLE
GRTST DEPTH: 0 7 = DUSTSTORM OR SANDSTORM:
VSBY 1/2 MILE OR LESS
8 = SMOKE OR HAZE
[NO. OF DAYS WITH] [WEATHER - DAYS WITH] 9 = BLOWING SNOW
X = TORNADO
MAX 32 OR BELOW: 0 0.01 INCH OR MORE: 4
MAX 90 OR ABOVE: 0 0.10 INCH OR MORE: 3
MIN 32 OR BELOW: 9 0.50 INCH OR MORE: 0
MIN 0 OR BELOW: 0 1.00 INCH OR MORE: 0
[HDD (BASE 65) ]
TOTAL THIS MO. 420 CLEAR (SCALE 0-3) 23
DPTR FM NORMAL -37 PTCLDY (SCALE 4-7) 4
TOTAL FM JUL 1 627 CLOUDY (SCALE 8-10) 3
DPTR FM NORMAL -20
[CDD (BASE 65) ]
TOTAL THIS MO. 8
DPTR FM NORMAL 1 [PRESSURE DATA]
TOTAL FM JAN 1 2160 HIGHEST SLP 30.51 ON 1
DPTR FM NORMAL 68 LOWEST SLP 29.57 ON 20
[REMARKS]
#FINAL-11-23#