000
CXUS55 KMSO 010900
CF6GPI
PRELIMINARY LOCAL CLIMATOLOGICAL DATA (WS FORM: F-6)
STATION: KALISPELL MT
MONTH: APRIL
YEAR: 2021
LATITUDE: 48 17 N
LONGITUDE: 114 16 W
TEMPERATURE IN F: :PCPN: SNOW: WIND :SUNSHINE: SKY :PK WND
================================================================================
1 2 3 4 5 6A 6B 7 8 9 10 11 12 13 14 15 16 17 18
12Z AVG MX 2MIN
DY MAX MIN AVG DEP HDD CDD WTR SNW DPTH SPD SPD DIR MIN PSBL S-S WX SPD DR
================================================================================
1 69 21 45 5 20 0 0.00 0.0 0 5.0 23 220 M M 0 31 220
2 67 27 47 6 18 0 0.00 0.0 0 6.0 20 220 M M 0 24 220
3 64 26 45 4 20 0 0.00 0.0 0 3.8 16 150 M M 2 23 170
4 63 36 50 9 15 0 0.00 0.0 0 5.8 22 250 M M 9 29 260
5 56 31 44 3 21 0 0.02 0.0 0 5.7 16 190 M M 6 1 19 190
6 59 23 41 -1 24 0 0.00 0.0 0 5.9 18 170 M M 0 22 170
7 66 22 44 2 21 0 0.00 0.0 0 8.3 24 260 M M 2 33 250
8 48 29 39 -3 26 0 0.17 T 0 8.7 24 260 M M 7 138 33 250
9 55 27 41 -1 24 0 0.00 0.0 0 8.7 24 150 M M 3 28 150
10 48 33 41 -1 24 0 0.01 T 0 11.3 28 230 M M 9 8 35 230
11 46 24 35 -8 30 0 0.00 0.0 0 3.4 13 110 M M 6 15 180
12 48 22 35 -8 30 0 0.00 0.0 0 9.2 23 40 M M 3 31 40
13 48 27 38 -5 27 0 0.00 0.0 0 9.6 22 40 M M 3 27 50
14 57 24 41 -2 24 0 0.00 0.0 0 11.1 25 40 M M 2 35 40
15 62 26 44 0 21 0 0.00 0.0 0 7.8 21 20 M M 2 25 30
16 65 22 44 0 21 0 0.00 0.0 0 3.9 18 50 M M 0 23 50
17 69 25 47 3 18 0 0.00 0.0 0 4.1 13 170 M M 0 8 16 180
18 62 27 45 1 20 0 0.01 T 0 13.6 40 20 M M 5 1 48 20
19 49 28 39 -5 26 0 0.00 0.0 0 9.4 16 10 M M 3 20 20
20 56 23 40 -5 25 0 0.00 0.0 0 2.6 13 170 M M 3 16 170
21 60 20 40 -5 25 0 0.00 0.0 0 6.9 20 160 M M 0 25 140
22 47 30 39 -6 26 0 0.05 0.0 0 11.6 28 30 M M 9 1 35 30
23 46 34 40 -5 25 0 T T 0 6.2 20 20 M M 8 26 30
24 53 36 45 -1 20 0 0.14 0.0 0 8.1 16 40 M M 10 1 19 40
25 51 37 44 -2 21 0 0.29 0.0 0 5.3 14 240 M M 10 18 17 340
26 54 31 43 -3 22 0 0.00 0.0 0 6.0 15 170 M M 8 1 18 140
27 65 25 45 -1 20 0 0.00 0.0 0 6.7 22 150 M M 2 1 26 190
28 68 34 51 4 14 0 0.00 0.0 0 6.2 18 210 M M 5 24 230
29 75 48 62 15 3 0 T 0.0 0 6.4 16 170 M M 5 19 250
30 72 38 55 8 10 0 0.00 0.0 0 6.8 21 210 M M 4 27 270
================================================================================
SM 1748 856 641 0 0.69 T 214.1 M 126
================================================================================
AV 58.3 28.5 7.1 FASTST M M 4 MAX(MPH)
MISC ----> 40 20 48 20
================================================================================
NOTES:
# LAST OF SEVERAL OCCURRENCES
COLUMN 17 PEAK WIND IN M.P.H.
PRELIMINARY LOCAL CLIMATOLOGICAL DATA (WS FORM: F-6) , PAGE 2
STATION: KALISPELL MT
MONTH: APRIL
YEAR: 2021
LATITUDE: 48 17 N
LONGITUDE: 114 16 W
[TEMPERATURE DATA] [PRECIPITATION DATA] SYMBOLS USED IN COLUMN 16
AVERAGE MONTHLY: 43.4 TOTAL FOR MONTH: 0.69 1 = FOG OR MIST
DPTR FM NORMAL: -0.2 DPTR FM NORMAL: -0.55 2 = FOG REDUCING VISIBILITY
HIGHEST: 75 ON 29 GRTST 24HR 0.35 ON 24-25 TO 1/4 MILE OR LESS
LOWEST: 20 ON 21 3 = THUNDER
SNOW, ICE PELLETS, HAIL 4 = ICE PELLETS
TOTAL MONTH: T 5 = HAIL
GRTST 24HR T ON 8- 8 6 = FREEZING RAIN OR DRIZZLE
GRTST DEPTH: 0 7 = DUSTSTORM OR SANDSTORM:
VSBY 1/2 MILE OR LESS
8 = SMOKE OR HAZE
[NO. OF DAYS WITH] [WEATHER - DAYS WITH] 9 = BLOWING SNOW
X = TORNADO
MAX 32 OR BELOW: 0 0.01 INCH OR MORE: 7
MAX 90 OR ABOVE: 0 0.10 INCH OR MORE: 3
MIN 32 OR BELOW: 22 0.50 INCH OR MORE: 0
MIN 0 OR BELOW: 0 1.00 INCH OR MORE: 0
[HDD (BASE 65) ]
TOTAL THIS MO. 641 CLEAR (SCALE 0-3) 15
DPTR FM NORMAL 1 PTCLDY (SCALE 4-7) 9
TOTAL FM JUL 1 7033 CLOUDY (SCALE 8-10) 6
DPTR FM NORMAL -378
[CDD (BASE 65) ]
TOTAL THIS MO. 0
DPTR FM NORMAL 0 [PRESSURE DATA]
TOTAL FM JAN 1 0 HIGHEST SLP M ON M
DPTR FM NORMAL 0 LOWEST SLP 29.63 ON 25
[REMARKS]
#FINAL-04-21#