000
CXUS53 KGRB 031621
CLAGRB
CLIMATE REPORT
NATIONAL WEATHER SERVICE GREEN BAY
1021 AM CST TUE JAN 03 2023
...................................
...THE GREEN BAY WI CLIMATE SUMMARY FOR THE YEAR OF 2022...
CLIMATE NORMAL PERIOD: 1991 TO 2020
CLIMATE RECORD PERIOD: 1886 TO 2023
WEATHER OBSERVED NORMAL DEPART LAST YEAR`S
VALUE DATE(S) VALUE FROM VALUE DATE(S)
NORMAL
................................................................
TEMPERATURE (F)
RECORD
HIGH 104 07/13/1936
LOW -36 01/21/1888
HIGHEST 96 06/21 95 06/05
LOWEST -17 01/26 -16 02/11
AVG. MAXIMUM 55.6 54.7 0.9 57.6
AVG. MINIMUM 37.1 36.7 0.4 38.1
MEAN 46.4 45.7 0.7 47.8
DAYS MAX >= 90 10 5.5 4.5 10
DAYS MAX <= 32 69 66.3 2.7 52
DAYS MIN <= 32 142 152.3 -10.3 147
DAYS MIN <= 0 17 19.2 -2.2 16
PRECIPITATION (INCHES)
RECORD
MAXIMUM 48.63 2019
MINIMUM 16.31 1930
TOTALS 33.56 31.61 1.95 29.56
DAILY AVG. 0.09
DAYS >= .01 121 126.4 -5.4 120
DAYS >= .10 57 68.3 -11.3 63
DAYS >= .50 26 19.6 6.4 13
DAYS >= 1.00 9 5.9 3.1 6
SNOWFALL (INCHES)
RECORDS
TOTAL 123.8 1887
TOTALS 38.0 55.6 -17.6 43.0
SINCE 7/1 15.6 16.5 -0.9 21.4
SNOWDEPTH AVG. 1
DAYS >= TRACE 85 40.8 44.2 61
DAYS >= 1.0 15 16.7 -1.7 13
GREATEST
SNOW DEPTH 8 12/23 11 02/21
02/22
02/23
24 HR TOTAL MM
DEGREE DAYS
HEATING TOTAL 7361 7505 -144 6775
SINCE 7/1 2596 2833 -237 2399
COOLING TOTAL 702 508 194 678
SINCE 1/1 702 508 194 678
FREEZE DATES
RECORD
EARLIEST 09/12/1955
LATEST 06/06/1958
EARLIEST 10/19
LATEST 04/28
................................................................
WIND (MPH)
AVERAGE WIND SPEED 8.8
HIGHEST WIND SPEED/DIRECTION 43/320 DATE 07/12
HIGHEST GUST SPEED/DIRECTION 62/320 DATE 07/12
SKY COVER
POSSIBLE SUNSHINE (PERCENT) MM
AVERAGE SKY COVER 0.43
NUMBER OF DAYS FAIR 176
NUMBER OF DAYS PC 93
NUMBER OF DAYS CLOUDY 95
AVERAGE RH (PERCENT) 68
WEATHER CONDITIONS. NUMBER OF DAYS WITH
THUNDERSTORM 32 MIXED PRECIP 2
HEAVY RAIN 28 RAIN 48
LIGHT RAIN 102 FREEZING RAIN 3
LT FREEZING RAIN 5 HAIL 1
HEAVY SNOW 1 SNOW 8
LIGHT SNOW 75 SLEET 2
FOG 146 FOG W/VIS <= 1/4 MILE 16
HAZE 75
- INDICATES NEGATIVE NUMBERS.
R INDICATES RECORD WAS SET OR TIED.
MM INDICATES DATA IS MISSING.
T INDICATES TRACE AMOUNT.
$$