000
CXUS53 KIWX 010800
CF6GSH
PRELIMINARY LOCAL CLIMATOLOGICAL DATA (WS FORM: F-6)
STATION: GOSHEN
MONTH: JULY
YEAR: 2020
LATITUDE: 41 31 N
LONGITUDE: 85 47 W
TEMPERATURE IN F: :PCPN: SNOW: WIND :SUNSHINE: SKY :PK WND
================================================================================
1 2 3 4 5 6A 6B 7 8 9 10 11 12 13 14 15 16 17 18
12Z AVG MX 2MIN
DY MAX MIN AVG DEP HDD CDD WTR SNW DPTH SPD SPD DIR MIN PSBL S-S WX SPD DR
================================================================================
1 90 65 78 6 0 13 0.00 0.0 0 6.9 13 80 M M 1 18 100
2 91 63 77 5 0 12 0.00 0.0 0 4.1 13 360 M M 1 18 18 330
3 92 64 78 6 0 13 0.00 0.0 0 5.1 16 340 M M 0 18 21 340
4 90 68 79 7 0 14 0.04 0.0 0 3.4 24 350 M M 2 138 31 340
5 91 67 79 7 0 14 0.00 0.0 0 3.9 15 320 M M 1 128 18 320
6 92 64 78 6 0 13 0.00 0.0 0 2.9 12 310 M M 0 18 15 310
7 93 66 80 8 0 15 0.00 0.0 0 3.9 28 10 M M 0 138 42 20
8 93 69 81 9 0 16 0.00 0.0 0 3.6 18 130 M M 1 138 23 140
9 93 69 81 9 0 16 0.00 0.0 0 5.5 14 210 M M 0 18 20 200
10 80 69 75 3 0 10 0.75 0.0 0 9.2 24 310 M M 6 138 35 310
11 85 66 76 4 0 11 0.00 0.0 0 8.3 21 300 M M 2 1 27 300
12 81 63 72 0 0 7 0.13 0.0 0 7.9 33 250 M M 4 13 49 250
13 80 61 71 -1 0 6 0.00 0.0 0 6.5 15 350 M M 1 21 10
14 85 57 71 -1 0 6 0.00 M M 3.3 12 190 M M 0 1 16 160
15 87 64 76 4 0 11 0.24 M M 5.1 14 170 M M 1 1 18 220
16 79 64 72 0 0 7 1.98 M M 6.5 15 110 M M 8 13 20 120
17 85 62 74 2 0 9 0.00 0.0 0 3.9 12 220 M M 1 18 17 230
18 89 66 78 6 0 13 0.00 0.0 0 8.9 17 210 M M 1 1 23 190
19 83 71 77 5 0 12 0.12 0.0 0 10.4 36 250 M M 4 13 49 240
20 84 66 75 3 0 10 0.00 0.0 0 6.6 16 260 M M 1 1 20 300
21 81 66 74 2 0 9 0.12 0.0 0 5.1 16 80 M M 4 1 20 90
22 84 69 77 5 0 12 0.01 0.0 0 6.8 15 250 M M 7 20 220
23 84 69 77 5 0 12 0.00 0.0 0 5.5 15 310 M M 7 128 20 290
24 87 66 77 5 0 12 0.00 0.0 0 2.7 10 50 M M 4 1 14 60
25 88 63 76 4 0 11 0.00 0.0 0 2.8 9 200 M M 1 1 13 210
26 91 64 78 6 0 13 0.00 0.0 0 7.4 16 210 M M 1 18 22 210
27 82 65 74 3 0 9 T 0.0 0 8.3 16 340 M M 5 1 24 330
28 85 61 73 2 0 8 0.00 0.0 0 6.8 17 260 M M 2 1 24 280
29 89 66 78 7 0 13 0.00 0.0 0 8.9 18 250 M M 3 25 260
30 83 68 76 5 0 11 0.00 0.0 0 6.2 13 40 M M 6 17 90
31 83 59 71 0 0 6 0.00 0.0 0 6.5 14 40 M M 0 20 360
================================================================================
SM 2680 2020 0 344 3.39 0.0 182.9 M 75
================================================================================
AV 86.5 65.2 5.9 FASTST M M 2 MAX(MPH)
MISC ----> # 36 250 # 49 250
================================================================================
NOTES:
# LAST OF SEVERAL OCCURRENCES
COLUMN 17 PEAK WIND IN M.P.H.
PRELIMINARY LOCAL CLIMATOLOGICAL DATA (WS FORM: F-6) , PAGE 2
STATION: GOSHEN
MONTH: JULY
YEAR: 2020
LATITUDE: 41 31 N
LONGITUDE: 85 47 W
[TEMPERATURE DATA] [PRECIPITATION DATA] SYMBOLS USED IN COLUMN 16
AVERAGE MONTHLY: 75.8 TOTAL FOR MONTH: 3.39 1 = FOG OR MIST
DPTR FM NORMAL: 3.9 DPTR FM NORMAL: -0.80 2 = FOG REDUCING VISIBILITY
HIGHEST: 93 ON 9, 8 GRTST 24HR 1.98 ON 16-16 TO 1/4 MILE OR LESS
LOWEST: 57 ON 14 3 = THUNDER
SNOW, ICE PELLETS, HAIL 4 = ICE PELLETS
TOTAL MONTH: 0.0 INCH 5 = HAIL
GRTST 24HR 0.0 6 = FREEZING RAIN OR DRIZZLE
GRTST DEPTH: 0 7 = DUSTSTORM OR SANDSTORM:
VSBY 1/2 MILE OR LESS
8 = SMOKE OR HAZE
[NO. OF DAYS WITH] [WEATHER - DAYS WITH] 9 = BLOWING SNOW
X = TORNADO
MAX 32 OR BELOW: 0 0.01 INCH OR MORE: 8
MAX 90 OR ABOVE: 10 0.10 INCH OR MORE: 6
MIN 32 OR BELOW: 0 0.50 INCH OR MORE: 2
MIN 0 OR BELOW: 0 1.00 INCH OR MORE: 1
[HDD (BASE 65) ]
TOTAL THIS MO. 0 CLEAR (SCALE 0-3) 21
DPTR FM NORMAL -6 PTCLDY (SCALE 4-7) 10
TOTAL FM JUL 1 0 CLOUDY (SCALE 8-10) 0
DPTR FM NORMAL -6
[CDD (BASE 65) ]
TOTAL THIS MO. 344
DPTR FM NORMAL 124 [PRESSURE DATA]
TOTAL FM JAN 1 616 HIGHEST SLP 30.17 ON 24
DPTR FM NORMAL 194 LOWEST SLP 29.74 ON 10
[REMARKS]
#FINAL-07-20#