000
CXUS52 KRAH 260845
CF6GSO
PRELIMINARY LOCAL CLIMATOLOGICAL DATA (WS FORM: F-6)

                                          STATION:   PIEDMONT TRIAD INTL AIRPORT NC
                                          MONTH:     JUNE
                                          YEAR:      2016
                                          LATITUDE:   36  4 N
                                          LONGITUDE:  79 57 W

  TEMPERATURE IN F:       :PCPN:    SNOW:  WIND      :SUNSHINE: SKY     :PK WND
================================================================================
1   2   3   4   5  6A  6B    7    8   9   10  11  12  13   14  15   16   17  18
                                     12Z  AVG MX 2MIN
DY MAX MIN AVG DEP HDD CDD  WTR  SNW DPTH SPD SPD DIR MIN PSBL S-S WX    SPD DR
================================================================================

 1  88  66  77   6   0  12 0.00  0.0    0  5.6 15  70   M    M   4        17  50
 2  87  66  77   5   0  12 0.02  0.0    0  2.7 10 310   M    M   7 13     14  50
 3  89  67  78   6   0  13    T  0.0    0  3.4 12 300   M    M   7        15 250
 4  91  69  80   8   0  15 0.43  0.0    0  5.1 20 310   M    M   6 13     26 270
 5  86  70  78   6   0  13 0.65  0.0    0 10.1 23 240   M    M   8 123    32 230
 6  83  70  77   4   0  12 0.00  0.0    0  7.2 15 190   M    M   9        20 200
 7  88  69  79   6   0  14 0.00  0.0    0 10.0 21 310   M    M   4        28 330
 8  81  61  71  -2   0   6 0.00  0.0    0  8.9 22 310   M    M   1        30 290
 9  82  53  68  -6   0   3 0.00  0.0    0  4.4 15 220   M    M   2        24 280
10  85  61  73  -1   0   8 0.00  0.0    0  5.0 13 170   M    M   2        21 270
11  93  66  80   6   0  15 0.00  0.0    0  6.9 14 240   M    M   2        18 250
12  94  69  82   8   0  17 0.00  0.0    0 11.0 21 310   M    M   4        28 300
13  87  68  78   3   0  13 0.00  0.0    0  5.3 13 310   M    M   5        16 320
14  89  64  77   2   0  12 0.00  0.0    0  4.5 13  50   M    M   3        15  70
15  91  71  81   6   0  16 0.08  0.0    0  4.3 14 210   M    M   8 138    17 220
16  94  70  82   7   0  17 0.00  0.0    0  8.9 18 310   M    M   6 1      23 320
17  84  66  75  -1   0  10 0.02  0.0    0 10.8 25  40   M    M   7 1      33  50
18  83  61  72  -4   0   7 0.00  0.0    0  9.0 21  60   M    M   3        28  50
19  83  56  70  -6   0   5 0.00  0.0    0  2.6 14 140   M    M   5        18 130
20  89  56  73  -3   0   8 0.00  0.0    0  4.3 13 190   M    M   3        18 230
21  92  69  81   5   0  16    T  0.0    0  8.3 20 250   M    M   8        24 250
22  94  69  82   5   0  17 0.00  0.0    0  5.9 21 310   M    M   6        25 320
23  93  68  81   4   0  16 0.39  0.0    0  8.2 25  50   M    M   9 13     30  50
24  90  68  79   2   0  14 0.05  0.0    0  4.6 16 180   M    M   8 13     29 320
25  84  69  77   0   0  12    T  0.0    0  8.0 15  80   M    M   6 1      20  90
================================================================================
SM 2200 1642         0 303  1.64     0.0 165.0          M      133
================================================================================
AV 88.0 65.7                               6.6 FASTST   M    M   5    MAX(MPH)
                                 MISC ---->  # 25  40               # 33   50
================================================================================
NOTES:
# LAST OF SEVERAL OCCURRENCES

COLUMN 17 PEAK WIND IN M.P.H.

PRELIMINARY LOCAL CLIMATOLOGICAL DATA (WS FORM: F-6) , PAGE 2

                                          STATION:  PIEDMONT TRIAD INTL AIRPORT NC
                                          MONTH:    JUNE
                                          YEAR:     2016
                                          LATITUDE:   36  4 N
                                          LONGITUDE:  79 57 W

[TEMPERATURE DATA]      [PRECIPITATION DATA]       SYMBOLS USED IN COLUMN 16

AVERAGE MONTHLY: 76.8   TOTAL FOR MONTH:   1.64    1 = FOG OR MIST
DPTR FM NORMAL:   2.4   DPTR FM NORMAL:   -1.50    2 = FOG REDUCING VISIBILITY
HIGHEST:    94 ON 22,16 GRTST 24HR  1.08 ON  4- 5      TO 1/4 MILE OR LESS
LOWEST:     53 ON  9                               3 = THUNDER
                        SNOW, ICE PELLETS, HAIL    4 = ICE PELLETS
                        TOTAL MONTH:   0.0 INCH    5 = HAIL
                        GRTST 24HR     0.0         6 = FREEZING RAIN OR DRIZZLE
                        GRTST DEPTH:   0           7 = DUSTSTORM OR SANDSTORM:
                                                       VSBY 1/2 MILE OR LESS
                                                   8 = SMOKE OR HAZE
[NO. OF DAYS WITH]      [WEATHER - DAYS WITH]      9 = BLOWING SNOW
                                                   X = TORNADO
MAX 32 OR BELOW:   0    0.01 INCH OR MORE:   7
MAX 90 OR ABOVE:   9    0.10 INCH OR MORE:   3
MIN 32 OR BELOW:   0    0.50 INCH OR MORE:   1
MIN  0 OR BELOW:   0    1.00 INCH OR MORE:   0

[HDD (BASE 65) ]
TOTAL THIS MO.     0    CLEAR  (SCALE 0-3)   5
DPTR FM NORMAL    -5    PTCLDY (SCALE 4-7)  15
TOTAL FM JUL 1  2906    CLOUDY (SCALE 8-10)  5
DPTR FM NORMAL  -711

[CDD (BASE 65) ]
TOTAL THIS MO.   303
DPTR FM NORMAL    60    [PRESSURE DATA]
TOTAL FM JAN 1   503    HIGHEST SLP M ON M
DPTR FM NORMAL   101    LOWEST  SLP 29.58 ON  7

[REMARKS]
