000
CXUS52 KRAH 231345
CF6GSO
PRELIMINARY LOCAL CLIMATOLOGICAL DATA (WS FORM: F-6)

                                          STATION:   PIEDMONT TRIAD INTL AIRPORT NC
                                          MONTH:     SEPTEMBER
                                          YEAR:      2014
                                          LATITUDE:   36  4 N
                                          LONGITUDE:  79 57 W

  TEMPERATURE IN F:       :PCPN:    SNOW:  WIND      :SUNSHINE: SKY     :PK WND
================================================================================
1   2   3   4   5  6A  6B    7    8   9   10  11  12  13   14  15   16   17  18
                                     12Z  AVG MX 2MIN
DY MAX MIN AVG DEP HDD CDD  WTR  SNW DPTH SPD SPD DIR MIN PSBL S-S WX    SPD DR
================================================================================

 1  93  71  82   7   0  17 0.00  0.0    0  6.5 20 260   M    M   5        25 280
 2  95  71  83   8   0  18 0.00  0.0    0  7.7 21 180   M    M   5        25 180
 3  91  70  81   7   0  16 0.58  0.0    0  4.7 17 180   M    M   8 13     24 150
 4  85  70  78   4   0  13 0.03  0.0    0  3.9 15 290   M    M   8 13     18 300
 5  86  70  78   4   0  13 0.95  0.0    0  3.2 15 310   M    M   6 13     18 300
 6  88  69  79   5   0  14 0.09  0.0    0  4.4 13 330   M    M   6 1      17 180
 7  83  69  76   3   0  11 0.00  0.0    0  9.5 20  60   M    M   8        25  80
 8  71  62  67  -6   0   2 0.33  0.0    0 10.3 18  50   M    M  10 1      25  30
 9  78  62  70  -3   0   5    T  0.0    0  5.7 14  30   M    M   8 1      18  30
10  77  65  71  -1   0   6 0.00  0.0    0  2.7  9 180   M    M   9 1      12 160
11  90  66  78   6   0  13    T  0.0    0  7.9 17 230   M    M   6 1      23 260
12  78  69  74   2   0   9    T  0.0    0  7.0 14  60   M    M   9 1      16  50
13  80  63  72   1   0   7 0.13  0.0    0  5.1 15  20   M    M   9 1      21  30
14  71  63  67  -4   0   2    T  0.0    0  6.2 14  60   M    M   9        17  50
15  75  62  69  -1   0   4 0.00  0.0    0  3.2  9 220   M    M   8        13 240
16  83  67  75   5   0  10 0.43  0.0    0  4.5 18  30   M    M   8 13     25  30
17  77  61  69  -1   0   4 0.00  0.0    0  5.8 13  60   M    M   6 1      17  60
18  76  61  69   0   0   4    T  0.0    0  2.7  8 330   M    M   8 18      9 170
19  77  62  70   1   0   5    T  0.0    0  6.4 14  50   M    M   8        16  50
20  81  58  70   1   0   5 0.00  0.0    0  4.6 12  60   M    M   5 1      15  40
21  86  58  72   4   0   7 0.03  0.0    0  7.5 20 260   M    M   5 1      28 260
22  76  57  67  -1   0   2 0.00  0.0    0  6.2 12  20   M    M   4        16  30
================================================================================
SM 1797 1426         0 187  2.57     0.0 125.7          M      158
================================================================================
AV 81.7 64.8                               5.7 FASTST   M    M   7    MAX(MPH)
                                 MISC ---->  # 21 180               # 28  260
================================================================================
NOTES:
# LAST OF SEVERAL OCCURRENCES

COLUMN 17 PEAK WIND IN M.P.H.

PRELIMINARY LOCAL CLIMATOLOGICAL DATA (WS FORM: F-6) , PAGE 2

                                          STATION:  PIEDMONT TRIAD INTL AIRPORT NC
                                          MONTH:    SEPTEMBER
                                          YEAR:     2014
                                          LATITUDE:   36  4 N
                                          LONGITUDE:  79 57 W

[TEMPERATURE DATA]      [PRECIPITATION DATA]       SYMBOLS USED IN COLUMN 16

AVERAGE MONTHLY: 73.2   TOTAL FOR MONTH:   2.57    1 = FOG OR MIST
DPTR FM NORMAL:   1.6   DPTR FM NORMAL:   -0.66    2 = FOG REDUCING VISIBILITY
HIGHEST:    95 ON  2    GRTST 24HR  0.97 ON  4- 5      TO 1/4 MILE OR LESS
LOWEST:     57 ON 22                               3 = THUNDER
                        SNOW, ICE PELLETS, HAIL    4 = ICE PELLETS
                        TOTAL MONTH:   0.0 INCH    5 = HAIL
                        GRTST 24HR     0.0         6 = FREEZING RAIN OR DRIZZLE
                        GRTST DEPTH:   0           7 = DUSTSTORM OR SANDSTORM:
                                                       VSBY 1/2 MILE OR LESS
                                                   8 = SMOKE OR HAZE
[NO. OF DAYS WITH]      [WEATHER - DAYS WITH]      9 = BLOWING SNOW
                                                   X = TORNADO
MAX 32 OR BELOW:   0    0.01 INCH OR MORE:   8
MAX 90 OR ABOVE:   4    0.10 INCH OR MORE:   5
MIN 32 OR BELOW:   0    0.50 INCH OR MORE:   2
MIN  0 OR BELOW:   0    1.00 INCH OR MORE:   0

[HDD (BASE 65) ]
TOTAL THIS MO.     0    CLEAR  (SCALE 0-3)   0
DPTR FM NORMAL   -11    PTCLDY (SCALE 4-7)  16
TOTAL FM JUL 1     0    CLOUDY (SCALE 8-10)  6
DPTR FM NORMAL   -12

[CDD (BASE 65) ]
TOTAL THIS MO.   187
DPTR FM NORMAL    30    [PRESSURE DATA]
TOTAL FM JAN 1  1440    HIGHEST SLP M ON M
DPTR FM NORMAL    21    LOWEST  SLP 29.78 ON 21

[REMARKS]
