000
CDUS42 KRAH 122148
CLIGSO


CLIMATE REPORT
NATIONAL WEATHER SERVICE RALEIGH NC
446 PM EST FRI FEB 12 2016


...................................

...THE PIEDMONT TRIAD INTL AIRPORT NC CLIMATE SUMMARY FOR FEBRUARY 12 2016...
VALID TODAY AS OF 0446 PM LOCAL TIME.

CLIMATE NORMAL PERIOD 1981 TO 2010
CLIMATE RECORD PERIOD 1903 TO 2016


WEATHER ITEM   OBSERVED TIME   RECORD YEAR NORMAL DEPARTURE LAST
                VALUE   (LST)  VALUE       VALUE  FROM      YEAR
                                                  NORMAL
..................................................................
TEMPERATURE (F)
 TODAY
  MAXIMUM         37    434 PM  73    1999  52    -15       53
  MINIMUM         23    652 AM   5    1936  32     -9       24
  AVERAGE         30                        42    -12       39

PRECIPITATION (IN)
  TODAY            T             0.86 1993   0.09  -0.09     0.00
  MONTH TO DATE    1.00                      1.17  -0.17     0.97
  SINCE DEC 1      9.56                      7.21   2.35     5.22
  SINCE JAN 1      2.91                      4.23  -1.32     3.01

SNOWFALL (IN)
  TODAY            T             7.0  2014   0.1   -0.1      0.0
  MONTH TO DATE    T                         1.1   -1.1      0.0
  SINCE DEC 1      2.5                       5.3   -2.8       T
  SINCE JUL 1      2.5                       5.4   -2.9       T
  SNOW DEPTH       0

DEGREE DAYS
 HEATING
  TODAY           35                        23     12       26
  MONTH TO DATE  281                       290     -9      288
  SINCE DEC 1   1506                      1833   -327     1759
  SINCE JUL 1   2020                      2513   -493     2509

 COOLING
  TODAY            0                         0      0        0
  MONTH TO DATE    0                         0      0        0
  SINCE DEC 1     15                         1     14        0
  SINCE JAN 1      0                         0      0        0
..................................................................


WIND (MPH)
  HIGHEST WIND SPEED    12   HIGHEST WIND DIRECTION     E (90)
  HIGHEST GUST SPEED    15   HIGHEST GUST DIRECTION     E (100)
  AVERAGE WIND SPEED     6.0


SKY COVER
  POSSIBLE SUNSHINE  MM
  AVERAGE SKY COVER 0.8


WEATHER CONDITIONS
 THE FOLLOWING WEATHER WAS RECORDED TODAY.
  LIGHT SNOW


RELATIVE HUMIDITY (PERCENT)
 HIGHEST    42           100 AM
 LOWEST     35          1100 AM
 AVERAGE    39

..........................................................


THE PIEDMONT TRIAD INTL AIRPORT NC CLIMATE NORMALS FOR TOMORROW
                         NORMAL    RECORD    YEAR
 MAXIMUM TEMPERATURE (F)   52        73      1951
 MINIMUM TEMPERATURE (F)   32        11      1955


SUNRISE AND SUNSET
FEBRUARY 12 2016......SUNRISE   711 AM EST   SUNSET   558 PM EST
FEBRUARY 13 2016......SUNRISE   710 AM EST   SUNSET   559 PM EST


-  INDICATES NEGATIVE NUMBERS.
R  INDICATES RECORD WAS SET OR TIED.
MM INDICATES DATA IS MISSING.
T  INDICATES TRACE AMOUNT.




$$
