000
CDUS42 KRAH 250834
CLIGSO


CLIMATE REPORT
NATIONAL WEATHER SERVICE RALEIGH NC
433 AM EDT FRI APR 25 2014


...................................

...THE PIEDMONT TRIAD INTL AIRPORT NC CLIMATE SUMMARY FOR APRIL 24 2014...

CLIMATE NORMAL PERIOD 1981 TO 2010
CLIMATE RECORD PERIOD 1903 TO 2014


WEATHER ITEM   OBSERVED TIME   RECORD YEAR NORMAL DEPARTURE LAST
                VALUE   (LST)  VALUE       VALUE  FROM      YEAR
                                                  NORMAL
..................................................................
TEMPERATURE (F)
 YESTERDAY
  MAXIMUM         71    457 PM  94    1925  73     -2       75
  MINIMUM         41    547 AM  27    1986  50     -9       50
  AVERAGE         56                        61     -5       63

PRECIPITATION (IN)
  YESTERDAY        0.00          1.65 1987   0.12  -0.12     0.00
  MONTH TO DATE    3.91                      2.89   1.02     2.04
  SINCE MAR 1      8.27                      6.62   1.65     4.89
  SINCE JAN 1     14.49                     12.64   1.85    13.56

SNOWFALL (IN)
  YESTERDAY        0.0           T    1955   0.0    0.0      0.0
  MONTH TO DATE    0.0                       0.1   -0.1       T
  SINCE MAR 1      4.7                       0.9    3.8       T
  SINCE JUL 1     15.3                       7.6    7.7      3.6
  SNOW DEPTH       0

DEGREE DAYS
 HEATING
  YESTERDAY        9                         5      4        2
  MONTH TO DATE  166                       192    -26      159
  SINCE MAR 1    793                       662    131      800
  SINCE JUL 1   3770                      3517    253     3504

 COOLING
  YESTERDAY        0                         2     -2        0
  MONTH TO DATE   17                        25     -8       37
  SINCE MAR 1     17                        30    -13       37
  SINCE JAN 1     17                        30    -13       37
..................................................................


WIND (MPH)
  HIGHEST WIND SPEED    15   HIGHEST WIND DIRECTION     S (190)
  HIGHEST GUST SPEED    20   HIGHEST GUST DIRECTION    SW (210)
  AVERAGE WIND SPEED     4.9


SKY COVER
  POSSIBLE SUNSHINE  MM
  AVERAGE SKY COVER 0.5


WEATHER CONDITIONS
 THE FOLLOWING WEATHER WAS RECORDED YESTERDAY.
  NO SIGNIFICANT WEATHER WAS OBSERVED.


RELATIVE HUMIDITY (PERCENT)
 HIGHEST    62           600 AM
 LOWEST     25           400 PM
 AVERAGE    44

..........................................................


THE PIEDMONT TRIAD INTL AIRPORT NC CLIMATE NORMALS FOR TODAY
                         NORMAL    RECORD    YEAR
 MAXIMUM TEMPERATURE (F)   73        94      1925
 MINIMUM TEMPERATURE (F)   50        32      1930


SUNRISE AND SUNSET
APRIL 25 2014.........SUNRISE   634 AM EDT   SUNSET   802 PM EDT
APRIL 26 2014.........SUNRISE   633 AM EDT   SUNSET   803 PM EDT


-  INDICATES NEGATIVE NUMBERS.
R  INDICATES RECORD WAS SET OR TIED.
MM INDICATES DATA IS MISSING.
T  INDICATES TRACE AMOUNT.




$$
