000
CDUS42 KRAH 020606
CLIGSO


CLIMATE REPORT
NATIONAL WEATHER SERVICE RALEIGH NC
203 AM EDT SAT JUL 2 2016


...................................

...THE PIEDMONT TRIAD INTL AIRPORT NC CLIMATE SUMMARY FOR JULY 1 2016...

CLIMATE NORMAL PERIOD 1981 TO 2010
CLIMATE RECORD PERIOD 1903 TO 2016


WEATHER ITEM   OBSERVED TIME   RECORD YEAR NORMAL DEPARTURE LAST
                VALUE   (LST)  VALUE       VALUE  FROM      YEAR
                                                  NORMAL
..................................................................
TEMPERATURE (F)
 YESTERDAY
  MAXIMUM         90    431 PM  99    2012  88      2       87
  MINIMUM         68    317 AM  53    1919  69     -1       67
  AVERAGE         79                        78      1       77

PRECIPITATION (IN)
  YESTERDAY        0.15          1.44 1916   0.12   0.03     0.00
  MONTH TO DATE    0.15                      0.12   0.03     0.00
  SINCE JUN 1      1.93                      3.85  -1.92     2.06
  SINCE JAN 1     20.90                     20.55   0.35    15.02

DEGREE DAYS
 HEATING
  YESTERDAY        0                         0      0        0
  MONTH TO DATE    0                         0      0        0
  SINCE JUN 1      0                         6     -6        3
  SINCE JUL 1      0                         0      0        0

 COOLING
  YESTERDAY       14                        13      1       12
  MONTH TO DATE   14                        13      1       12
  SINCE JUN 1    381                       320     61      431
  SINCE JAN 1    581                       479    102      665
..................................................................


WIND (MPH)
  HIGHEST WIND SPEED    16   HIGHEST WIND DIRECTION    NW (320)
  HIGHEST GUST SPEED    21   HIGHEST GUST DIRECTION    NW (320)
  AVERAGE WIND SPEED     6.0


SKY COVER
  POSSIBLE SUNSHINE  MM
  AVERAGE SKY COVER 0.7


WEATHER CONDITIONS
 THE FOLLOWING WEATHER WAS RECORDED YESTERDAY.
  THUNDERSTORM
  LIGHT RAIN
  FOG
  HAZE


RELATIVE HUMIDITY (PERCENT)
 HIGHEST   100           500 AM
 LOWEST     41           200 PM
 AVERAGE    71

..........................................................


THE PIEDMONT TRIAD INTL AIRPORT NC CLIMATE NORMALS FOR TODAY
                         NORMAL    RECORD    YEAR
 MAXIMUM TEMPERATURE (F)   88        98      1954
                                             1931
 MINIMUM TEMPERATURE (F)   69        49      1988


SUNRISE AND SUNSET
JULY  2 2016..........SUNRISE   607 AM EDT   SUNSET   841 PM EDT
JULY  3 2016..........SUNRISE   608 AM EDT   SUNSET   840 PM EDT


-  INDICATES NEGATIVE NUMBERS.
R  INDICATES RECORD WAS SET OR TIED.
MM INDICATES DATA IS MISSING.
T  INDICATES TRACE AMOUNT.




$$
