000
CDUS42 KRAH 262047
CLIGSO


CLIMATE REPORT
NATIONAL WEATHER SERVICE RALEIGH NC
444 PM EDT SUN APR 26 2015


...................................

...THE PIEDMONT TRIAD INTL AIRPORT NC CLIMATE SUMMARY FOR APRIL 26 2015...
VALID TODAY AS OF 0400 PM LOCAL TIME.

CLIMATE NORMAL PERIOD 1981 TO 2010
CLIMATE RECORD PERIOD 1903 TO 2015


WEATHER ITEM   OBSERVED TIME   RECORD YEAR NORMAL DEPARTURE LAST
                VALUE   (LST)  VALUE       VALUE  FROM      YEAR
                                                  NORMAL
..................................................................
TEMPERATURE (F)
 TODAY
  MAXIMUM         53    332 PM  93    1925  73    -20       80
  MINIMUM         43    736 AM  31    1919  50     -7       47
  AVERAGE         48                        62    -14       64

PRECIPITATION (IN)
  TODAY            T             1.59 1978   0.12  -0.12     0.00
  MONTH TO DATE    2.48                      3.13  -0.65     3.93
  SINCE MAR 1      5.20                      6.86  -1.66     8.29
  SINCE JAN 1      9.88                     12.88  -3.00    14.51

SNOWFALL (IN)
  TODAY            0.0           0.0    MM   0.0    0.0      0.0
  MONTH TO DATE    0.0                       0.1   -0.1      0.0
  SINCE MAR 1      T                         0.9   -0.9      4.7
  SINCE JUL 1      9.6                       7.6    2.0     15.3
  SNOW DEPTH       0

DEGREE DAYS
 HEATING
  TODAY           17                         5     12        1
  MONTH TO DATE  129                       202    -73      167
  SINCE MAR 1    557                       672   -115      794
  SINCE JUL 1   3642                      3527    115     3771

 COOLING
  TODAY            0                         2     -2        0
  MONTH TO DATE   35                        29      6       17
  SINCE MAR 1     37                        34      3       17
  SINCE JAN 1     37                        34      3       17
..................................................................


WIND (MPH)
  HIGHEST WIND SPEED    14   HIGHEST WIND DIRECTION    NE (50)
  HIGHEST GUST SPEED    17   HIGHEST GUST DIRECTION    NE (40)
  AVERAGE WIND SPEED     8.5


SKY COVER
  POSSIBLE SUNSHINE  MM
  AVERAGE SKY COVER 1.0


WEATHER CONDITIONS
 THE FOLLOWING WEATHER WAS RECORDED TODAY.
  LIGHT RAIN
  FOG


RELATIVE HUMIDITY (PERCENT)
 HIGHEST   100          1200 AM
 LOWEST     77           200 PM
 AVERAGE    89

..........................................................


THE PIEDMONT TRIAD INTL AIRPORT NC CLIMATE NORMALS FOR TOMORROW
                         NORMAL    RECORD    YEAR
 MAXIMUM TEMPERATURE (F)   73        94      1915
 MINIMUM TEMPERATURE (F)   50        32      1930


SUNRISE AND SUNSET
APRIL 26 2015.........SUNRISE   633 AM EDT   SUNSET   803 PM EDT
APRIL 27 2015.........SUNRISE   632 AM EDT   SUNSET   804 PM EDT


-  INDICATES NEGATIVE NUMBERS.
R  INDICATES RECORD WAS SET OR TIED.
MM INDICATES DATA IS MISSING.
T  INDICATES TRACE AMOUNT.




$$
