000
CDUS42 KRAH 292054
CLIGSO


CLIMATE REPORT
NATIONAL WEATHER SERVICE RALEIGH NC
452 PM EDT SAT APR 29 2017


...................................

...THE PIEDMONT TRIAD INTL AIRPORT NC CLIMATE SUMMARY FOR APRIL 29 2017...
VALID TODAY AS OF 0445 PM LOCAL TIME.

CLIMATE NORMAL PERIOD 1981 TO 2010
CLIMATE RECORD PERIOD 1903 TO 2017


WEATHER ITEM   OBSERVED TIME   RECORD YEAR NORMAL DEPARTURE LAST
                VALUE   (LST)  VALUE       VALUE  FROM      YEAR
                                                  NORMAL
..................................................................
TEMPERATURE (F)
 TODAY
  MAXIMUM         86    302 PM  93    1915  74     12       82
  MINIMUM         73    807 AM  35    1973  51     22       59
  AVERAGE         80                        62     18       71

PRECIPITATION (IN)
  TODAY            0.00          1.80 1999   0.12  -0.12     0.00
  MONTH TO DATE    5.72                      3.47   2.25     2.05
  SINCE MAR 1      8.28                      7.20   1.08     4.01
  SINCE JAN 1     13.89                     13.22   0.67    10.15

SNOWFALL (IN)
  TODAY            0.0           0.0    MM   0.0    0.0      0.0
  MONTH TO DATE    0.0                       0.1   -0.1      0.0
  SINCE MAR 1      T                         0.9   -0.9      0.0
  SINCE JUL 1      8.0                       7.6    0.4      4.5
  SNOW DEPTH       0

DEGREE DAYS
 HEATING
  TODAY            0                         4     -4        0
  MONTH TO DATE  116                       216   -100      182
  SINCE MAR 1    552                       686   -134      450
  SINCE JUL 1   2722                      3541   -819     2836

 COOLING
  TODAY           15                         2     13        6
  MONTH TO DATE   79                        35     44       51
  SINCE MAR 1     87                        40     47       77
  SINCE JAN 1     91                        40     51       77
..................................................................


WIND (MPH)
  HIGHEST WIND SPEED    15   HIGHEST WIND DIRECTION    SW (230)
  HIGHEST GUST SPEED    20   HIGHEST GUST DIRECTION    SW (220)
  AVERAGE WIND SPEED    10.1


SKY COVER
  POSSIBLE SUNSHINE  MM
  AVERAGE SKY COVER 0.8


WEATHER CONDITIONS
 THE FOLLOWING WEATHER WAS RECORDED TODAY.
  FOG
  HAZE


RELATIVE HUMIDITY (PERCENT)
 HIGHEST   100           300 AM
 LOWEST     65           200 PM
 AVERAGE    83

..........................................................


THE PIEDMONT TRIAD INTL AIRPORT NC CLIMATE NORMALS FOR TOMORROW
                         NORMAL    RECORD    YEAR
 MAXIMUM TEMPERATURE (F)   74        91      1915
                                             1914
 MINIMUM TEMPERATURE (F)   51        33      1961


SUNRISE AND SUNSET
APRIL 29 2017.........SUNRISE   629 AM EDT   SUNSET   806 PM EDT
APRIL 30 2017.........SUNRISE   628 AM EDT   SUNSET   807 PM EDT


-  INDICATES NEGATIVE NUMBERS.
R  INDICATES RECORD WAS SET OR TIED.
MM INDICATES DATA IS MISSING.
T  INDICATES TRACE AMOUNT.




$$
