000
CDUS42 KRAH 040800
CLIGSO


CLIMATE REPORT
NATIONAL WEATHER SERVICE RALEIGH NC
356 AM EDT WED MAY 4 2016


...................................

...THE PIEDMONT TRIAD INTL AIRPORT NC CLIMATE SUMMARY FOR MAY 3 2016...

CLIMATE NORMAL PERIOD 1981 TO 2010
CLIMATE RECORD PERIOD 1903 TO 2016


WEATHER ITEM   OBSERVED TIME   RECORD YEAR NORMAL DEPARTURE LAST
                VALUE   (LST)  VALUE       VALUE  FROM      YEAR
                                                  NORMAL
..................................................................
TEMPERATURE (F)
 YESTERDAY
  MAXIMUM         77    209 PM  92    1959  75      2       78
                                      1910
  MINIMUM         61    720 AM  35    1981  52      9       47
  AVERAGE         69                        63      6       63

PRECIPITATION (IN)
  YESTERDAY        1.33          3.04 1956   0.11   1.22     0.00
  MONTH TO DATE    3.13                      0.31   2.82     1.16
  SINCE MAR 1      7.29                      7.61  -0.32     6.38
  SINCE JAN 1     13.43                     13.63  -0.20    11.06

SNOWFALL (IN)
  YESTERDAY        0.0           0.0  2002   0.0    0.0      0.0
                                      2001
  MONTH TO DATE    0.0                       0.0    0.0      0.0
  SINCE MAR 1      0.0                       0.8   -0.8       T
  SINCE JUL 1      4.5                       7.5   -3.0      9.6
  SNOW DEPTH       0

DEGREE DAYS
 HEATING
  YESTERDAY        0                         4     -4        2
  MONTH TO DATE    0                        12    -12       16
  SINCE MAR 1    453                       703   -250      606
  SINCE JUL 1   2839                      3558   -719     3691

 COOLING
  YESTERDAY        4                         2      2        0
  MONTH TO DATE   15                         6      9        0
  SINCE MAR 1     92                        44     48       37
  SINCE JAN 1     92                        44     48       37
..................................................................


WIND (MPH)
  HIGHEST WIND SPEED    22   HIGHEST WIND DIRECTION     W (280)
  HIGHEST GUST SPEED    28   HIGHEST GUST DIRECTION    NW (300)
  AVERAGE WIND SPEED     5.4


SKY COVER
  POSSIBLE SUNSHINE  MM
  AVERAGE SKY COVER 0.7


WEATHER CONDITIONS
 THE FOLLOWING WEATHER WAS RECORDED YESTERDAY.
  THUNDERSTORM
  HEAVY RAIN
  RAIN
  LIGHT RAIN
  FOG


RELATIVE HUMIDITY (PERCENT)
 HIGHEST   100           100 AM
 LOWEST     60           200 PM
 AVERAGE    80

..........................................................


THE PIEDMONT TRIAD INTL AIRPORT NC CLIMATE NORMALS FOR TODAY
                         NORMAL    RECORD    YEAR
 MAXIMUM TEMPERATURE (F)   75        94      1928
 MINIMUM TEMPERATURE (F)   52        33      1986


SUNRISE AND SUNSET
MAY  4 2016...........SUNRISE   623 AM EDT   SUNSET   810 PM EDT
MAY  5 2016...........SUNRISE   622 AM EDT   SUNSET   811 PM EDT


-  INDICATES NEGATIVE NUMBERS.
R  INDICATES RECORD WAS SET OR TIED.
MM INDICATES DATA IS MISSING.
T  INDICATES TRACE AMOUNT.




$$
