743
CDUS42 KRAH 250547
CLIGSO


CLIMATE REPORT
NATIONAL WEATHER SERVICE RALEIGH NC
146 AM EDT MON JUL 25 2016


...................................

...THE PIEDMONT TRIAD INTL AIRPORT NC CLIMATE SUMMARY FOR JULY 24 2016...

CLIMATE NORMAL PERIOD 1981 TO 2010
CLIMATE RECORD PERIOD 1903 TO 2016


WEATHER ITEM   OBSERVED TIME   RECORD YEAR NORMAL DEPARTURE LAST
                VALUE   (LST)  VALUE       VALUE  FROM      YEAR
                                                  NORMAL
..................................................................
TEMPERATURE (F)
 YESTERDAY
  MAXIMUM         95    502 PM  99    1914  88      7       88
  MINIMUM         73    547 AM  52    1947  69      4       70
  AVERAGE         84                        78      6       79

PRECIPITATION (IN)
  YESTERDAY        0.00          3.14 1975   0.15  -0.15     0.00
  MONTH TO DATE    4.31                      3.39   0.92     2.63
  SINCE JUN 1      6.09                      7.12  -1.03     4.69
  SINCE JAN 1     25.06                     23.82   1.24    17.65

DEGREE DAYS
 HEATING
  YESTERDAY        0                         0      0        0
  MONTH TO DATE    0                         0      0        0
  SINCE JUN 1      0                         6     -6        3
  SINCE JUL 1      0                         0      0        0

 COOLING
  YESTERDAY       19                        14      5       14
  MONTH TO DATE  380                       330     50      359
  SINCE JUN 1    747                       637    110      778
  SINCE JAN 1    947                       796    151     1012
..................................................................


WIND (MPH)
  HIGHEST WIND SPEED    13   HIGHEST WIND DIRECTION     S (190)
  HIGHEST GUST SPEED    20   HIGHEST GUST DIRECTION    SW (220)
  AVERAGE WIND SPEED     4.7


SKY COVER
  POSSIBLE SUNSHINE  MM
  AVERAGE SKY COVER 0.7


WEATHER CONDITIONS
 THE FOLLOWING WEATHER WAS RECORDED YESTERDAY.
  NO SIGNIFICANT WEATHER WAS OBSERVED.


RELATIVE HUMIDITY (PERCENT)
 HIGHEST    93           400 AM
 LOWEST     31           500 PM
 AVERAGE    62

..........................................................


THE PIEDMONT TRIAD INTL AIRPORT NC CLIMATE NORMALS FOR TODAY
                         NORMAL    RECORD    YEAR
 MAXIMUM TEMPERATURE (F)   88       101      1914
 MINIMUM TEMPERATURE (F)   69        56      1947


SUNRISE AND SUNSET
JULY 25 2016..........SUNRISE   622 AM EDT   SUNSET   830 PM EDT
JULY 26 2016..........SUNRISE   623 AM EDT   SUNSET   829 PM EDT


-  INDICATES NEGATIVE NUMBERS.
R  INDICATES RECORD WAS SET OR TIED.
MM INDICATES DATA IS MISSING.
T  INDICATES TRACE AMOUNT.

$$
