000
CDUS42 KRAH 312148
CLIGSO


CLIMATE REPORT
NATIONAL WEATHER SERVICE RALEIGH NC
446 PM EST SAT JAN 31 2015


...................................

...THE PIEDMONT TRIAD INTL AIRPORT NC CLIMATE SUMMARY FOR JANUARY 31 2015...
VALID TODAY AS OF 0400 PM LOCAL TIME.

CLIMATE NORMAL PERIOD 1981 TO 2010
CLIMATE RECORD PERIOD 1903 TO 2015


WEATHER ITEM   OBSERVED TIME   RECORD YEAR NORMAL DEPARTURE LAST
                VALUE   (LST)  VALUE       VALUE  FROM      YEAR
                                                  NORMAL
..................................................................
TEMPERATURE (F)
 TODAY
  MAXIMUM         49    346 PM  74    1975  50     -1       53
                                      1917
  MINIMUM         19    649 AM   3    1966  30    -11       15
  AVERAGE         34                        40     -6       34

PRECIPITATION (IN)
  TODAY            0.00          2.36 1957   0.10  -0.10     0.00
  MONTH TO DATE    2.04                      3.06  -1.02     3.98
  SINCE DEC 1      4.25                      6.04  -1.79     9.17
  SINCE JAN 1      2.04                      3.06  -1.02     3.98

SNOWFALL (IN)
  TODAY            0.0           1.0  1980   0.1   -0.1      0.0
  MONTH TO DATE    T                         3.4   -3.4      1.6
  SINCE DEC 1      T                         4.2   -4.2      1.6
  SINCE JUL 1      T                         4.3   -4.3      1.6
  SNOW DEPTH       0

DEGREE DAYS
 HEATING
  TODAY           31                        25      6       31
  MONTH TO DATE  820                       802     18      968
  SINCE DEC 1   1471                      1543    -72     1604
  SINCE JUL 1   2221                      2223     -2     2338

 COOLING
  TODAY            0                         0      0        0
  MONTH TO DATE    0                         0      0        0
  SINCE DEC 1      0                         1     -1        8
  SINCE JAN 1      0                         0      0        0
..................................................................


WIND (MPH)
  HIGHEST WIND SPEED    13   HIGHEST WIND DIRECTION     W (290)
  HIGHEST GUST SPEED    18   HIGHEST GUST DIRECTION    NW (300)
  AVERAGE WIND SPEED     4.5


SKY COVER
  POSSIBLE SUNSHINE  MM
  AVERAGE SKY COVER 0.4


WEATHER CONDITIONS
 THE FOLLOWING WEATHER WAS RECORDED TODAY.
  NO SIGNIFICANT WEATHER WAS OBSERVED.


RELATIVE HUMIDITY (PERCENT)
 HIGHEST    62           200 AM
 LOWEST     13           300 PM
 AVERAGE    38

..........................................................


THE PIEDMONT TRIAD INTL AIRPORT NC CLIMATE NORMALS FOR TOMORROW
                         NORMAL    RECORD    YEAR
 MAXIMUM TEMPERATURE (F)   50        73      1989
                                             1967
 MINIMUM TEMPERATURE (F)   30        -4      1936


SUNRISE AND SUNSET
JANUARY 31 2015.......SUNRISE   722 AM EST   SUNSET   545 PM EST
FEBRUARY  1 2015......SUNRISE   721 AM EST   SUNSET   546 PM EST


-  INDICATES NEGATIVE NUMBERS.
R  INDICATES RECORD WAS SET OR TIED.
MM INDICATES DATA IS MISSING.
T  INDICATES TRACE AMOUNT.




$$
