000
CDUS42 KRAH 272043
CLIGSO


CLIMATE REPORT
NATIONAL WEATHER SERVICE RALEIGH NC
441 PM EDT THU JUL 27 2017


...................................

...THE PIEDMONT TRIAD INTL AIRPORT NC CLIMATE SUMMARY FOR JULY 27 2017...
VALID TODAY AS OF 0440 PM LOCAL TIME.

CLIMATE NORMAL PERIOD 1981 TO 2010
CLIMATE RECORD PERIOD 1903 TO 2017


WEATHER ITEM   OBSERVED TIME   RECORD YEAR NORMAL DEPARTURE LAST
                VALUE   (LST)  VALUE       VALUE  FROM      YEAR
                                                  NORMAL
..................................................................
TEMPERATURE (F)
 TODAY
  MAXIMUM         87    245 PM 104    1914  88     -1       98
  MINIMUM         73    501 AM  53    1962  69      4       73
  AVERAGE         80                        78      2       86

PRECIPITATION (IN)
  TODAY            0.00          1.46 1965   0.16  -0.16     0.46
  MONTH TO DATE    0.76                      3.85  -3.09     4.77
  SINCE JUN 1     10.70                      7.58   3.12     6.55
  SINCE JAN 1     31.73                     24.28   7.45    25.52

DEGREE DAYS
 HEATING
  TODAY            0                         0      0        0
  MONTH TO DATE    0                         0      0        0
  SINCE JUN 1      1                         6     -5        0
  SINCE JUL 1      0                         0      0        0

 COOLING
  TODAY           15                        13      2       21
  MONTH TO DATE  433                       370     63      445
  SINCE JUN 1    725                       677     48      812
  SINCE JAN 1    959                       836    123     1012
..................................................................


WIND (MPH)
  HIGHEST WIND SPEED    17   HIGHEST WIND DIRECTION    SW (210)
  HIGHEST GUST SPEED    21   HIGHEST GUST DIRECTION    SW (220)
  AVERAGE WIND SPEED     9.7


SKY COVER
  POSSIBLE SUNSHINE  MM
  AVERAGE SKY COVER 0.9


WEATHER CONDITIONS
 THE FOLLOWING WEATHER WAS RECORDED TODAY.
  NO SIGNIFICANT WEATHER WAS OBSERVED.


RELATIVE HUMIDITY (PERCENT)
 HIGHEST    94           800 AM
 LOWEST     65           100 PM
 AVERAGE    80

..........................................................


THE PIEDMONT TRIAD INTL AIRPORT NC CLIMATE NORMALS FOR TOMORROW
                         NORMAL    RECORD    YEAR
 MAXIMUM TEMPERATURE (F)   88       100      1952
 MINIMUM TEMPERATURE (F)   69        54      1962
                                             1920


SUNRISE AND SUNSET
JULY 27 2017..........SUNRISE   623 AM EDT   SUNSET   829 PM EDT
JULY 28 2017..........SUNRISE   624 AM EDT   SUNSET   828 PM EDT


-  INDICATES NEGATIVE NUMBERS.
R  INDICATES RECORD WAS SET OR TIED.
MM INDICATES DATA IS MISSING.
T  INDICATES TRACE AMOUNT.




$$
