000
CDUS42 KRAH 210625
CLIGSO


CLIMATE REPORT
NATIONAL WEATHER SERVICE RALEIGH NC
125 AM EST SUN DEC 21 2014


...................................

...THE PIEDMONT TRIAD INTL AIRPORT NC CLIMATE SUMMARY FOR DECEMBER 20 2014...

CLIMATE NORMAL PERIOD 1981 TO 2010
CLIMATE RECORD PERIOD 1903 TO 2014


WEATHER ITEM   OBSERVED TIME   RECORD YEAR NORMAL DEPARTURE LAST
                VALUE   (LST)  VALUE       VALUE  FROM      YEAR
                                                  NORMAL
..................................................................
TEMPERATURE (F)
 YESTERDAY
  MAXIMUM         40    125 AM  77    1931  49     -9       64
  MINIMUM         34   1045 AM   9    2004  31      3       42
  AVERAGE         37                        40     -3       53

PRECIPITATION (IN)
  YESTERDAY        T             1.55 1951   0.09  -0.09     0.00
  MONTH TO DATE    0.53                      1.94  -1.41     2.30
  SINCE DEC 1      0.53                      1.94  -1.41     2.30
  SINCE JAN 1     34.68                     41.16  -6.48    47.54

SNOWFALL (IN)
  YESTERDAY        T             0.3  1985   0.0    0.0      0.0
                                      1955
  MONTH TO DATE    T                         0.3   -0.3      0.0
  SINCE DEC 1      T                         0.3   -0.3      0.0
  SINCE JUL 1      T                         0.4   -0.4       T
  SNOW DEPTH       0

DEGREE DAYS
 HEATING
  YESTERDAY       28                        25      3       12
  MONTH TO DATE  413                       453    -40      409
  SINCE DEC 1    413                       453    -40      409
  SINCE JUL 1   1163                      1133     30     1143

 COOLING
  YESTERDAY        0                         0      0        0
  MONTH TO DATE    0                         0      0        6
  SINCE DEC 1      0                         0      0        6
  SINCE JAN 1   1499                      1483     16     1387
..................................................................


WIND (MPH)
  HIGHEST WIND SPEED     9   HIGHEST WIND DIRECTION    NE (60)
  HIGHEST GUST SPEED    10   HIGHEST GUST DIRECTION    NE (50)
  AVERAGE WIND SPEED     3.5


SKY COVER
  POSSIBLE SUNSHINE  MM
  AVERAGE SKY COVER 1.0


WEATHER CONDITIONS
 THE FOLLOWING WEATHER WAS RECORDED YESTERDAY.
  HAIL
  SNOW
  LIGHT SNOW
  FOG
  HAZE


RELATIVE HUMIDITY (PERCENT)
 HIGHEST    89           800 PM
 LOWEST     59          1200 AM
 AVERAGE    74

..........................................................


THE PIEDMONT TRIAD INTL AIRPORT NC CLIMATE NORMALS FOR TODAY
                         NORMAL    RECORD    YEAR
 MAXIMUM TEMPERATURE (F)   49        71      2013
 MINIMUM TEMPERATURE (F)   31         6      1930


SUNRISE AND SUNSET
DECEMBER 21 2014......SUNRISE   727 AM EST   SUNSET   509 PM EST
DECEMBER 22 2014......SUNRISE   727 AM EST   SUNSET   510 PM EST


-  INDICATES NEGATIVE NUMBERS.
R  INDICATES RECORD WAS SET OR TIED.
MM INDICATES DATA IS MISSING.
T  INDICATES TRACE AMOUNT.




$$
