000
CXUS52 KRAH 011450
CLMGSO


CLIMATE REPORT
NATIONAL WEATHER SERVICE RALEIGH NC
937 AM EST WED FEB 1 2017

...................................

...THE PIEDMONT TRIAD INTL AIRPORT CLIMATE SUMMARY FOR THE MONTH OF JANUARY 2017...

CLIMATE NORMAL PERIOD 1981 TO 2010
CLIMATE RECORD PERIOD 1903 TO 2017

WEATHER         OBSERVED          NORMAL  DEPART  LAST YEAR`S
                 VALUE   DATE(S)  VALUE   FROM    VALUE
                                          NORMAL
.............................................................
TEMPERATURE (F)
RECORD
 HIGH              79   01/14/1911
 LOW               -8   01/21/1985
HIGHEST            74   01/13                         67
LOWEST              6   01/09                         15
AVG. MAXIMUM     52.5              48.3     4.2     46.2
AVG. MINIMUM     35.2              29.5     5.7     27.7
MEAN             43.9              38.9     5.0     37.0
DAYS MAX >= 90      0                                  0
DAYS MAX <= 32      3                                  3
DAYS MIN <= 32     11                                 22
DAYS MIN <= 0       0                                  0

PRECIPITATION (INCHES)
RECORD
 MAXIMUM         8.24   1937
TOTALS           5.12              3.06    2.06     1.91
DAYS >= .01        13
DAYS >= .10         9
DAYS >= .50         5
DAYS >= 1.00        1
GREATEST
 24 HR. TOTAL    1.38   01/22 TO 01/23

SNOWFALL (INCHES)
RECORDS
 TOTAL           22.9   1966
                        0
                        0
 SNOW DEPTH        15   01/30/1966
TOTALS            8.0               3.4     4.6      2.5
SINCE 7/1         8.0
SNOWDEPTH AVG.      1
DAYS >= TRACE       2
DAYS >= 1.0         2               0.8     1.2        1

DEGREE_DAYS
HEATING TOTAL     648               809    -161      861
 SINCE 7/1       1783              2223    -440     1739
COOLING TOTAL       0                 0       0        0
 SINCE 1/1          0                 0       0        0
..............................................................

WIND (MPH)
AVERAGE WIND SPEED              8.1
HIGHEST WIND SPEED/DIRECTION    36/290    DATE  01/26
HIGHEST GUST SPEED/DIRECTION    44/290    DATE  01/26

SKY COVER
POSSIBLE SUNSHINE (PERCENT)   MM
AVERAGE SKY COVER           0.70
NUMBER OF DAYS FAIR            5
NUMBER OF DAYS PC             10
NUMBER OF DAYS CLOUDY         16

AVERAGE RH (PERCENT)     70

WEATHER CONDITIONS. NUMBER OF DAYS WITH
THUNDERSTORM              0     MIXED PRECIP               0
HEAVY RAIN                4     RAIN                       6
LIGHT RAIN               11     FREEZING RAIN              0
LT FREEZING RAIN          0     HAIL                       0
HEAVY SNOW                0     SNOW                       2
LIGHT SNOW                2     SLEET                      0
FOG                      15     FOG W/VIS <= 1/4 MILE      3
HAZE                      1

-  INDICATES NEGATIVE NUMBERS.
R  INDICATES RECORD WAS SET OR TIED.
MM INDICATES DATA IS MISSING.
T  INDICATES TRACE AMOUNT.

&&

A RECORD HIGH TEMPERATURE OF 67 DEGREES WAS SET AT PIEDMONT TRIAD
INTL AIRPORT NC JANUARY 18TH. THIS BREAKS THE OLD RECORD OF 66 SET
IN 1937.

$$
