000
CXUS52 KRAH 011354
CLMGSO


CLIMATE REPORT
NATIONAL WEATHER SERVICE RALEIGH NC
951 AM EDT MON JUL 1 2013

...................................

...THE PIEDMONT TRIAD INTL AIRPORT CLIMATE SUMMARY FOR THE MONTH OF JUNE 2013...

CLIMATE NORMAL PERIOD 1981 TO 2010
CLIMATE RECORD PERIOD 1903 TO 2013

WEATHER         OBSERVED          NORMAL  DEPART  LAST YEAR`S
                 VALUE   DATE(S)  VALUE   FROM    VALUE
                                          NORMAL
.............................................................
TEMPERATURE (F)
RECORD
 HIGH             102   06/29/2012
                        06/27/1954
                        54/01/2206
 LOW               42   06/08/1977
                        06/12/1972
                        06/11/1972
HIGHEST            92   06/13                        102
LOWEST             59   06/15                         53
                        06/14
AVG. MAXIMUM     83.4              84.8    -1.4     84.9
AVG. MINIMUM     66.0              65.3     0.7     63.1
MEAN             74.7              75.1    -0.4     74.0
DAYS MAX >= 90      2                                  8
DAYS MAX <= 32      0                                  0
DAYS MIN <= 32      0                                  0
DAYS MIN <= 0       0                                  0

PRECIPITATION (INCHES)
RECORD
 MAXIMUM        10.50   2006
TOTALS           8.37              3.73    4.64     2.21
DAYS >= .01        18
DAYS >= .10        14
DAYS >= .50         9
DAYS >= 1.00        2
GREATEST
 24 HR. TOTAL    1.98   06/09 TO 06/10

DEGREE_DAYS
HEATING TOTAL       0                 6      -6        4
 SINCE 7/1       3637              3618      19     2843
COOLING TOTAL     299               307      -8      283
 SINCE 1/1        449               466     -17      545
..............................................................

WIND (MPH)
AVERAGE WIND SPEED              7.4
HIGHEST WIND SPEED/DIRECTION    37/300    DATE  06/13
HIGHEST GUST SPEED/DIRECTION    52/310    DATE  06/13

SKY COVER
POSSIBLE SUNSHINE (PERCENT)   MM
AVERAGE SKY COVER           0.50
NUMBER OF DAYS FAIR            8
NUMBER OF DAYS PC             16
NUMBER OF DAYS CLOUDY          6

AVERAGE RH (PERCENT)     75

WEATHER CONDITIONS. NUMBER OF DAYS WITH
THUNDERSTORM              0     MIXED PRECIP               0
HEAVY RAIN               12     RAIN                      11
LIGHT RAIN               17     FREEZING RAIN              0
LT FREEZING RAIN          0     HAIL                       1
HEAVY SNOW                0     SNOW                       0
LIGHT SNOW                0     SLEET                      0
FOG                      20     FOG W/VIS <= 1/4 MILE      4
HAZE                      6

-  INDICATES NEGATIVE NUMBERS.
R  INDICATES RECORD WAS SET OR TIED.
MM INDICATES DATA IS MISSING.
T  INDICATES TRACE AMOUNT.

$$
