000
CXUS52 KRAH 011407
CLMGSO


CLIMATE REPORT
NATIONAL WEATHER SERVICE RALEIGH NC
904 AM EST SUN FEB 1 2015

...................................

...THE PIEDMONT TRIAD INTL AIRPORT CLIMATE SUMMARY FOR THE MONTH OF JANUARY 2015...

CLIMATE NORMAL PERIOD 1981 TO 2010
CLIMATE RECORD PERIOD 1903 TO 2015

WEATHER         OBSERVED          NORMAL  DEPART  LAST YEAR`S
                 VALUE   DATE(S)  VALUE   FROM    VALUE
                                          NORMAL
.............................................................
TEMPERATURE (F)
RECORD
 HIGH              79   01/14/1911
 LOW               -8   01/21/1985
HIGHEST            67   01/20                         62
LOWEST              6   01/08                          5
AVG. MAXIMUM     48.5              48.3     0.2     44.2
AVG. MINIMUM     28.1              29.5    -1.4     22.8
MEAN             38.3              38.9    -0.6     33.5
DAYS MAX >= 90      0                                  0
DAYS MAX <= 32      1                                  5
DAYS MIN <= 32     21                                 25
DAYS MIN <= 0       0                                  0

PRECIPITATION (INCHES)
RECORD
 MAXIMUM         8.24   1937
TOTALS           2.04              3.06   -1.02     3.98
DAYS >= .01         7
DAYS >= .10         6
DAYS >= .50         1
DAYS >= 1.00        0
GREATEST
 24 HR. TOTAL    0.90   01/23 TO 01/24

SNOWFALL (INCHES)
RECORDS
 TOTAL           22.9   5
                        0
                        -26215
 SNOW DEPTH        15   01/31/1966
TOTALS              T               3.4    -3.4      1.6
SINCE 7/1           T
SNOWDEPTH AVG.      0
DAYS >= TRACE       2
DAYS >= 1.0         0               0.8    -0.8        1

DEGREE_DAYS
HEATING TOTAL     820               809      11      968
 SINCE 7/1       2221              2223      -2     2338
COOLING TOTAL       0                 0       0        0
 SINCE 1/1          0                 0       0        0
..............................................................

WIND (MPH)
AVERAGE WIND SPEED              6.8
HIGHEST WIND SPEED/DIRECTION    30/330    DATE  01/30
HIGHEST GUST SPEED/DIRECTION    44/320    DATE  01/30

SKY COVER
POSSIBLE SUNSHINE (PERCENT)   MM
AVERAGE SKY COVER           0.60
NUMBER OF DAYS FAIR            8
NUMBER OF DAYS PC             14
NUMBER OF DAYS CLOUDY          9

AVERAGE RH (PERCENT)     59

WEATHER CONDITIONS. NUMBER OF DAYS WITH
THUNDERSTORM              0     MIXED PRECIP               0
HEAVY RAIN                2     RAIN                       5
LIGHT RAIN               11     FREEZING RAIN              0
LT FREEZING RAIN          1     HAIL                       0
HEAVY SNOW                0     SNOW                       0
LIGHT SNOW                1     SLEET                      1
FOG                      11     FOG W/VIS <= 1/4 MILE      3
HAZE                      2

-  INDICATES NEGATIVE NUMBERS.
R  INDICATES RECORD WAS SET OR TIED.
MM INDICATES DATA IS MISSING.
T  INDICATES TRACE AMOUNT.

&&

JANUARY 8TH: A RECORD LOW TEMPERATURE OF 6 DEGREES WAS SET AT THE
PIEDMONT TRIAD INTERNATIONAL AIRPORT...WHICH TIED THE PREVIOUS RECORD
OF 6 DEGREES SET IN 1970.

$$
