000
CXUS52 KRAH 011341
CLMGSO


CLIMATE REPORT
NATIONAL WEATHER SERVICE RALEIGH NC
936 AM EDT THU AUG 1 2013

...................................

...THE PIEDMONT TRIAD INTL AIRPORT CLIMATE SUMMARY FOR THE MONTH OF JULY 2013...

CLIMATE NORMAL PERIOD 1981 TO 2010
CLIMATE RECORD PERIOD 1903 TO 2013

WEATHER         OBSERVED          NORMAL  DEPART  LAST YEAR`S
                 VALUE   DATE(S)  VALUE   FROM    VALUE
                                          NORMAL
.............................................................
TEMPERATURE (F)
RECORD
 HIGH             102   07/08/1977
                        07/14/1954
 LOW               48   07/05/1933
HIGHEST            93   07/16                        100
LOWEST             64   07/30                         64
AVG. MAXIMUM     85.1              87.9    -2.8     91.4
AVG. MINIMUM     70.1              69.1     1.0     71.1
MEAN             77.6              78.5    -0.9     81.3
DAYS MAX >= 90      5                                 21
DAYS MAX <= 32      0                                  0
DAYS MIN <= 32      0                                  0
DAYS MIN <= 0       0                                  0

PRECIPITATION (INCHES)
RECORD
 MAXIMUM        12.72   1984
TOTALS           6.02              4.48    1.54     4.47
DAYS >= .01        16
DAYS >= .10        12
DAYS >= .50         3
DAYS >= 1.00        2
GREATEST
 24 HR. TOTAL    1.40   07/10 TO 07/11

DEGREE_DAYS
HEATING TOTAL       0                 0       0        0
 SINCE 7/1          0                 0       0        0
COOLING TOTAL     400               419     -19      510
 SINCE 1/1        849               885     -36     1055
..............................................................

WIND (MPH)
AVERAGE WIND SPEED              6.5
HIGHEST WIND SPEED/DIRECTION    32/150    DATE  07/04
HIGHEST GUST SPEED/DIRECTION    38/160    DATE  07/04

SKY COVER
POSSIBLE SUNSHINE (PERCENT)   MM
AVERAGE SKY COVER           0.70
NUMBER OF DAYS FAIR            0
NUMBER OF DAYS PC             14
NUMBER OF DAYS CLOUDY         17

AVERAGE RH (PERCENT)     76

WEATHER CONDITIONS. NUMBER OF DAYS WITH
THUNDERSTORM             14     MIXED PRECIP               0
HEAVY RAIN                7     RAIN                       8
LIGHT RAIN               22     FREEZING RAIN              0
LT FREEZING RAIN          0     HAIL                       0
HEAVY SNOW                0     SNOW                       0
LIGHT SNOW                0     SLEET                      0
FOG                      22     FOG W/VIS <= 1/4 MILE      2
HAZE                      4

-  INDICATES NEGATIVE NUMBERS.
R  INDICATES RECORD WAS SET OR TIED.
MM INDICATES DATA IS MISSING.
T  INDICATES TRACE AMOUNT.

&&

RECORDS FOR THE MONTH OF JULY AT GSO

A RECORD HIGH MINIMUM TEMPERATURE OF 73 DEGREES WAS SET AT THE PIEDMONT TRIAD
INTERNATIONAL AIRPORT ON JULY 4. THIS TIES THE OLD RECORD SET IN 1925.

A RECORD HIGH MINIMUM TEMPERATURE OF 75 DEGREES WAS SET AT THE PIEDMONT TRIAD
INTERNATIONAL AIRPORT ON JULY 17. THIS BREAKS THE OLD RECORD OF 73 SET IN 2005.

$$
