000
CXUS52 KRAH 011311
CLMGSO


CLIMATE REPORT
NATIONAL WEATHER SERVICE RALEIGH NC
902 AM EDT MON AUG 1 2016

...................................

...THE PIEDMONT TRIAD INTL AIRPORT CLIMATE SUMMARY FOR THE MONTH OF JULY 2016...

CLIMATE NORMAL PERIOD 1981 TO 2010
CLIMATE RECORD PERIOD 1903 TO 2016

WEATHER         OBSERVED          NORMAL  DEPART  LAST YEAR`S
                 VALUE   DATE(S)  VALUE   FROM    VALUE
                                          NORMAL
.............................................................
TEMPERATURE (F)
RECORD
 HIGH             102   07/08/1977
                        07/14/1954
 LOW               48   07/05/1933
HIGHEST            98   07/27                         95
                        07/26
                        07/25
LOWEST             67   07/04                         67
                        07/03
AVG. MAXIMUM     91.5              87.9     3.6     89.2
AVG. MINIMUM     71.5              69.1     2.4     70.5
MEAN             81.5              78.5     3.0     79.9
DAYS MAX >= 90     23                                 13
DAYS MAX <= 32      0                                  0
DAYS MIN <= 32      0                                  0
DAYS MIN <= 0       0                                  0

PRECIPITATION (INCHES)
RECORD
 MAXIMUM        12.72   1984
TOTALS           5.08              4.48    0.60     3.34
DAYS >= .01        10
DAYS >= .10         9
DAYS >= .50         3
DAYS >= 1.00        3
GREATEST
 24 HR. TOTAL    1.39   07/03 TO 07/03
                        07/02 TO 07/03
                        07/03 TO 07/03

DEGREE_DAYS
HEATING TOTAL       0                 0       0        0
 SINCE 7/1          0                 0       0        0
COOLING TOTAL     522               419     103      471
 SINCE 1/1       1089               885     204     1124
..............................................................

WIND (MPH)
AVERAGE WIND SPEED              5.6
HIGHEST WIND SPEED/DIRECTION    37/290    DATE  07/08
HIGHEST GUST SPEED/DIRECTION    47/290    DATE  07/08

SKY COVER
POSSIBLE SUNSHINE (PERCENT)   MM
AVERAGE SKY COVER           0.60
NUMBER OF DAYS FAIR            0
NUMBER OF DAYS PC             27
NUMBER OF DAYS CLOUDY          4

AVERAGE RH (PERCENT)     70

WEATHER CONDITIONS. NUMBER OF DAYS WITH
THUNDERSTORM              0     MIXED PRECIP               0
HEAVY RAIN                8     RAIN                       6
LIGHT RAIN               14     FREEZING RAIN              0
LT FREEZING RAIN          0     HAIL                       0
HEAVY SNOW                0     SNOW                       0
LIGHT SNOW                0     SLEET                      0
FOG                      13     FOG W/VIS <= 1/4 MILE      0
HAZE                      3

-  INDICATES NEGATIVE NUMBERS.
R  INDICATES RECORD WAS SET OR TIED.
MM INDICATES DATA IS MISSING.
T  INDICATES TRACE AMOUNT.

&&

THE LOW TEMPERATURE AT GSO WAS 76 DEGREES ON JULY 26. THIS BREAKS THE OLD
RECORD HIGH MINIMUM TEMPERATURE OF 75 LAST SET IN 2012.

THE LOW TEMPERATURE AT GSO...JULY 19 2016...WAS 75 DEGREES.
THIS TIES THE RECORD HIGH MINIMUM TEMPERATURE FOR THAT DATE... LAST
SET IN 1905.

THE LOW TEMPERATURE AT GSO...JULY 15 2016 WAS 73 DEGREES.
THIS TIES THE RECORD HIGH MINIMUM TEMPERATURE FOR THAT DATE... LAST
SET IN 2010.




$$
