000
CXUS52 KRAH 011356
CLMGSO


CLIMATE REPORT
NATIONAL WEATHER SERVICE RALEIGH NC
953 AM EDT SUN OCT 1 2017

...................................

...THE PIEDMONT TRIAD INTL AIRPORT CLIMATE SUMMARY FOR THE MONTH OF SEPTEMBER 2017...

CLIMATE NORMAL PERIOD 1981 TO 2010
CLIMATE RECORD PERIOD 1903 TO 2017

WEATHER         OBSERVED          NORMAL  DEPART  LAST YEAR`S
                 VALUE   DATE(S)  VALUE   FROM    VALUE
                                          NORMAL
.............................................................
TEMPERATURE (F)
RECORD
 HIGH             100   09/06/1954
 LOW               35   09/29/1942
HIGHEST            90   09/28                         94
                        09/27
LOWEST             51   09/10                         60
                        09/08
                        09/07
AVG. MAXIMUM     80.1              79.7     0.4     85.2
AVG. MINIMUM     60.4              60.6    -0.2     66.9
MEAN             70.2              70.2     0.0     76.0
DAYS MAX >= 90      2                                  8
DAYS MAX <= 32      0                                  0
DAYS MIN <= 32      0                                  0
DAYS MIN <= 0       0                                  0

PRECIPITATION (INCHES)
RECORD
 MAXIMUM        13.26   1947
TOTALS           2.80              4.19   -1.39     2.22
DAYS >= .01         7
DAYS >= .10         4
DAYS >= .50         2
DAYS >= 1.00        1
GREATEST
 24 HR. TOTAL    1.41   09/01 TO 09/02

DEGREE_DAYS
HEATING TOTAL      22                30      -8        0
 SINCE 7/1         22                31      -9        0
COOLING TOTAL     186               185       1      339
 SINCE 1/1       1540              1447      93     1906
..............................................................

WIND (MPH)
AVERAGE WIND SPEED              6.5
HIGHEST WIND SPEED/DIRECTION    26/050    DATE  09/11
HIGHEST GUST SPEED/DIRECTION    36/290    DATE  09/05

SKY COVER
POSSIBLE SUNSHINE (PERCENT)   MM
AVERAGE SKY COVER           0.50
NUMBER OF DAYS FAIR            9
NUMBER OF DAYS PC             15
NUMBER OF DAYS CLOUDY          6

AVERAGE RH (PERCENT)     76

WEATHER CONDITIONS. NUMBER OF DAYS WITH
THUNDERSTORM              2     MIXED PRECIP               0
HEAVY RAIN                2     RAIN                       4
LIGHT RAIN                8     FREEZING RAIN              0
LT FREEZING RAIN          0     HAIL                       0
HEAVY SNOW                0     SNOW                       0
LIGHT SNOW                0     SLEET                      0
FOG                      13     FOG W/VIS <= 1/4 MILE      3
HAZE                      0

-  INDICATES NEGATIVE NUMBERS.
R  INDICATES RECORD WAS SET OR TIED.
MM INDICATES DATA IS MISSING.
T  INDICATES TRACE AMOUNT.

&&

RECORDS

THE HIGH TEMPERATURE AT PIEDMONT TRIAD INTERNATIONAL AIRPORT ON
SEPTEMBER 10TH, 2017 WAS 69 DEGREES. THIS TIED THE RECORD LOW
MAXIMUM TEMPERATURE FOR THIS DATE, LAST SET IN 1935.

THE HIGH TEMPERATURE AT PIEDMONT TRIAD INTERNATIONAL AIRPORT ON
SEPTEMBER 11TH, 2017 WAS 63 DEGREES. THIS BROKE THE OLD RECORD LOW
MAXIMUM TEMPERATURE FOR THIS DATE OF 67 DEGREES, SET IN 1944.

THE HIGH TEMPERATURE AT THE PIEDMONT TRIAD INTERNATIONAL AIRPORT ON
SEPTEMBER 27TH, 2017 WAS 90 DEGREES. THIS TIED THE OLD RECORD OF 90
DEGREES, LAST SET IN 2007.

RYAN, THE PAGE FOR THE "EXTREMES" WAS MISSING FROM THE BINDER, SO
YOU MAY WANT TO DOUBLE CHECK XMACIS FOR THOSE.

$$
