647
CXUS52 KRAH 011328
CLMGSO


CLIMATE REPORT
NATIONAL WEATHER SERVICE RALEIGH NC
925 AM EDT FRI JUL 1 2016

...................................

...THE PIEDMONT TRIAD INTL AIRPORT CLIMATE SUMMARY FOR THE MONTH OF JUNE 2016...

CLIMATE NORMAL PERIOD 1981 TO 2010
CLIMATE RECORD PERIOD 1903 TO 2016

WEATHER         OBSERVED          NORMAL  DEPART  LAST YEAR`S
                 VALUE   DATE(S)  VALUE   FROM    VALUE
                                          NORMAL
.............................................................
TEMPERATURE (F)
RECORD
 HIGH             102   06/29/2012
                        06/27/1954
                        54/01/2206
 LOW               42   06/08/1977
                        06/12/1972
                        06/11/1972
HIGHEST            94   06/22                         98
                        06/16
                        06/12
LOWEST             53   06/09                         59
AVG. MAXIMUM     87.8              84.8     3.0     88.7
AVG. MINIMUM     66.1              65.3     0.8     68.5
MEAN             76.9              75.1     1.8     78.6
DAYS MAX >= 90      9                                 15
DAYS MAX <= 32      0                                  0
DAYS MIN <= 32      0                                  0
DAYS MIN <= 0       0                                  0

PRECIPITATION (INCHES)
RECORD
 MAXIMUM        10.50   2006
TOTALS           1.78              3.73   -1.95     2.06
DAYS >= .01        11
DAYS >= .10         3
DAYS >= .50         1
DAYS >= 1.00        0
GREATEST
 24 HR. TOTAL    1.08   06/04 TO 06/05

DEGREE_DAYS
HEATING TOTAL       0                 6      -6        3
 SINCE 7/1       2906              3618    -712     3698
COOLING TOTAL     367               307      60      419
 SINCE 1/1        567               466     101      653
..............................................................

WIND (MPH)
AVERAGE WIND SPEED              6.2
HIGHEST WIND SPEED/DIRECTION    25/050    DATE  06/23
HIGHEST GUST SPEED/DIRECTION    33/050    DATE  06/17

SKY COVER
POSSIBLE SUNSHINE (PERCENT)   MM
AVERAGE SKY COVER           0.60
NUMBER OF DAYS FAIR            7
NUMBER OF DAYS PC             14
NUMBER OF DAYS CLOUDY          9

AVERAGE RH (PERCENT)     64

WEATHER CONDITIONS. NUMBER OF DAYS WITH
THUNDERSTORM              8     MIXED PRECIP               0
HEAVY RAIN                4     RAIN                       4
LIGHT RAIN               12     FREEZING RAIN              0
LT FREEZING RAIN          0     HAIL                       0
HEAVY SNOW                0     SNOW                       0
LIGHT SNOW                0     SLEET                      0
FOG                      12     FOG W/VIS <= 1/4 MILE      1
HAZE                      2

-  INDICATES NEGATIVE NUMBERS.
R  INDICATES RECORD WAS SET OR TIED.
MM INDICATES DATA IS MISSING.
T  INDICATES TRACE AMOUNT.

$$
