000
CXUS52 KRAH 011433
CLMGSO


CLIMATE REPORT
NATIONAL WEATHER SERVICE RALEIGH NC
1029 AM EDT WED APR 1 2015

...................................

...THE PIEDMONT TRIAD INTL AIRPORT CLIMATE SUMMARY FOR THE MONTH OF MARCH 2015...

CLIMATE NORMAL PERIOD 1981 TO 2010
CLIMATE RECORD PERIOD 1903 TO 2015

WEATHER         OBSERVED          NORMAL  DEPART  LAST YEAR`S
                 VALUE   DATE(S)  VALUE   FROM    VALUE
                                          NORMAL
.............................................................
TEMPERATURE (F)
RECORD
 HIGH              93   03/30/1907
 LOW                5   03/06/1960
HIGHEST            82   03/17                         76
                        03/16
LOWEST             20   03/07                         13
                        03/06
AVG. MAXIMUM     62.2              60.9     1.3     56.4
AVG. MINIMUM     39.8              39.1     0.7     32.6
MEAN             51.0              50.0     1.0     44.5
DAYS MAX >= 90      0                                  0
DAYS MAX <= 32      0                                  0
DAYS MIN <= 32      7                                 18
DAYS MIN <= 0       0                                  0

PRECIPITATION (INCHES)
RECORD
 MAXIMUM         8.76   1975
TOTALS           2.72              3.73   -1.01     4.36
DAYS >= .01        13
DAYS >= .10         8
DAYS >= .50         1
DAYS >= 1.00        0
GREATEST
 24 HR. TOTAL    0.94   03/05 TO 03/05

SNOWFALL (INCHES)
RECORDS
 TOTAL           21.3   1960
 SNOW DEPTH        14   1960
TOTALS              T               0.8    -0.8      4.7
SINCE 7/1         9.6
SNOWDEPTH AVG.      0
DAYS >= TRACE       2
DAYS >= 1.0         0               0.3    -0.3        2

DEGREE_DAYS
HEATING TOTAL     428               470     -42      627
 SINCE 7/1       3513              3325     188     3604
COOLING TOTAL       2                 5      -3        0
 SINCE 1/1          2                 5      -3        0
..............................................................

WIND (MPH)
AVERAGE WIND SPEED              7.2
HIGHEST WIND SPEED/DIRECTION    29/230    DATE  03/31
HIGHEST GUST SPEED/DIRECTION    38/220    DATE  03/04

SKY COVER
POSSIBLE SUNSHINE (PERCENT)   MM
AVERAGE SKY COVER           0.70
NUMBER OF DAYS FAIR            5
NUMBER OF DAYS PC             10
NUMBER OF DAYS CLOUDY         16

AVERAGE RH (PERCENT)     60

WEATHER CONDITIONS. NUMBER OF DAYS WITH
THUNDERSTORM              0     MIXED PRECIP               0
HEAVY RAIN                2     RAIN                       6
LIGHT RAIN               13     FREEZING RAIN              0
LT FREEZING RAIN          1     HAIL                       0
HEAVY SNOW                0     SNOW                       0
LIGHT SNOW                2     SLEET                      0
FOG                      13     FOG W/VIS <= 1/4 MILE      4
HAZE                      1

-  INDICATES NEGATIVE NUMBERS.
R  INDICATES RECORD WAS SET OR TIED.
MM INDICATES DATA IS MISSING.
T  INDICATES TRACE AMOUNT.

$$
