000
CXUS52 KRAH 011419
CLMGSO


CLIMATE REPORT
NATIONAL WEATHER SERVICE RALEIGH NC
1007 AM EDT FRI MAY 1 2015

...................................

...THE PIEDMONT TRIAD INTL AIRPORT CLIMATE SUMMARY FOR THE MONTH OF APRIL 2015...

CLIMATE NORMAL PERIOD 1981 TO 2010
CLIMATE RECORD PERIOD 1903 TO 2015

WEATHER         OBSERVED          NORMAL  DEPART  LAST YEAR`S
                 VALUE   DATE(S)  VALUE   FROM    VALUE
                                          NORMAL
.............................................................
TEMPERATURE (F)
RECORD
 HIGH              95   04/28/1915
 LOW               21   04/04/1943
HIGHEST            84   04/08                         85
LOWEST             32   04/05                         30
AVG. MAXIMUM     70.8              70.2     0.6     71.2
AVG. MINIMUM     50.1              47.3     2.8     47.4
MEAN             60.5              58.8     1.7     59.3
DAYS MAX >= 90      0                                  0
DAYS MAX <= 32      0                                  0
DAYS MIN <= 32      1                                  2
DAYS MIN <= 0       0                                  0

PRECIPITATION (INCHES)
RECORD
 MAXIMUM         8.05   1918
TOTALS           2.50              3.57   -1.07     4.30
DAYS >= .01        10
DAYS >= .10         6
DAYS >= .50         2
DAYS >= 1.00        0
GREATEST
 24 HR. TOTAL    0.83   04/19 TO 04/19
                        04/18 TO 04/19
                        04/19 TO 04/19

SNOWFALL (INCHES)
RECORDS
 TOTAL              T   2013
 SNOW DEPTH       0.0
TOTALS            0.0               0.0     0.0      0.0
SINCE 7/1         9.6
SNOWDEPTH AVG.      0
DAYS >= TRACE       0
DAYS >= 1.0         0               0.0     0.0        0

DEGREE_DAYS
HEATING TOTAL     162               221     -59      183
 SINCE 7/1       3675              3546     129     3787
COOLING TOTAL      35                33       2       20
 SINCE 1/1         37                38      -1       20
..............................................................

WIND (MPH)
AVERAGE WIND SPEED              7.8
HIGHEST WIND SPEED/DIRECTION    33/250    DATE  04/04
HIGHEST GUST SPEED/DIRECTION    45/240    DATE  04/04

SKY COVER
POSSIBLE SUNSHINE (PERCENT)    0
AVERAGE SKY COVER           0.70
NUMBER OF DAYS FAIR            4
NUMBER OF DAYS PC             11
NUMBER OF DAYS CLOUDY         15

AVERAGE RH (PERCENT)     61

WEATHER CONDITIONS. NUMBER OF DAYS WITH
THUNDERSTORM              2     MIXED PRECIP               0
HEAVY RAIN                3     RAIN                       7
LIGHT RAIN               13     FREEZING RAIN              0
LT FREEZING RAIN          0     HAIL                       0
HEAVY SNOW                0     SNOW                       0
LIGHT SNOW                0     SLEET                      0
FOG                      15     FOG W/VIS <= 1/4 MILE      2
HAZE                      1

-  INDICATES NEGATIVE NUMBERS.
R  INDICATES RECORD WAS SET OR TIED.
MM INDICATES DATA IS MISSING.
T  INDICATES TRACE AMOUNT.

&&

THE MINIMUM TEMPERATURE AT THE PIEDMONT TRIAD INTERNATIONAL
AIRPORT ON APRIL 8TH WAS 60 DEGREES. THIS TIED TEH RECORD HIGH
MINIMUM TEMPERATURE FOR THAT DATE LAST SET IN 2001.

$$
