000
CXUS52 KRAH 011434
CLMGSO


CLIMATE REPORT
NATIONAL WEATHER SERVICE RALEIGH NC
928 AM EST MON FEB 1 2016

...................................

...THE PIEDMONT TRIAD INTL AIRPORT CLIMATE SUMMARY FOR THE MONTH OF JANUARY 2016...

CLIMATE NORMAL PERIOD 1981 TO 2010
CLIMATE RECORD PERIOD 1903 TO 2016

WEATHER         OBSERVED          NORMAL  DEPART  LAST YEAR`S
                 VALUE   DATE(S)  VALUE   FROM    VALUE
                                          NORMAL
.............................................................
TEMPERATURE (F)
RECORD
 HIGH              79   01/14/1911
 LOW               -8   01/21/1985
HIGHEST            67   01/31                         67
LOWEST             15   01/20                          6
AVG. MAXIMUM     46.2              48.3    -2.1     48.5
AVG. MINIMUM     27.7              29.5    -1.8     28.1
MEAN             37.0              38.9    -1.9     38.3
DAYS MAX >= 90      0                                  0
DAYS MAX <= 32      3                                  1
DAYS MIN <= 32     22                                 21
DAYS MIN <= 0       0                                  0

PRECIPITATION (INCHES)
RECORD
 MAXIMUM         8.24   1937
TOTALS           1.91              3.06   -1.15     2.04
DAYS >= .01         9
DAYS >= .10         3
DAYS >= .50         2
DAYS >= 1.00        0
GREATEST
 24 HR. TOTAL    0.86   01/22 TO 01/22

SNOWFALL (INCHES)
RECORDS
 TOTAL           22.9   1966
                        0
                        0
 SNOW DEPTH        15   01/30/1966
TOTALS            2.5               3.4    -0.9        T
SINCE 7/1         2.5
SNOWDEPTH AVG.      0
DAYS >= TRACE       5
DAYS >= 1.0         1               0.8     0.2        0

DEGREE_DAYS
HEATING TOTAL     861               809      52      820
 SINCE 7/1       1739              2223    -484     2221
COOLING TOTAL       0                 0       0        0
 SINCE 1/1          0                 0       0        0
..............................................................

WIND (MPH)
AVERAGE WIND SPEED              7.2
HIGHEST WIND SPEED/DIRECTION    35/290    DATE  01/12
HIGHEST GUST SPEED/DIRECTION    43/290    DATE  01/12

SKY COVER
POSSIBLE SUNSHINE (PERCENT)   MM
AVERAGE SKY COVER           0.50
NUMBER OF DAYS FAIR           11
NUMBER OF DAYS PC              9
NUMBER OF DAYS CLOUDY         11

AVERAGE RH (PERCENT)     61

WEATHER CONDITIONS. NUMBER OF DAYS WITH
THUNDERSTORM              0     MIXED PRECIP               0
HEAVY RAIN                1     RAIN                       2
LIGHT RAIN                6     FREEZING RAIN              0
LT FREEZING RAIN          2     HAIL                       0
HEAVY SNOW                0     SNOW                       1
LIGHT SNOW                4     SLEET                      1
FOG                      13     FOG W/VIS <= 1/4 MILE      5
HAZE                      0

-  INDICATES NEGATIVE NUMBERS.
R  INDICATES RECORD WAS SET OR TIED.
MM INDICATES DATA IS MISSING.
T  INDICATES TRACE AMOUNT.

$$
