000
CXUS52 KRAH 011445
CLMGSO


CLIMATE REPORT
NATIONAL WEATHER SERVICE RALEIGH NC
942 AM EST SUN NOV 1 2015

...................................

...THE PIEDMONT TRIAD INTL AIRPORT CLIMATE SUMMARY FOR THE MONTH OF OCTOBER 2015...

CLIMATE NORMAL PERIOD 1981 TO 2010
CLIMATE RECORD PERIOD 1903 TO 2015

WEATHER         OBSERVED          NORMAL  DEPART  LAST YEAR`S
                 VALUE   DATE(S)  VALUE   FROM    VALUE
                                          NORMAL
.............................................................
TEMPERATURE (F)
RECORD
 HIGH              95   10/05/1954
 LOW               20   10/27/1962
HIGHEST            82   10/09                         84
                        10/07
LOWEST             32   10/19                         39
AVG. MAXIMUM     69.9              70.3    -0.4     73.2
AVG. MINIMUM     49.1              48.8     0.3     49.6
MEAN             59.5              59.5     0.0     61.4
DAYS MAX >= 90      0                                  0
DAYS MAX <= 32      0                                  0
DAYS MIN <= 32      1                                  0
DAYS MIN <= 0       0                                  0

PRECIPITATION (INCHES)
RECORD
 MAXIMUM        12.59   1990
TOTALS           4.24              3.13    1.11     2.01
DAYS >= .01         8
DAYS >= .10         5
DAYS >= .50         4
DAYS >= 1.00        2
GREATEST
 24 HR. TOTAL    1.38   10/27 TO 10/28

DEGREE_DAYS
HEATING TOTAL     177               202     -25      151
 SINCE 7/1        184               233     -49      168
COOLING TOTAL      17                33     -16       47
 SINCE 1/1       1763              1480     283     1499
..............................................................

WIND (MPH)
AVERAGE WIND SPEED              7.4
HIGHEST WIND SPEED/DIRECTION    30/050    DATE  10/02
HIGHEST GUST SPEED/DIRECTION    39/060    DATE  10/02

SKY COVER
POSSIBLE SUNSHINE (PERCENT)   MM
AVERAGE SKY COVER           0.50
NUMBER OF DAYS FAIR           13
NUMBER OF DAYS PC              7
NUMBER OF DAYS CLOUDY         11

AVERAGE RH (PERCENT)     69

WEATHER CONDITIONS. NUMBER OF DAYS WITH
THUNDERSTORM              0     MIXED PRECIP               0
HEAVY RAIN                3     RAIN                       5
LIGHT RAIN               14     FREEZING RAIN              0
LT FREEZING RAIN          0     HAIL                       0
HEAVY SNOW                0     SNOW                       0
LIGHT SNOW                0     SLEET                      0
FOG                      11     FOG W/VIS <= 1/4 MILE      0
HAZE                      2

-  INDICATES NEGATIVE NUMBERS.
R  INDICATES RECORD WAS SET OR TIED.
MM INDICATES DATA IS MISSING.
T  INDICATES TRACE AMOUNT.

&&

A RECORD RAINFALL OF 1.17 INCHES WAS TIED AT PIEDMONT TRIAD
INTERNATIONAL AIRPORT OCTOBER 3RD. THIS TIED THE PREVIOUS RECORD OF
1.17 SET IN 1988.

A RECORD RAINFALL OF 1.11 INCHES WAS SET AT PIEDMONT TRIAD
INTERNATIONAL AIRPORT OCTOBER 28TH. THE PREVIOUS RECORD OF 0.73 WAS
SET IN 2002.

$$
