000
CXUS52 KRAH 090728 CCA
CLMGSO

CLIMATE REPORT...CORRECTED
NATIONAL WEATHER SERVICE RALEIGH NC
855 AM EST SAT MAR 1 2014

...................................

...THE PIEDMONT TRIAD INTL AIRPORT CLIMATE SUMMARY FOR THE MONTH OF FEBRUARY 2014...

CLIMATE NORMAL PERIOD 1981 TO 2010
CLIMATE RECORD PERIOD 1903 TO 2014

WEATHER         OBSERVED          NORMAL  DEPART  LAST YEAR`S
                 VALUE   DATE(S)  VALUE   FROM    VALUE
                                          NORMAL
.............................................................
TEMPERATURE (F)
RECORD
 HIGH              81   02/26/1977
                        02/25/1930
 LOW                    02/18/1958
HIGHEST            72   02/20                         61
LOWEST             20   02/12                         19
AVG. MAXIMUM     52.0              52.5    -0.5     50.0
AVG. MINIMUM     31.8              32.4    -0.6     30.7
MEAN             41.9              42.4    -0.5     40.4
DAYS MAX >= 90      0                                  0
DAYS MAX <= 32      1                                  0
DAYS MIN <= 32     15                                 18
DAYS MIN <= 0       0                                  0

PRECIPITATION (INCHES)
RECORD
 MAXIMUM         7.04   1929
TOTALS           2.24              2.96   -0.72     3.20
DAYS >= .01         9
DAYS >= .10         7
DAYS >= .50         1
DAYS >= 1.00        0
GREATEST
 24 HR. TOTAL    1.00   02/12 TO 02/13

SNOWFALL (INCHES)
RECORDS
 TOTAL           16.3   1979


 SNOW DEPTH        13   1966
TOTALS            9.0               2.4     6.6      0.6
SINCE 7/1        10.6
SNOWDEPTH AVG.      0
DAYS >= TRACE       3
DAYS >= 1.0         2               0.8     1.2        0

DEGREE_DAYS
HEATING TOTAL     639               632       7      684
 SINCE 7/1       2977              2855     122     2704
COOLING TOTAL       0                 0       0        0
 SINCE 1/1          0                 0       0        0
..............................................................

WIND (MPH)
AVERAGE WIND SPEED              7.1
HIGHEST WIND SPEED/DIRECTION    37/260    DATE  02/21
HIGHEST GUST SPEED/DIRECTION    54/260    DATE  02/21

SKY COVER
POSSIBLE SUNSHINE (PERCENT)   MM
AVERAGE SKY COVER           0.60
NUMBER OF DAYS FAIR            3
NUMBER OF DAYS PC             16
NUMBER OF DAYS CLOUDY          9

AVERAGE RH (PERCENT)     57

WEATHER CONDITIONS. NUMBER OF DAYS WITH
THUNDERSTORM              2     MIXED PRECIP               0
HEAVY RAIN                2     RAIN                       1
LIGHT RAIN                7     FREEZING RAIN              2
LT FREEZING RAIN          2     HAIL                       0
HEAVY SNOW                1     SNOW                       2
LIGHT SNOW                3     SLEET                      2
FOG                      10     FOG W/VIS <= 1/4 MILE      2
HAZE                      3

-  INDICATES NEGATIVE NUMBERS.
R  INDICATES RECORD WAS SET OR TIED.
MM INDICATES DATA IS MISSING.
T  INDICATES TRACE AMOUNT.

&&

FEBRUARY 12TH: RECORD SNOWFALL OF 7 INCHES WAS SET AT THE PIEDMONT TRIAD
INTERNATIONAL AIRPORT BREAKING THE OLD RECORD OF 1.2 INCHES SET IN 2010.

$$
