000
CXUS52 KRAH 011431
CLMGSO


CLIMATE REPORT
NATIONAL WEATHER SERVICE RALEIGH NC
854 AM EST MON DEC 1 2014

...................................

...THE PIEDMONT TRIAD INTL AIRPORT CLIMATE SUMMARY FOR THE MONTH OF NOVEMBER 2014...

CLIMATE NORMAL PERIOD 1981 TO 2010
CLIMATE RECORD PERIOD 1903 TO 2014

WEATHER         OBSERVED          NORMAL  DEPART  LAST YEAR`S
                 VALUE   DATE(S)  VALUE   FROM    VALUE
                                          NORMAL
.............................................................
TEMPERATURE (F)
RECORD
 HIGH              85   11/02/1974
 LOW               10   11/25/1970
                        11/30/1929
HIGHEST            74   11/12                         72
LOWEST             16   11/19                         20
AVG. MAXIMUM     56.3              60.8    -4.5     56.7
AVG. MINIMUM     34.4              39.6    -5.2     35.4
MEAN             45.3              50.2    -4.9     46.1
DAYS MAX >= 90      0                                  0
DAYS MAX <= 32      0                                  0
DAYS MIN <= 32     14                                 14
DAYS MIN <= 0       0                                  0

PRECIPITATION (INCHES)
RECORD
 MAXIMUM         8.26   1985
TOTALS           3.33              3.11    0.22     3.61
DAYS >= .01         7
DAYS >= .10         6
DAYS >= .50         3
DAYS >= 1.00        1
GREATEST
 24 HR. TOTAL    1.05   10/31 TO 11/01

DEGREE_DAYS
HEATING TOTAL     582               447     135      558
 SINCE 7/1        750               680      70      734
COOLING TOTAL       0                 3      -3        0
 SINCE 1/1       1499              1483      16     1381
..............................................................

WIND (MPH)
AVERAGE WIND SPEED              6.9
HIGHEST WIND SPEED/DIRECTION    28/310    DATE  11/07
HIGHEST GUST SPEED/DIRECTION    36/310    DATE  11/07

SKY COVER
POSSIBLE SUNSHINE (PERCENT)   MM
AVERAGE SKY COVER           0.50
NUMBER OF DAYS FAIR           12
NUMBER OF DAYS PC              8
NUMBER OF DAYS CLOUDY         10

AVERAGE RH (PERCENT)     61

WEATHER CONDITIONS. NUMBER OF DAYS WITH
THUNDERSTORM              0     MIXED PRECIP               0
HEAVY RAIN                3     RAIN                       5
LIGHT RAIN                9     FREEZING RAIN              0
LT FREEZING RAIN          0     HAIL                       0
HEAVY SNOW                0     SNOW                       0
LIGHT SNOW                0     SLEET                      0
FOG                       7     FOG W/VIS <= 1/4 MILE      2
HAZE                      3

-  INDICATES NEGATIVE NUMBERS.
R  INDICATES RECORD WAS SET OR TIED.
MM INDICATES DATA IS MISSING.
T  INDICATES TRACE AMOUNT.

&&

A LOW TEMPERATURE OF 21 DEGREES ON THE 18TH TIED THE RECORD LOW FROM 1997.

A LOW MAXIMUM TEMPERATURE OF 35 DEGREES ON THE 18TH BROKE THE RECORD OF 37
DEGREES DATING FROM 1924.

A RECORD LOW TEMPERATURE OF 16 DEGREES ON THE 19TH BROKE THE OLD RECORD
OF 20 DEGREES DATING FROM 1951.

$$
